{"id":10813,"date":"2022-07-15T10:36:02","date_gmt":"2022-07-15T10:36:03","guid":{"rendered":"https:\/\/www.finsdesiecles-artdeco.com\/?post_type=product&#038;p=10813"},"modified":"2022-09-09T15:19:32","modified_gmt":"2022-09-09T15:19:32","slug":"sillon-de-despacho-cubista-francia-1950","status":"publish","type":"product","link":"https:\/\/www.finsdesiecles-artdeco.com\/es\/product\/sillon-de-despacho-cubista-francia-1950\/","title":{"rendered":"Sill\u00f3n de despacho cubista &#8211; Francia 1950"},"content":{"rendered":"<p>Sill\u00f3n de despacho cubista &#8211; Francia, 1950<\/p>\n<hr \/>\n<p><b>Dimensiones<\/b><\/p>\n<ul>\n<li><b>cm:<\/b> 50 x 44 x 80 Asiento 45<\/li>\n<li><b>inches:<\/b> 19,7 x 11,3 x 31,5 Asiento 17,7<\/li>\n<\/ul>\n","protected":false},"excerpt":{"rendered":"<p>Sill\u00f3n de despacho cubista de caoba, te\u00f1ido de oscuro y barnizado a mu\u00f1eca; relleno y tapicer\u00eda nuevos en piel verde oliva, acabados de pespuntes y clavos.<br \/>\nFrancia, 1950<\/p>\n<p>&nbsp;<\/p>\n<p><b>Dimensiones<\/b><\/p>\n<p><b>cm:<\/b> 50 x 44 x 80 Asiento 45<\/p>\n<p><b>inches:<\/b> 19,7 x 11,3 x 31,5 Asiento 17,7<\/p>\n","protected":false},"featured_media":10826,"template":"","meta":{"_editorskit_title_hidden":false,"_editorskit_reading_time":0,"_editorskit_is_block_options_detached":false,"_editorskit_block_options_position":"{}","inline_featured_image":false},"product_brand":[],"product_cat":[252,253],"product_tag":[],"class_list":{"0":"post-10813","1":"product","2":"type-product","3":"status-publish","4":"has-post-thumbnail","6":"product_cat-asientos1643813446","7":"product_cat-sillones2","9":"first","10":"instock","11":"purchasable","12":"product-type-simple"},"_links":{"self":[{"href":"https:\/\/www.finsdesiecles-artdeco.com\/es\/wp-json\/wp\/v2\/product\/10813","targetHints":{"allow":["GET"]}}],"collection":[{"href":"https:\/\/www.finsdesiecles-artdeco.com\/es\/wp-json\/wp\/v2\/product"}],"about":[{"href":"https:\/\/www.finsdesiecles-artdeco.com\/es\/wp-json\/wp\/v2\/types\/product"}],"wp:featuredmedia":[{"embeddable":true,"href":"https:\/\/www.finsdesiecles-artdeco.com\/es\/wp-json\/wp\/v2\/media\/10826"}],"wp:attachment":[{"href":"https:\/\/www.finsdesiecles-artdeco.com\/es\/wp-json\/wp\/v2\/media?parent=10813"}],"wp:term":[{"taxonomy":"product_brand","embeddable":true,"href":"https:\/\/www.finsdesiecles-artdeco.com\/es\/wp-json\/wp\/v2\/product_brand?post=10813"},{"taxonomy":"product_cat","embeddable":true,"href":"https:\/\/www.finsdesiecles-artdeco.com\/es\/wp-json\/wp\/v2\/product_cat?post=10813"},{"taxonomy":"product_tag","embeddable":true,"href":"https:\/\/www.finsdesiecles-artdeco.com\/es\/wp-json\/wp\/v2\/product_tag?post=10813"}],"curies":[{"name":"wp","href":"https:\/\/api.w.org\/{rel}","templated":true}]}}

Sillón de despacho cubista &#8211; Francia 1950

<p>Sillón de despacho cubista &#8211; Francia, 1950</p>
<hr />
<p><b>Dimensiones</b></p>
<ul>
<li><b>cm:</b> 50 x 44 x 80 Asiento 45</li>
<li><b>inches:</b> 19,7 x 11,3 x 31,5 Asiento 17,7</li>
</ul>

<p>Sillón de despacho cubista de caoba, teñido de oscuro y barnizado a muñeca; relleno y tapicería nuevos en piel verde oliva, acabados de pespuntes y clavos.<br />
Francia, 1950</p>
<p>&nbsp;</p>
<p><b>Dimensiones</b></p>
<p><b>cm:</b> 50 x 44 x 80 Asiento 45</p>
<p><b>inches:</b> 19,7 x 11,3 x 31,5 Asiento 17,7</p>
