{"id":12856,"date":"2022-08-02T10:11:37","date_gmt":"2022-08-02T10:11:37","guid":{"rendered":"https:\/\/www.finsdesiecles-artdeco.com\/?post_type=product&#038;p=12856"},"modified":"2022-08-02T10:11:37","modified_gmt":"2022-08-02T10:11:37","slug":"lampara-de-pie","status":"publish","type":"product","link":"https:\/\/www.finsdesiecles-artdeco.com\/es\/product\/lampara-de-pie\/","title":{"rendered":"L\u00e1mpara de pie tr\u00edpode &#8211; Italia 1950"},"content":{"rendered":"<p>L\u00e1mpara de pie tr\u00edpode &#8211; Italia, 1950<\/p>\n<p>&nbsp;<\/p>\n<p><strong>Dimensiones<\/strong><\/p>\n<p>Opalina: Diam 29 x 25 cm<\/p>\n<p>&nbsp;<\/p>\n<p><strong>cm<\/strong>\u00a0Diam 60 x 129<br \/>\n<strong>inches<\/strong>\u00a0Diam 23.62 x 50.79<\/p>\n","protected":false},"excerpt":{"rendered":"<p>L\u00e1mpara de pie tr\u00edpode, acero ennegrecido, chapa blanca y opalina.<\/p>\n<p>Italia c. 1950<\/p>\n<p>&nbsp;<\/p>\n<p>Opalina: Diam 29 x 25<\/p>\n<p>&nbsp;<\/p>\n<p><strong>cm<\/strong>\u00a0Diam 60 x 129<br \/>\n<strong>inches<\/strong>\u00a0Diam 23.62 x 50.79<\/p>\n","protected":false},"featured_media":11634,"template":"","meta":{"_editorskit_title_hidden":false,"_editorskit_reading_time":0,"_editorskit_is_block_options_detached":false,"_editorskit_block_options_position":"{}","inline_featured_image":false},"product_brand":[],"product_cat":[265,331],"product_tag":[487,534],"class_list":{"0":"post-12856","1":"product","2":"type-product","3":"status-publish","4":"has-post-thumbnail","6":"product_cat-iluminacion","7":"product_cat-lamparas-de-pie","8":"product_tag-lampara-de-pie","9":"product_tag-standing-lamp","11":"first","12":"instock","13":"shipping-taxable","14":"purchasable","15":"product-type-simple"},"_links":{"self":[{"href":"https:\/\/www.finsdesiecles-artdeco.com\/es\/wp-json\/wp\/v2\/product\/12856","targetHints":{"allow":["GET"]}}],"collection":[{"href":"https:\/\/www.finsdesiecles-artdeco.com\/es\/wp-json\/wp\/v2\/product"}],"about":[{"href":"https:\/\/www.finsdesiecles-artdeco.com\/es\/wp-json\/wp\/v2\/types\/product"}],"wp:featuredmedia":[{"embeddable":true,"href":"https:\/\/www.finsdesiecles-artdeco.com\/es\/wp-json\/wp\/v2\/media\/11634"}],"wp:attachment":[{"href":"https:\/\/www.finsdesiecles-artdeco.com\/es\/wp-json\/wp\/v2\/media?parent=12856"}],"wp:term":[{"taxonomy":"product_brand","embeddable":true,"href":"https:\/\/www.finsdesiecles-artdeco.com\/es\/wp-json\/wp\/v2\/product_brand?post=12856"},{"taxonomy":"product_cat","embeddable":true,"href":"https:\/\/www.finsdesiecles-artdeco.com\/es\/wp-json\/wp\/v2\/product_cat?post=12856"},{"taxonomy":"product_tag","embeddable":true,"href":"https:\/\/www.finsdesiecles-artdeco.com\/es\/wp-json\/wp\/v2\/product_tag?post=12856"}],"curies":[{"name":"wp","href":"https:\/\/api.w.org\/{rel}","templated":true}]}}

Lámpara de pie trípode &#8211; Italia 1950

<p>Lámpara de pie trípode &#8211; Italia, 1950</p>
<p>&nbsp;</p>
<p><strong>Dimensiones</strong></p>
<p>Opalina: Diam 29 x 25 cm</p>
<p>&nbsp;</p>
<p><strong>cm</strong> Diam 60 x 129<br />
<strong>inches</strong> Diam 23.62 x 50.79</p>

<p>Lámpara de pie trípode, acero ennegrecido, chapa blanca y opalina.</p>
<p>Italia c. 1950</p>
<p>&nbsp;</p>
<p>Opalina: Diam 29 x 25</p>
<p>&nbsp;</p>
<p><strong>cm</strong> Diam 60 x 129<br />
<strong>inches</strong> Diam 23.62 x 50.79</p>
