{"id":13130,"date":"2022-08-08T11:30:15","date_gmt":"2022-08-08T11:30:15","guid":{"rendered":"https:\/\/www.finsdesiecles-artdeco.com\/product\/lampes-de-bureau\/"},"modified":"2022-09-08T13:42:14","modified_gmt":"2022-09-08T13:42:14","slug":"lampara-de-despacho-3","status":"publish","type":"product","link":"https:\/\/www.finsdesiecles-artdeco.com\/es\/product\/lampara-de-despacho-3\/","title":{"rendered":"L\u00e1mpara de despacho &#8211; Espa\u00f1a 1970"},"content":{"rendered":"<p>Gran l\u00e1mpara de despacho regulable, de lat\u00f3n niquelado y aluminio lacado.<\/p>\n<p>Fabricante: Metalarte Spain (sello)<\/p>\n<p>Espa\u00f1a c. 1970<\/p>\n<p>&nbsp;<\/p>\n<p><strong>Dimensiones<\/strong><\/p>\n<p><strong>cm<\/strong>\u00a040 x 20 x 61<br \/>\n<strong>inches<\/strong>\u00a015.75 x 7.87 x 24.02<\/p>\n","protected":false},"excerpt":{"rendered":"<p>Gran l\u00e1mpara de despacho regulable, de lat\u00f3n niquelado y aluminio lacado.<\/p>\n<p>Fabricante: Metalarte Spain (sello)<\/p>\n<p>Espa\u00f1a c. 1970<\/p>\n<p>&nbsp;<\/p>\n<p><strong>cm<\/strong>\u00a040 x 20 x 61<br \/>\n<strong>inches<\/strong>\u00a015.75 x 7.87 x 24.02<\/p>\n","protected":false},"featured_media":12165,"template":"","meta":{"_editorskit_title_hidden":false,"_editorskit_reading_time":0,"_editorskit_is_block_options_detached":false,"_editorskit_block_options_position":"{}","inline_featured_image":false},"product_brand":[],"product_cat":[265,334],"product_tag":[636],"class_list":{"0":"post-13130","1":"product","2":"type-product","3":"status-publish","4":"has-post-thumbnail","6":"product_cat-iluminacion","7":"product_cat-lamparas-de-mesa","8":"product_tag-desk-lamps-es","10":"first","11":"instock","12":"shipping-taxable","13":"purchasable","14":"product-type-simple"},"_links":{"self":[{"href":"https:\/\/www.finsdesiecles-artdeco.com\/es\/wp-json\/wp\/v2\/product\/13130","targetHints":{"allow":["GET"]}}],"collection":[{"href":"https:\/\/www.finsdesiecles-artdeco.com\/es\/wp-json\/wp\/v2\/product"}],"about":[{"href":"https:\/\/www.finsdesiecles-artdeco.com\/es\/wp-json\/wp\/v2\/types\/product"}],"wp:featuredmedia":[{"embeddable":true,"href":"https:\/\/www.finsdesiecles-artdeco.com\/es\/wp-json\/wp\/v2\/media\/12165"}],"wp:attachment":[{"href":"https:\/\/www.finsdesiecles-artdeco.com\/es\/wp-json\/wp\/v2\/media?parent=13130"}],"wp:term":[{"taxonomy":"product_brand","embeddable":true,"href":"https:\/\/www.finsdesiecles-artdeco.com\/es\/wp-json\/wp\/v2\/product_brand?post=13130"},{"taxonomy":"product_cat","embeddable":true,"href":"https:\/\/www.finsdesiecles-artdeco.com\/es\/wp-json\/wp\/v2\/product_cat?post=13130"},{"taxonomy":"product_tag","embeddable":true,"href":"https:\/\/www.finsdesiecles-artdeco.com\/es\/wp-json\/wp\/v2\/product_tag?post=13130"}],"curies":[{"name":"wp","href":"https:\/\/api.w.org\/{rel}","templated":true}]}}

Lámpara de despacho &#8211; España 1970

<p>Gran lámpara de despacho regulable, de latón niquelado y aluminio lacado.</p>
<p>Fabricante: Metalarte Spain (sello)</p>
<p>España c. 1970</p>
<p>&nbsp;</p>
<p><strong>Dimensiones</strong></p>
<p><strong>cm</strong> 40 x 20 x 61<br />
<strong>inches</strong> 15.75 x 7.87 x 24.02</p>

<p>Gran lámpara de despacho regulable, de latón niquelado y aluminio lacado.</p>
<p>Fabricante: Metalarte Spain (sello)</p>
<p>España c. 1970</p>
<p>&nbsp;</p>
<p><strong>cm</strong> 40 x 20 x 61<br />
<strong>inches</strong> 15.75 x 7.87 x 24.02</p>
