{"id":13254,"date":"2022-08-10T11:01:25","date_gmt":"2022-08-10T11:01:25","guid":{"rendered":"https:\/\/www.finsdesiecles-artdeco.com\/product\/commode-2\/"},"modified":"2022-11-05T10:38:33","modified_gmt":"2022-11-05T10:38:33","slug":"comoda-2","status":"publish","type":"product","link":"https:\/\/www.finsdesiecles-artdeco.com\/es\/product\/comoda-2\/","title":{"rendered":"C\u00f3moda de tres cajones &#8211; Italia 1950"},"content":{"rendered":"<p>C\u00f3moda de tres cajones &#8211; Italia, 1950<\/p>\n<p>&nbsp;<\/p>\n<p><strong>Dimensiones<\/strong><\/p>\n<p><strong>cm<\/strong>\u00a0110 Stands 115 x 50 x 84<br \/>\n<strong>inches<\/strong>\u00a043.31 Stands 45.28 x 19.69 x 33.07<\/p>\n","protected":false},"excerpt":{"rendered":"<p>C\u00f3moda de tres cajones en haya maciza y chapa te\u00f1ida de oscuro. Barnizada a la goma laca. Patas de comp\u00e1s en los laterales. Herrajes de lat\u00f3n.<\/p>\n<p>Italia c. 1950<\/p>\n<p>&nbsp;<\/p>\n<p><strong>cm<\/strong>\u00a0110 Patas 115 x 50 x 84<br \/>\n<strong>inches<\/strong>\u00a043.31 Patas 45.28 x 19.69 x 33.07<\/p>\n","protected":false},"featured_media":12456,"template":"","meta":{"_editorskit_title_hidden":false,"_editorskit_reading_time":0,"_editorskit_is_block_options_detached":false,"_editorskit_block_options_position":"{}","inline_featured_image":false},"product_brand":[],"product_cat":[412,307],"product_tag":[666],"class_list":{"0":"post-13254","1":"product","2":"type-product","3":"status-publish","4":"has-post-thumbnail","6":"product_cat-almacenaje","7":"product_cat-comodas-almacenaje","8":"product_tag-chest-es","10":"first","11":"outofstock","12":"shipping-taxable","13":"product-type-simple"},"_links":{"self":[{"href":"https:\/\/www.finsdesiecles-artdeco.com\/es\/wp-json\/wp\/v2\/product\/13254","targetHints":{"allow":["GET"]}}],"collection":[{"href":"https:\/\/www.finsdesiecles-artdeco.com\/es\/wp-json\/wp\/v2\/product"}],"about":[{"href":"https:\/\/www.finsdesiecles-artdeco.com\/es\/wp-json\/wp\/v2\/types\/product"}],"wp:featuredmedia":[{"embeddable":true,"href":"https:\/\/www.finsdesiecles-artdeco.com\/es\/wp-json\/wp\/v2\/media\/12456"}],"wp:attachment":[{"href":"https:\/\/www.finsdesiecles-artdeco.com\/es\/wp-json\/wp\/v2\/media?parent=13254"}],"wp:term":[{"taxonomy":"product_brand","embeddable":true,"href":"https:\/\/www.finsdesiecles-artdeco.com\/es\/wp-json\/wp\/v2\/product_brand?post=13254"},{"taxonomy":"product_cat","embeddable":true,"href":"https:\/\/www.finsdesiecles-artdeco.com\/es\/wp-json\/wp\/v2\/product_cat?post=13254"},{"taxonomy":"product_tag","embeddable":true,"href":"https:\/\/www.finsdesiecles-artdeco.com\/es\/wp-json\/wp\/v2\/product_tag?post=13254"}],"curies":[{"name":"wp","href":"https:\/\/api.w.org\/{rel}","templated":true}]}}

Cómoda de tres cajones &#8211; Italia 1950

<p>Cómoda de tres cajones &#8211; Italia, 1950</p>
<p>&nbsp;</p>
<p><strong>Dimensiones</strong></p>
<p><strong>cm</strong> 110 Stands 115 x 50 x 84<br />
<strong>inches</strong> 43.31 Stands 45.28 x 19.69 x 33.07</p>

<p>Cómoda de tres cajones en haya maciza y chapa teñida de oscuro. Barnizada a la goma laca. Patas de compás en los laterales. Herrajes de latón.</p>
<p>Italia c. 1950</p>
<p>&nbsp;</p>
<p><strong>cm</strong> 110 Patas 115 x 50 x 84<br />
<strong>inches</strong> 43.31 Patas 45.28 x 19.69 x 33.07</p>
