{"id":14032,"date":"2022-09-03T11:16:10","date_gmt":"2022-09-03T11:16:10","guid":{"rendered":"https:\/\/www.finsdesiecles-artdeco.com\/product\/grand-meuble-multi-usages\/"},"modified":"2022-09-03T11:29:58","modified_gmt":"2022-09-03T11:29:58","slug":"gran-mueble-polivalente","status":"publish","type":"product","link":"https:\/\/www.finsdesiecles-artdeco.com\/es\/product\/gran-mueble-polivalente\/","title":{"rendered":"Gran mueble polivalente &#8211; Italia 1950"},"content":{"rendered":"<p>Gran mueble polivalente\u00a0 &#8211; Italia, 1950<\/p>\n<p>&nbsp;<\/p>\n<p><strong>Dimensiones<\/strong><\/p>\n<p>cm 257 x 42 x 175<\/p>\n<p>inches 101.18 x 16.53 x 68.89<\/p>\n","protected":false},"excerpt":{"rendered":"<p>Gran mueble polivalente desmontable de madera maciza chapada en palisandro, marqueter\u00eda de palisandro en forma de chevrones; tres puertas en \u00abgrissinis\u00bb de caoba maciza; bar espejado e iluminado.<\/p>\n<p>Interiores de sic\u00f3moro y molduras de \u00e9bano; patas, soportes de m\u00e1rmol, manetas y llaves en lat\u00f3n macizo pulido. Tela de chenilla verde.<\/p>\n<p>Barnizado a mu\u00f1eca.<\/p>\n<p>Pieza \u00fanica de alta calidad.<\/p>\n<p>Italia c.1950<\/p>\n<p>&nbsp;<\/p>\n<p><strong>Dimensiones<\/strong><\/p>\n<p>cm 257 x 42 x 175<\/p>\n<p>inches 101.18 x 16.53 x 68.89<\/p>\n","protected":false},"featured_media":13982,"template":"","meta":{"_editorskit_title_hidden":false,"_editorskit_reading_time":0,"_editorskit_is_block_options_detached":false,"_editorskit_block_options_position":"{}","inline_featured_image":false},"product_brand":[],"product_cat":[277,412,274,319],"product_tag":[],"class_list":{"0":"post-14032","1":"product","2":"type-product","3":"status-publish","4":"has-post-thumbnail","6":"product_cat-auxiliares1643813499","7":"product_cat-almacenaje","8":"product_cat-aparadores","9":"product_cat-muebles-bar","11":"first","12":"instock","13":"shipping-taxable","14":"purchasable","15":"product-type-simple"},"_links":{"self":[{"href":"https:\/\/www.finsdesiecles-artdeco.com\/es\/wp-json\/wp\/v2\/product\/14032","targetHints":{"allow":["GET"]}}],"collection":[{"href":"https:\/\/www.finsdesiecles-artdeco.com\/es\/wp-json\/wp\/v2\/product"}],"about":[{"href":"https:\/\/www.finsdesiecles-artdeco.com\/es\/wp-json\/wp\/v2\/types\/product"}],"wp:featuredmedia":[{"embeddable":true,"href":"https:\/\/www.finsdesiecles-artdeco.com\/es\/wp-json\/wp\/v2\/media\/13982"}],"wp:attachment":[{"href":"https:\/\/www.finsdesiecles-artdeco.com\/es\/wp-json\/wp\/v2\/media?parent=14032"}],"wp:term":[{"taxonomy":"product_brand","embeddable":true,"href":"https:\/\/www.finsdesiecles-artdeco.com\/es\/wp-json\/wp\/v2\/product_brand?post=14032"},{"taxonomy":"product_cat","embeddable":true,"href":"https:\/\/www.finsdesiecles-artdeco.com\/es\/wp-json\/wp\/v2\/product_cat?post=14032"},{"taxonomy":"product_tag","embeddable":true,"href":"https:\/\/www.finsdesiecles-artdeco.com\/es\/wp-json\/wp\/v2\/product_tag?post=14032"}],"curies":[{"name":"wp","href":"https:\/\/api.w.org\/{rel}","templated":true}]}}

<p>Gran mueble polivalente desmontable de madera maciza chapada en palisandro, marquetería de palisandro en forma de chevrones; tres puertas en «grissinis» de caoba maciza; bar espejado e iluminado.</p>
<p>Interiores de sicómoro y molduras de ébano; patas, soportes de mármol, manetas y llaves en latón macizo pulido. Tela de chenilla verde.</p>
<p>Barnizado a muñeca.</p>
<p>Pieza única de alta calidad.</p>
<p>Italia c.1950</p>
<p>&nbsp;</p>
<p><strong>Dimensiones</strong></p>
<p>cm 257 x 42 x 175</p>
<p>inches 101.18 x 16.53 x 68.89</p>
