{"id":17937,"date":"2023-01-12T11:30:16","date_gmt":"2023-01-12T11:30:16","guid":{"rendered":"https:\/\/www.finsdesiecles-artdeco.com\/product\/lustre\/"},"modified":"2024-06-20T08:51:02","modified_gmt":"2024-06-20T08:51:02","slug":"lampara-de-techo-3","status":"publish","type":"product","link":"https:\/\/www.finsdesiecles-artdeco.com\/es\/product\/lampara-de-techo-3\/","title":{"rendered":"L\u00e1mpara de techo &#8211; Barcelona 1930"},"content":{"rendered":"<p>L\u00e1mpara de techo &#8211; Barcelona 1930<\/p>\n<p>&nbsp;<\/p>\n<p><strong>Dimensiones<\/strong><\/p>\n<p><strong>cm<\/strong> Diam 30 x 88<\/p>\n<p><strong>inches<\/strong> Diam 11.8 x 34.64<\/p>\n","protected":false},"excerpt":{"rendered":"<p>L\u00e1mpara de techo completamente original, en metal niquelado y opalina azul, con espl\u00e9ndida p\u00e1tina del metal y espl\u00e9ndido color de la opalina.<\/p>\n<p>Espa\u00f1a, Barcelona c. 1930<\/p>\n<p>&nbsp;<\/p>\n<p><strong>Dimensiones<\/strong><\/p>\n<p><strong>cm<\/strong> Diam 30 x 88<\/p>\n<p><strong>inches<\/strong> Diam 11.8 x 34.64<\/p>\n","protected":false},"featured_media":17923,"template":"","meta":{"_editorskit_title_hidden":false,"_editorskit_reading_time":0,"_editorskit_is_block_options_detached":false,"_editorskit_block_options_position":"{}","inline_featured_image":false},"product_brand":[],"product_cat":[265,328],"product_tag":[],"class_list":{"0":"post-17937","1":"product","2":"type-product","3":"status-publish","4":"has-post-thumbnail","6":"product_cat-iluminacion","7":"product_cat-lamparas-de-techo","9":"first","10":"instock","11":"shipping-taxable","12":"purchasable","13":"product-type-simple"},"_links":{"self":[{"href":"https:\/\/www.finsdesiecles-artdeco.com\/es\/wp-json\/wp\/v2\/product\/17937","targetHints":{"allow":["GET"]}}],"collection":[{"href":"https:\/\/www.finsdesiecles-artdeco.com\/es\/wp-json\/wp\/v2\/product"}],"about":[{"href":"https:\/\/www.finsdesiecles-artdeco.com\/es\/wp-json\/wp\/v2\/types\/product"}],"wp:featuredmedia":[{"embeddable":true,"href":"https:\/\/www.finsdesiecles-artdeco.com\/es\/wp-json\/wp\/v2\/media\/17923"}],"wp:attachment":[{"href":"https:\/\/www.finsdesiecles-artdeco.com\/es\/wp-json\/wp\/v2\/media?parent=17937"}],"wp:term":[{"taxonomy":"product_brand","embeddable":true,"href":"https:\/\/www.finsdesiecles-artdeco.com\/es\/wp-json\/wp\/v2\/product_brand?post=17937"},{"taxonomy":"product_cat","embeddable":true,"href":"https:\/\/www.finsdesiecles-artdeco.com\/es\/wp-json\/wp\/v2\/product_cat?post=17937"},{"taxonomy":"product_tag","embeddable":true,"href":"https:\/\/www.finsdesiecles-artdeco.com\/es\/wp-json\/wp\/v2\/product_tag?post=17937"}],"curies":[{"name":"wp","href":"https:\/\/api.w.org\/{rel}","templated":true}]}}

Lámpara de techo &#8211; Barcelona 1930

<p>Lámpara de techo &#8211; Barcelona 1930</p>
<p>&nbsp;</p>
<p><strong>Dimensiones</strong></p>
<p><strong>cm</strong> Diam 30 x 88</p>
<p><strong>inches</strong> Diam 11.8 x 34.64</p>

<p>Lámpara de techo completamente original, en metal niquelado y opalina azul, con espléndida pátina del metal y espléndido color de la opalina.</p>
<p>España, Barcelona c. 1930</p>
<p>&nbsp;</p>
<p><strong>Dimensiones</strong></p>
<p><strong>cm</strong> Diam 30 x 88</p>
<p><strong>inches</strong> Diam 11.8 x 34.64</p>
