{"id":19916,"date":"2023-02-25T11:54:10","date_gmt":"2023-02-25T11:54:10","guid":{"rendered":"https:\/\/www.finsdesiecles-artdeco.com\/product\/vase\/"},"modified":"2023-03-02T15:44:02","modified_gmt":"2023-03-02T15:44:02","slug":"jarron-2","status":"publish","type":"product","link":"https:\/\/www.finsdesiecles-artdeco.com\/es\/product\/jarron-2\/","title":{"rendered":"Gran jarr\u00f3n de porcelana de Limoges &#8211; Francia 1930"},"content":{"rendered":"<p><strong>Camille Tharaud<\/strong> (Limoges, Francia 1878-1956)<\/p>\n<p>Ceramista franc\u00e9s conocido por sus obras de porcelana en esmaltes de colores fundidos, elaborados a partir de guijarros de granito de Limousin. Estudi\u00f3 en el instituto Gay-Lussac de Limoges y en Bellac. Durante sus estudios conoci\u00f3 a Francis Chigot, quien le influy\u00f3 a la hora de decantarse por la porcelana. Movilizado durante la Primera Guerra Mundial, result\u00f3 gravemente herido en la cabeza y obtuvo un permiso de convalecencia que pas\u00f3 en Limoges. Sus primeras investigaciones dirigidas a las pastas coloreadas durante esta convalecencia le llevaron a profundizar en la coloraci\u00f3n de los esmaltes. En vez de colorear una fina capa de pasta o pintar sobre un esmalte ya endurecido, Tharaud logr\u00f3 colorear el esmalte en su espesor. Sus piezas se expusieron en Par\u00eds (Salon des artistes decorateurs, 1928-1933), en la Exposici\u00f3n Universal de 1937 e incluso en Nueva York (Exposici\u00f3n colectiva de porcel\u00e1nicos de Limoges, 1939).<\/p>\n","protected":false},"excerpt":{"rendered":"<p>Gran jarr\u00f3n de porcelana de Limoges decorado con helechos en tonos azules. Peque\u00f1os defectos de cocci\u00f3n.<\/p>\n<p>Firmado y sellado: Camille Tharaud,<\/p>\n<p>Limoges, Francia c.1930<\/p>\n<p>&nbsp;<\/p>\n<p><strong>Dimensiones<\/strong><\/p>\n<p><strong>cm<\/strong> Diam\u00a0 23x 30<\/p>\n<p><strong>inches<\/strong> Diam 9.05 x 11.81<\/p>\n<p>&nbsp;<\/p>\n<p>&nbsp;<\/p>\n","protected":false},"featured_media":19892,"template":"","meta":{"_editorskit_title_hidden":false,"_editorskit_reading_time":0,"_editorskit_is_block_options_detached":false,"_editorskit_block_options_position":"{}","inline_featured_image":false},"product_brand":[],"product_cat":[268,463],"product_tag":[],"class_list":{"0":"post-19916","1":"product","2":"type-product","3":"status-publish","4":"has-post-thumbnail","6":"product_cat-objetos-y-adornos","7":"product_cat-ceramicas","9":"first","10":"instock","11":"shipping-taxable","12":"purchasable","13":"product-type-simple"},"_links":{"self":[{"href":"https:\/\/www.finsdesiecles-artdeco.com\/es\/wp-json\/wp\/v2\/product\/19916","targetHints":{"allow":["GET"]}}],"collection":[{"href":"https:\/\/www.finsdesiecles-artdeco.com\/es\/wp-json\/wp\/v2\/product"}],"about":[{"href":"https:\/\/www.finsdesiecles-artdeco.com\/es\/wp-json\/wp\/v2\/types\/product"}],"wp:featuredmedia":[{"embeddable":true,"href":"https:\/\/www.finsdesiecles-artdeco.com\/es\/wp-json\/wp\/v2\/media\/19892"}],"wp:attachment":[{"href":"https:\/\/www.finsdesiecles-artdeco.com\/es\/wp-json\/wp\/v2\/media?parent=19916"}],"wp:term":[{"taxonomy":"product_brand","embeddable":true,"href":"https:\/\/www.finsdesiecles-artdeco.com\/es\/wp-json\/wp\/v2\/product_brand?post=19916"},{"taxonomy":"product_cat","embeddable":true,"href":"https:\/\/www.finsdesiecles-artdeco.com\/es\/wp-json\/wp\/v2\/product_cat?post=19916"},{"taxonomy":"product_tag","embeddable":true,"href":"https:\/\/www.finsdesiecles-artdeco.com\/es\/wp-json\/wp\/v2\/product_tag?post=19916"}],"curies":[{"name":"wp","href":"https:\/\/api.w.org\/{rel}","templated":true}]}}

Gran jarrón de porcelana de Limoges &#8211; Francia 1930

<p><strong>Camille Tharaud</strong> (Limoges, Francia 1878-1956)</p>
<p>Ceramista francés conocido por sus obras de porcelana en esmaltes de colores fundidos, elaborados a partir de guijarros de granito de Limousin. Estudió en el instituto Gay-Lussac de Limoges y en Bellac. Durante sus estudios conoció a Francis Chigot, quien le influyó a la hora de decantarse por la porcelana. Movilizado durante la Primera Guerra Mundial, resultó gravemente herido en la cabeza y obtuvo un permiso de convalecencia que pasó en Limoges. Sus primeras investigaciones dirigidas a las pastas coloreadas durante esta convalecencia le llevaron a profundizar en la coloración de los esmaltes. En vez de colorear una fina capa de pasta o pintar sobre un esmalte ya endurecido, Tharaud logró colorear el esmalte en su espesor. Sus piezas se expusieron en París (Salon des artistes decorateurs, 1928-1933), en la Exposición Universal de 1937 e incluso en Nueva York (Exposición colectiva de porcelánicos de Limoges, 1939).</p>

<p>Gran jarrón de porcelana de Limoges decorado con helechos en tonos azules. Pequeños defectos de cocción.</p>
<p>Firmado y sellado: Camille Tharaud,</p>
<p>Limoges, Francia c.1930</p>
<p>&nbsp;</p>
<p><strong>Dimensiones</strong></p>
<p><strong>cm</strong> Diam  23x 30</p>
<p><strong>inches</strong> Diam 9.05 x 11.81</p>
<p>&nbsp;</p>
<p>&nbsp;</p>
