{"id":21115,"date":"2023-04-01T11:14:14","date_gmt":"2023-04-01T11:14:14","guid":{"rendered":"https:\/\/www.finsdesiecles-artdeco.com\/product\/lustre-4\/"},"modified":"2023-04-01T11:26:46","modified_gmt":"2023-04-01T11:26:46","slug":"lampara-de-techo-5","status":"publish","type":"product","link":"https:\/\/www.finsdesiecles-artdeco.com\/es\/product\/lampara-de-techo-5\/","title":{"rendered":"Ara\u00f1a de metal &#8211; Espa\u00f1a 1950-60"},"content":{"rendered":"<p>Ara\u00f1a de metal &#8211; Espa\u00f1a 1950-60<\/p>\n<p>&nbsp;<\/p>\n<p><strong>Dimensiones<\/strong><\/p>\n<p><strong>cm<\/strong> Diam 90 x 115<\/p>\n<p><strong>inches<\/strong> Diam 35.43 x 45.27<\/p>\n","protected":false},"excerpt":{"rendered":"<p>Ara\u00f1a de metal con p\u00e1tina dorada y decoraci\u00f3n vegetal, eje c\u00f3nico, doce brazos acabados en copas para portal\u00e1mparas tipo vela. Sin electrificar.<\/p>\n<p>Espa\u00f1a c. 1950-60<\/p>\n<p>&nbsp;<\/p>\n<p><strong>Dimensiones<\/strong><\/p>\n<p><strong>cm<\/strong> Diam 90 x 115<\/p>\n<p><strong>inches<\/strong> Diam 35.43 x 45.27<\/p>\n<p>&nbsp;<\/p>\n","protected":false},"featured_media":21101,"template":"","meta":{"_editorskit_title_hidden":false,"_editorskit_reading_time":0,"_editorskit_is_block_options_detached":false,"_editorskit_block_options_position":"{}","inline_featured_image":false},"product_brand":[],"product_cat":[265,328],"product_tag":[],"class_list":{"0":"post-21115","1":"product","2":"type-product","3":"status-publish","4":"has-post-thumbnail","6":"product_cat-iluminacion","7":"product_cat-lamparas-de-techo","9":"first","10":"instock","11":"shipping-taxable","12":"purchasable","13":"product-type-simple"},"_links":{"self":[{"href":"https:\/\/www.finsdesiecles-artdeco.com\/es\/wp-json\/wp\/v2\/product\/21115","targetHints":{"allow":["GET"]}}],"collection":[{"href":"https:\/\/www.finsdesiecles-artdeco.com\/es\/wp-json\/wp\/v2\/product"}],"about":[{"href":"https:\/\/www.finsdesiecles-artdeco.com\/es\/wp-json\/wp\/v2\/types\/product"}],"wp:featuredmedia":[{"embeddable":true,"href":"https:\/\/www.finsdesiecles-artdeco.com\/es\/wp-json\/wp\/v2\/media\/21101"}],"wp:attachment":[{"href":"https:\/\/www.finsdesiecles-artdeco.com\/es\/wp-json\/wp\/v2\/media?parent=21115"}],"wp:term":[{"taxonomy":"product_brand","embeddable":true,"href":"https:\/\/www.finsdesiecles-artdeco.com\/es\/wp-json\/wp\/v2\/product_brand?post=21115"},{"taxonomy":"product_cat","embeddable":true,"href":"https:\/\/www.finsdesiecles-artdeco.com\/es\/wp-json\/wp\/v2\/product_cat?post=21115"},{"taxonomy":"product_tag","embeddable":true,"href":"https:\/\/www.finsdesiecles-artdeco.com\/es\/wp-json\/wp\/v2\/product_tag?post=21115"}],"curies":[{"name":"wp","href":"https:\/\/api.w.org\/{rel}","templated":true}]}}

Araña de metal &#8211; España 1950-60

<p>Araña de metal &#8211; España 1950-60</p>
<p>&nbsp;</p>
<p><strong>Dimensiones</strong></p>
<p><strong>cm</strong> Diam 90 x 115</p>
<p><strong>inches</strong> Diam 35.43 x 45.27</p>

<p>Araña de metal con pátina dorada y decoración vegetal, eje cónico, doce brazos acabados en copas para portalámparas tipo vela. Sin electrificar.</p>
<p>España c. 1950-60</p>
<p>&nbsp;</p>
<p><strong>Dimensiones</strong></p>
<p><strong>cm</strong> Diam 90 x 115</p>
<p><strong>inches</strong> Diam 35.43 x 45.27</p>
<p>&nbsp;</p>
