{"id":21478,"date":"2023-04-14T09:56:59","date_gmt":"2023-04-14T09:56:59","guid":{"rendered":"https:\/\/www.finsdesiecles-artdeco.com\/product\/lustre-7\/"},"modified":"2023-04-14T10:15:15","modified_gmt":"2023-04-14T10:15:15","slug":"lampara-de-techo-8","status":"publish","type":"product","link":"https:\/\/www.finsdesiecles-artdeco.com\/es\/product\/lampara-de-techo-8\/","title":{"rendered":"Gran suspensi\u00f3n &#8211; Barcelona 1950"},"content":{"rendered":"<p>Gran suspensi\u00f3n &#8211; Barcelona 1950<\/p>\n<p>&nbsp;<\/p>\n<p><strong>Dimensiones<\/strong><\/p>\n<p><strong>cm<\/strong> Diam 38 x 100<\/p>\n<p><strong>inches<\/strong> Diam 14.96 x 39.37<\/p>\n","protected":false},"excerpt":{"rendered":"<p>Gran suspensi\u00f3n con eje de esta\u00f1o retorcido y globo de cristal al \u00e1cido de gran espesor. Trabajo de muy alta calidad.<\/p>\n<p>Espa\u00f1a, Barcelona c. 1950.<\/p>\n<p>&nbsp;<\/p>\n<p><strong>Dimensiones<\/strong><\/p>\n<p><strong>cm<\/strong> Diam 38 x 100<\/p>\n<p><strong>inches<\/strong> Diam 14.96 x 39.37<\/p>\n","protected":false},"featured_media":21455,"template":"","meta":{"_editorskit_title_hidden":false,"_editorskit_reading_time":0,"_editorskit_is_block_options_detached":false,"_editorskit_block_options_position":"{}","inline_featured_image":false},"product_brand":[],"product_cat":[265,328],"product_tag":[],"class_list":{"0":"post-21478","1":"product","2":"type-product","3":"status-publish","4":"has-post-thumbnail","6":"product_cat-iluminacion","7":"product_cat-lamparas-de-techo","9":"first","10":"instock","11":"shipping-taxable","12":"purchasable","13":"product-type-simple"},"_links":{"self":[{"href":"https:\/\/www.finsdesiecles-artdeco.com\/es\/wp-json\/wp\/v2\/product\/21478","targetHints":{"allow":["GET"]}}],"collection":[{"href":"https:\/\/www.finsdesiecles-artdeco.com\/es\/wp-json\/wp\/v2\/product"}],"about":[{"href":"https:\/\/www.finsdesiecles-artdeco.com\/es\/wp-json\/wp\/v2\/types\/product"}],"wp:featuredmedia":[{"embeddable":true,"href":"https:\/\/www.finsdesiecles-artdeco.com\/es\/wp-json\/wp\/v2\/media\/21455"}],"wp:attachment":[{"href":"https:\/\/www.finsdesiecles-artdeco.com\/es\/wp-json\/wp\/v2\/media?parent=21478"}],"wp:term":[{"taxonomy":"product_brand","embeddable":true,"href":"https:\/\/www.finsdesiecles-artdeco.com\/es\/wp-json\/wp\/v2\/product_brand?post=21478"},{"taxonomy":"product_cat","embeddable":true,"href":"https:\/\/www.finsdesiecles-artdeco.com\/es\/wp-json\/wp\/v2\/product_cat?post=21478"},{"taxonomy":"product_tag","embeddable":true,"href":"https:\/\/www.finsdesiecles-artdeco.com\/es\/wp-json\/wp\/v2\/product_tag?post=21478"}],"curies":[{"name":"wp","href":"https:\/\/api.w.org\/{rel}","templated":true}]}}

Gran suspensión &#8211; Barcelona 1950

<p>Gran suspensión &#8211; Barcelona 1950</p>
<p>&nbsp;</p>
<p><strong>Dimensiones</strong></p>
<p><strong>cm</strong> Diam 38 x 100</p>
<p><strong>inches</strong> Diam 14.96 x 39.37</p>

<p>Gran suspensión con eje de estaño retorcido y globo de cristal al ácido de gran espesor. Trabajo de muy alta calidad.</p>
<p>España, Barcelona c. 1950.</p>
<p>&nbsp;</p>
<p><strong>Dimensiones</strong></p>
<p><strong>cm</strong> Diam 38 x 100</p>
<p><strong>inches</strong> Diam 14.96 x 39.37</p>
