{"id":22665,"date":"2023-05-27T09:38:16","date_gmt":"2023-05-27T09:38:16","guid":{"rendered":"https:\/\/www.finsdesiecles-artdeco.com\/product\/sellette-tripode\/"},"modified":"2023-05-27T09:48:14","modified_gmt":"2023-05-27T09:48:14","slug":"peana-tripode","status":"publish","type":"product","link":"https:\/\/www.finsdesiecles-artdeco.com\/es\/product\/peana-tripode\/","title":{"rendered":"Peana tr\u00edpode Art D\u00e9co &#8211; Italia 1930"},"content":{"rendered":"<p>Peana tr\u00edpode <em>art d\u00e9co<\/em> &#8211; Italia 1930<\/p>\n<p>&nbsp;<\/p>\n<p><strong>Dimensiones<\/strong><\/p>\n<p><strong>cm<\/strong>\u00a0 Diam 27 x 105<\/p>\n<p><strong>inches<\/strong>\u00a0 Diam 10.62 x 41.33<\/p>\n","protected":false},"excerpt":{"rendered":"<p>Peana tr\u00edpode <em>art d\u00e9co<\/em> de madera lacada en negro con tridentes a modo de adorno, lat\u00f3n niquelado y base de cuerda.<\/p>\n<p>Italia c. 1930.<\/p>\n<p>&nbsp;<\/p>\n<p><strong>Dimensiones<\/strong><\/p>\n<p><strong>cm<\/strong>\u00a0 Diam 27 x 105<\/p>\n<p><strong>inches<\/strong>\u00a0 Diam 10.62 x 41.33<\/p>\n","protected":false},"featured_media":22645,"template":"","meta":{"_editorskit_title_hidden":false,"_editorskit_reading_time":0,"_editorskit_is_block_options_detached":false,"_editorskit_block_options_position":"{}","inline_featured_image":false},"product_brand":[],"product_cat":[685],"product_tag":[],"class_list":{"0":"post-22665","1":"product","2":"type-product","3":"status-publish","4":"has-post-thumbnail","6":"product_cat-variados","8":"first","9":"instock","10":"shipping-taxable","11":"purchasable","12":"product-type-simple"},"_links":{"self":[{"href":"https:\/\/www.finsdesiecles-artdeco.com\/es\/wp-json\/wp\/v2\/product\/22665","targetHints":{"allow":["GET"]}}],"collection":[{"href":"https:\/\/www.finsdesiecles-artdeco.com\/es\/wp-json\/wp\/v2\/product"}],"about":[{"href":"https:\/\/www.finsdesiecles-artdeco.com\/es\/wp-json\/wp\/v2\/types\/product"}],"wp:featuredmedia":[{"embeddable":true,"href":"https:\/\/www.finsdesiecles-artdeco.com\/es\/wp-json\/wp\/v2\/media\/22645"}],"wp:attachment":[{"href":"https:\/\/www.finsdesiecles-artdeco.com\/es\/wp-json\/wp\/v2\/media?parent=22665"}],"wp:term":[{"taxonomy":"product_brand","embeddable":true,"href":"https:\/\/www.finsdesiecles-artdeco.com\/es\/wp-json\/wp\/v2\/product_brand?post=22665"},{"taxonomy":"product_cat","embeddable":true,"href":"https:\/\/www.finsdesiecles-artdeco.com\/es\/wp-json\/wp\/v2\/product_cat?post=22665"},{"taxonomy":"product_tag","embeddable":true,"href":"https:\/\/www.finsdesiecles-artdeco.com\/es\/wp-json\/wp\/v2\/product_tag?post=22665"}],"curies":[{"name":"wp","href":"https:\/\/api.w.org\/{rel}","templated":true}]}}

Peana trípode Art Déco &#8211; Italia 1930

<p>Peana trípode <em>art déco</em> &#8211; Italia 1930</p>
<p>&nbsp;</p>
<p><strong>Dimensiones</strong></p>
<p><strong>cm</strong>  Diam 27 x 105</p>
<p><strong>inches</strong>  Diam 10.62 x 41.33</p>

<p>Peana trípode <em>art déco</em> de madera lacada en negro con tridentes a modo de adorno, latón niquelado y base de cuerda.</p>
<p>Italia c. 1930.</p>
<p>&nbsp;</p>
<p><strong>Dimensiones</strong></p>
<p><strong>cm</strong>  Diam 27 x 105</p>
<p><strong>inches</strong>  Diam 10.62 x 41.33</p>
