{"id":23764,"date":"2023-06-30T16:43:15","date_gmt":"2023-06-30T16:43:15","guid":{"rendered":"https:\/\/www.finsdesiecles-artdeco.com\/product\/table-3\/"},"modified":"2023-06-30T17:00:35","modified_gmt":"2023-06-30T17:00:35","slug":"mesa-4","status":"publish","type":"product","link":"https:\/\/www.finsdesiecles-artdeco.com\/es\/product\/mesa-4\/","title":{"rendered":"Mesa redonda extensible &#8211; Barcelona 1970"},"content":{"rendered":"<p>Mesa redonda extensible &#8211; Barcelona 1970<\/p>\n<p>&nbsp;<\/p>\n<p><strong>Dimensiones<\/strong><\/p>\n<p><strong>cm<\/strong> Diam 110 x 77, 5;\u00a0 con extensi\u00f3n 157 x 110 x 77,5<\/p>\n<p><strong>inches<\/strong> Diam 43,3 x 30,51;\u00a0 con extensi\u00f3n 61,81 x 43,3 x 30,51<\/p>\n","protected":false},"excerpt":{"rendered":"<p>Mesa redonda con extensi\u00f3n de mariposa oculta, base central de madera prensada chapada en wengu\u00e9 y madera maciza curvada, marco de la mesa &#8211; que contiene el sistema de extensi\u00f3n- en metal pintado imitaci\u00f3n madera y chapado en wengu\u00e9 como la parte superior.<\/p>\n<p>Etiqueta del fabricante: Rietti.<\/p>\n<p>Espa\u00f1a, Barcelona c. 1970<\/p>\n<p>&nbsp;<\/p>\n<p><strong>Dimensiones<\/strong><\/p>\n<p><strong>cm<\/strong> Diam 110 x 77, 5;\u00a0 con extensi\u00f3n 157 x 110 x 77,5<\/p>\n<p><strong>inches<\/strong> Diam 43,3 x 30,51;\u00a0 con extensi\u00f3n 61,81 x 43,3 x 30,51<\/p>\n<p>&nbsp;<\/p>\n","protected":false},"featured_media":23738,"template":"","meta":{"_editorskit_title_hidden":false,"_editorskit_reading_time":0,"_editorskit_is_block_options_detached":false,"_editorskit_block_options_position":"{}","inline_featured_image":false},"product_brand":[],"product_cat":[258,289],"product_tag":[],"class_list":{"0":"post-23764","1":"product","2":"type-product","3":"status-publish","4":"has-post-thumbnail","6":"product_cat-mesas","7":"product_cat-comedor","9":"first","10":"instock","11":"shipping-taxable","12":"purchasable","13":"product-type-simple"},"_links":{"self":[{"href":"https:\/\/www.finsdesiecles-artdeco.com\/es\/wp-json\/wp\/v2\/product\/23764","targetHints":{"allow":["GET"]}}],"collection":[{"href":"https:\/\/www.finsdesiecles-artdeco.com\/es\/wp-json\/wp\/v2\/product"}],"about":[{"href":"https:\/\/www.finsdesiecles-artdeco.com\/es\/wp-json\/wp\/v2\/types\/product"}],"wp:featuredmedia":[{"embeddable":true,"href":"https:\/\/www.finsdesiecles-artdeco.com\/es\/wp-json\/wp\/v2\/media\/23738"}],"wp:attachment":[{"href":"https:\/\/www.finsdesiecles-artdeco.com\/es\/wp-json\/wp\/v2\/media?parent=23764"}],"wp:term":[{"taxonomy":"product_brand","embeddable":true,"href":"https:\/\/www.finsdesiecles-artdeco.com\/es\/wp-json\/wp\/v2\/product_brand?post=23764"},{"taxonomy":"product_cat","embeddable":true,"href":"https:\/\/www.finsdesiecles-artdeco.com\/es\/wp-json\/wp\/v2\/product_cat?post=23764"},{"taxonomy":"product_tag","embeddable":true,"href":"https:\/\/www.finsdesiecles-artdeco.com\/es\/wp-json\/wp\/v2\/product_tag?post=23764"}],"curies":[{"name":"wp","href":"https:\/\/api.w.org\/{rel}","templated":true}]}}

<p>Mesa redonda extensible &#8211; Barcelona 1970</p>
<p>&nbsp;</p>
<p><strong>Dimensiones</strong></p>
<p><strong>cm</strong> Diam 110 x 77, 5;  con extensión 157 x 110 x 77,5</p>
<p><strong>inches</strong> Diam 43,3 x 30,51;  con extensión 61,81 x 43,3 x 30,51</p>

<p>Mesa redonda con extensión de mariposa oculta, base central de madera prensada chapada en wengué y madera maciza curvada, marco de la mesa &#8211; que contiene el sistema de extensión- en metal pintado imitación madera y chapado en wengué como la parte superior.</p>
<p>Etiqueta del fabricante: Rietti.</p>
<p>España, Barcelona c. 1970</p>
<p>&nbsp;</p>
<p><strong>Dimensiones</strong></p>
<p><strong>cm</strong> Diam 110 x 77, 5;  con extensión 157 x 110 x 77,5</p>
<p><strong>inches</strong> Diam 43,3 x 30,51;  con extensión 61,81 x 43,3 x 30,51</p>
<p>&nbsp;</p>
