{"id":25571,"date":"2023-09-29T09:20:13","date_gmt":"2023-09-29T09:20:13","guid":{"rendered":"https:\/\/www.finsdesiecles-artdeco.com\/?post_type=product&#038;p=25571"},"modified":"2023-09-30T15:11:55","modified_gmt":"2023-09-30T15:11:55","slug":"mueble-bar-redondo-art-deco","status":"publish","type":"product","link":"https:\/\/www.finsdesiecles-artdeco.com\/es\/product\/mueble-bar-redondo-art-deco\/","title":{"rendered":"Mueble bar redondo Art Dec\u00f3"},"content":{"rendered":"<p>Mueble bar redondo Art Dec\u00f3<\/p>\n<p><strong>Dimensiones<\/strong><\/p>\n<p><strong>cm<\/strong> Diam 66,5 x 71<\/p>\n<p><strong>inches<\/strong> Diam 26.18 x 27.95<\/p>\n","protected":false},"excerpt":{"rendered":"<p>Mueble bar redondo Art Dec\u00f3 apoyado sobre una base en forma de cruz y 4 grandes cilindros de madera lacada en negro y lat\u00f3n. Sistema de doble puerta de tambor que oculta los dos compartimentos del bar con sus alojamientos de metal niquelado (una puerta con cerradura, la otra sin cerradura). El mueble est\u00e1 totalmente chapado de un magn\u00edfico nogal, exterior e interior. Ebanister\u00eda de alta calidad.<\/p>\n<p>Italia, hacia 1930<\/p>\n<p><strong>Dimensiones<\/strong><\/p>\n<p><strong>cm<\/strong> Diam 66,5 x 71<\/p>\n<p><strong>inches<\/strong> Diam 26.18 x 27.95<\/p>\n","protected":false},"featured_media":25528,"template":"","meta":{"_editorskit_title_hidden":false,"_editorskit_reading_time":0,"_editorskit_is_block_options_detached":false,"_editorskit_block_options_position":"{}","inline_featured_image":false},"product_brand":[],"product_cat":[319,277],"product_tag":[],"class_list":{"0":"post-25571","1":"product","2":"type-product","3":"status-publish","4":"has-post-thumbnail","6":"product_cat-muebles-bar","7":"product_cat-auxiliares1643813499","9":"first","10":"instock","11":"shipping-taxable","12":"purchasable","13":"product-type-simple"},"_links":{"self":[{"href":"https:\/\/www.finsdesiecles-artdeco.com\/es\/wp-json\/wp\/v2\/product\/25571","targetHints":{"allow":["GET"]}}],"collection":[{"href":"https:\/\/www.finsdesiecles-artdeco.com\/es\/wp-json\/wp\/v2\/product"}],"about":[{"href":"https:\/\/www.finsdesiecles-artdeco.com\/es\/wp-json\/wp\/v2\/types\/product"}],"wp:featuredmedia":[{"embeddable":true,"href":"https:\/\/www.finsdesiecles-artdeco.com\/es\/wp-json\/wp\/v2\/media\/25528"}],"wp:attachment":[{"href":"https:\/\/www.finsdesiecles-artdeco.com\/es\/wp-json\/wp\/v2\/media?parent=25571"}],"wp:term":[{"taxonomy":"product_brand","embeddable":true,"href":"https:\/\/www.finsdesiecles-artdeco.com\/es\/wp-json\/wp\/v2\/product_brand?post=25571"},{"taxonomy":"product_cat","embeddable":true,"href":"https:\/\/www.finsdesiecles-artdeco.com\/es\/wp-json\/wp\/v2\/product_cat?post=25571"},{"taxonomy":"product_tag","embeddable":true,"href":"https:\/\/www.finsdesiecles-artdeco.com\/es\/wp-json\/wp\/v2\/product_tag?post=25571"}],"curies":[{"name":"wp","href":"https:\/\/api.w.org\/{rel}","templated":true}]}}

Mueble bar redondo Art Decó

<p>Mueble bar redondo Art Decó</p>
<p><strong>Dimensiones</strong></p>
<p><strong>cm</strong> Diam 66,5 x 71</p>
<p><strong>inches</strong> Diam 26.18 x 27.95</p>

<p>Mueble bar redondo Art Decó apoyado sobre una base en forma de cruz y 4 grandes cilindros de madera lacada en negro y latón. Sistema de doble puerta de tambor que oculta los dos compartimentos del bar con sus alojamientos de metal niquelado (una puerta con cerradura, la otra sin cerradura). El mueble está totalmente chapado de un magnífico nogal, exterior e interior. Ebanistería de alta calidad.</p>
<p>Italia, hacia 1930</p>
<p><strong>Dimensiones</strong></p>
<p><strong>cm</strong> Diam 66,5 x 71</p>
<p><strong>inches</strong> Diam 26.18 x 27.95</p>
