{"id":29813,"date":"2024-06-19T09:57:48","date_gmt":"2024-06-19T10:09:17","guid":{"rendered":"https:\/\/www.finsdesiecles-artdeco.com\/?post_type=product&#038;p=29813"},"modified":"2024-06-19T10:09:18","modified_gmt":"2024-06-19T10:09:18","slug":"comoda-cubista-espana-1960","status":"publish","type":"product","link":"https:\/\/www.finsdesiecles-artdeco.com\/es\/product\/comoda-cubista-espana-1960\/","title":{"rendered":"C\u00f3moda cubista &#8211; Espa\u00f1a 1960"},"content":{"rendered":"<p>C\u00f3moda cubista &#8211; Espa\u00f1a 1960<\/p>\n<p><strong>Dimensiones<\/strong><\/p>\n<p><strong>cm<\/strong>\u00a0110 x 43,5 x 73,5<\/p>\n<p><strong>inches<\/strong>\u00a043.31 x 17.13 x 28.94<\/p>\n","protected":false},"excerpt":{"rendered":"<p>C\u00f3moda cubista de caoba maciza chapada en zebrano, 8 cajones que se abren con tiradores de material compuesto y aluminio. Barnizada a mu\u00f1eca.<\/p>\n<p>Espa\u00f1a circa 1960<\/p>\n<p>&nbsp;<\/p>\n<p><strong>Dimensiones<\/strong><\/p>\n<p><strong>cm<\/strong>\u00a0110 x 43,5 x 73,5<\/p>\n<p><strong>inches<\/strong>\u00a043.31 x 17.13 x 28.94<\/p>\n","protected":false},"featured_media":29789,"template":"","meta":{"_editorskit_title_hidden":false,"_editorskit_reading_time":0,"_editorskit_is_block_options_detached":false,"_editorskit_block_options_position":"{}","inline_featured_image":false},"product_brand":[],"product_cat":[412,307],"product_tag":[],"class_list":{"0":"post-29813","1":"product","2":"type-product","3":"status-publish","4":"has-post-thumbnail","6":"product_cat-almacenaje","7":"product_cat-comodas-almacenaje","9":"first","10":"outofstock","11":"shipping-taxable","12":"product-type-simple"},"_links":{"self":[{"href":"https:\/\/www.finsdesiecles-artdeco.com\/es\/wp-json\/wp\/v2\/product\/29813","targetHints":{"allow":["GET"]}}],"collection":[{"href":"https:\/\/www.finsdesiecles-artdeco.com\/es\/wp-json\/wp\/v2\/product"}],"about":[{"href":"https:\/\/www.finsdesiecles-artdeco.com\/es\/wp-json\/wp\/v2\/types\/product"}],"wp:featuredmedia":[{"embeddable":true,"href":"https:\/\/www.finsdesiecles-artdeco.com\/es\/wp-json\/wp\/v2\/media\/29789"}],"wp:attachment":[{"href":"https:\/\/www.finsdesiecles-artdeco.com\/es\/wp-json\/wp\/v2\/media?parent=29813"}],"wp:term":[{"taxonomy":"product_brand","embeddable":true,"href":"https:\/\/www.finsdesiecles-artdeco.com\/es\/wp-json\/wp\/v2\/product_brand?post=29813"},{"taxonomy":"product_cat","embeddable":true,"href":"https:\/\/www.finsdesiecles-artdeco.com\/es\/wp-json\/wp\/v2\/product_cat?post=29813"},{"taxonomy":"product_tag","embeddable":true,"href":"https:\/\/www.finsdesiecles-artdeco.com\/es\/wp-json\/wp\/v2\/product_tag?post=29813"}],"curies":[{"name":"wp","href":"https:\/\/api.w.org\/{rel}","templated":true}]}}

Cómoda cubista &#8211; España 1960

<p>Cómoda cubista &#8211; España 1960</p>
<p><strong>Dimensiones</strong></p>
<p><strong>cm</strong> 110 x 43,5 x 73,5</p>
<p><strong>inches</strong> 43.31 x 17.13 x 28.94</p>

<p>Cómoda cubista de caoba maciza chapada en zebrano, 8 cajones que se abren con tiradores de material compuesto y aluminio. Barnizada a muñeca.</p>
<p>España circa 1960</p>
<p>&nbsp;</p>
<p><strong>Dimensiones</strong></p>
<p><strong>cm</strong> 110 x 43,5 x 73,5</p>
<p><strong>inches</strong> 43.31 x 17.13 x 28.94</p>
