{"id":34266,"date":"2025-03-02T12:48:40","date_gmt":"2025-03-02T13:19:11","guid":{"rendered":"https:\/\/www.finsdesiecles-artdeco.com\/?post_type=product&#038;p=34266"},"modified":"2025-03-02T13:21:20","modified_gmt":"2025-03-02T13:21:20","slug":"gran-aparador-de-vittorio-dassi-italia-1949-50","status":"publish","type":"product","link":"https:\/\/www.finsdesiecles-artdeco.com\/es\/product\/gran-aparador-de-vittorio-dassi-italia-1949-50\/","title":{"rendered":"Gran aparador de Vittorio Dassi &#8211; Italia 1949-50"},"content":{"rendered":"<p>Vittorio Dassi (Italia, 1893-1973)<\/p>\n<p>Artista italiano de posguerra y contempor\u00e1neo. Sus muebles, creados en las d\u00e9cadas de 1940 y 1950, se distinguen por la elecci\u00f3n de maderas nobles, como el palisandro, el cerezo, el fresno y el nogal, y el uso de incrustaciones de cristal de maestros vidrieros. Elegantes y funcionales, sus dise\u00f1os son comparables a los de Gio Ponti, con quien Dassi mantuvo importantes colaboraciones tras tomar el relevo de su padre en la empresa Dassi Mobili Moderni, con sede en Lissone. Entre los proyectos m\u00e1s importantes de la empresa figura el amueblamiento de las habitaciones del Hotel Royal de N\u00e1poles, dise\u00f1ado por Ponti a mediados de la d\u00e9cada de 1950. Este periodo marc\u00f3 un cambio en la pr\u00e1ctica de Dassi hacia formas m\u00e1s esquem\u00e1ticas y el uso de la teca para la producci\u00f3n de muebles modulares.<\/p>\n<p>&nbsp;<\/p>\n","protected":false},"excerpt":{"rendered":"<p>Gran aparador de madera maciza chapada de palisandro que descansa sobre dos columnas de caoba maciza, tres puertas que dan a estanter\u00edas y una a cinco cajones de caoba flameada, encimera original de opalina negra. Decoraciones, acabados y herrajes de lat\u00f3n pulido. Barnizado a mu\u00f1eca.<\/p>\n<p>Dise\u00f1o: Vittorio Dassi<\/p>\n<p>Fabricante: Dassi Mobili Moderni<\/p>\n<p>Italia circa 1949-50<\/p>\n<p>&nbsp;<\/p>\n<p><strong>Dimensiones<\/strong><\/p>\n<p><strong>cm<\/strong> 255 x 55,5\/50,5 x 115\/131,5 (con decoraciones)<\/p>\n<p><strong>inches<\/strong> 100.39 x 21.85\/19.88 x 45.28\/51.77 (con decoraciones)<\/p>\n","protected":false},"featured_media":34237,"template":"","meta":{"_editorskit_title_hidden":false,"_editorskit_reading_time":0,"_editorskit_is_block_options_detached":false,"_editorskit_block_options_position":"{}","inline_featured_image":false},"product_brand":[],"product_cat":[412,274],"product_tag":[],"class_list":{"0":"post-34266","1":"product","2":"type-product","3":"status-publish","4":"has-post-thumbnail","6":"product_cat-almacenaje","7":"product_cat-aparadores","9":"first","10":"instock","11":"shipping-taxable","12":"purchasable","13":"product-type-simple"},"_links":{"self":[{"href":"https:\/\/www.finsdesiecles-artdeco.com\/es\/wp-json\/wp\/v2\/product\/34266","targetHints":{"allow":["GET"]}}],"collection":[{"href":"https:\/\/www.finsdesiecles-artdeco.com\/es\/wp-json\/wp\/v2\/product"}],"about":[{"href":"https:\/\/www.finsdesiecles-artdeco.com\/es\/wp-json\/wp\/v2\/types\/product"}],"wp:featuredmedia":[{"embeddable":true,"href":"https:\/\/www.finsdesiecles-artdeco.com\/es\/wp-json\/wp\/v2\/media\/34237"}],"wp:attachment":[{"href":"https:\/\/www.finsdesiecles-artdeco.com\/es\/wp-json\/wp\/v2\/media?parent=34266"}],"wp:term":[{"taxonomy":"product_brand","embeddable":true,"href":"https:\/\/www.finsdesiecles-artdeco.com\/es\/wp-json\/wp\/v2\/product_brand?post=34266"},{"taxonomy":"product_cat","embeddable":true,"href":"https:\/\/www.finsdesiecles-artdeco.com\/es\/wp-json\/wp\/v2\/product_cat?post=34266"},{"taxonomy":"product_tag","embeddable":true,"href":"https:\/\/www.finsdesiecles-artdeco.com\/es\/wp-json\/wp\/v2\/product_tag?post=34266"}],"curies":[{"name":"wp","href":"https:\/\/api.w.org\/{rel}","templated":true}]}}

<p>Vittorio Dassi (Italia, 1893-1973)</p>
<p>Artista italiano de posguerra y contemporáneo. Sus muebles, creados en las décadas de 1940 y 1950, se distinguen por la elección de maderas nobles, como el palisandro, el cerezo, el fresno y el nogal, y el uso de incrustaciones de cristal de maestros vidrieros. Elegantes y funcionales, sus diseños son comparables a los de Gio Ponti, con quien Dassi mantuvo importantes colaboraciones tras tomar el relevo de su padre en la empresa Dassi Mobili Moderni, con sede en Lissone. Entre los proyectos más importantes de la empresa figura el amueblamiento de las habitaciones del Hotel Royal de Nápoles, diseñado por Ponti a mediados de la década de 1950. Este periodo marcó un cambio en la práctica de Dassi hacia formas más esquemáticas y el uso de la teca para la producción de muebles modulares.</p>
<p>&nbsp;</p>

<p>Gran aparador de madera maciza chapada de palisandro que descansa sobre dos columnas de caoba maciza, tres puertas que dan a estanterías y una a cinco cajones de caoba flameada, encimera original de opalina negra. Decoraciones, acabados y herrajes de latón pulido. Barnizado a muñeca.</p>
<p>Diseño: Vittorio Dassi</p>
<p>Fabricante: Dassi Mobili Moderni</p>
<p>Italia circa 1949-50</p>
<p>&nbsp;</p>
<p><strong>Dimensiones</strong></p>
<p><strong>cm</strong> 255 x 55,5/50,5 x 115/131,5 (con decoraciones)</p>
<p><strong>inches</strong> 100.39 x 21.85/19.88 x 45.28/51.77 (con decoraciones)</p>
