{"id":3436,"date":"2016-03-14T12:18:52","date_gmt":"2016-03-14T12:18:52","guid":{"rendered":"https:\/\/www.finsdesiecles-artdeco.com\/?product=mesa-auxiliar"},"modified":"2022-10-29T10:48:39","modified_gmt":"2022-10-29T10:48:39","slug":"mesa-de-te-de-jacob-y-josef-kohn","status":"publish","type":"product","link":"https:\/\/www.finsdesiecles-artdeco.com\/es\/product\/mesa-de-te-de-jacob-y-josef-kohn\/","title":{"rendered":"Mesa de t\u00e9 de Jacob y Josef Kohn"},"content":{"rendered":"<p>Mesa de t\u00e9 de Jacob y Josef Kohn<\/p>\n<hr \/>\n<p><b>Dimensiones<\/b><\/p>\n<ul>\n<li><b>cm:<\/b> 85 x 54 x 78<\/li>\n<li><b>inches:<\/b> 33.46 x 21.26 x 30.71<\/li>\n<\/ul>\n","protected":false},"excerpt":{"rendered":"<p>Mesa de t\u00e9 o de juego, haya tintada y barnizada a mu\u00f1eca, casquillos de aluminio pulido, sobre recubierto de algod\u00f3n color crudo cubierto por un vidrio.<\/p>\n<p>Editor: Jacob y Josef Kohn<\/p>\n<p>Austria, Viena c. 1900<\/p>\n<p><b>Dimensiones<\/b><\/p>\n<ul>\n<li><b>cm:<\/b> 85 x 54 x 78<\/li>\n<li><b>inches:<\/b> 33.46 x 21.26 x 30.71<\/li>\n<\/ul>\n","protected":false},"featured_media":9691,"template":"","meta":{"_editorskit_title_hidden":false,"_editorskit_reading_time":0,"_editorskit_is_block_options_detached":false,"_editorskit_block_options_position":"{}","inline_featured_image":false},"product_brand":[],"product_cat":[258,259,337],"product_tag":[],"class_list":{"0":"post-3436","1":"product","2":"type-product","3":"status-publish","4":"has-post-thumbnail","6":"product_cat-mesas","7":"product_cat-auxiliares","8":"product_cat-mesas-de-juego","10":"first","11":"instock","12":"purchasable","13":"product-type-simple"},"_links":{"self":[{"href":"https:\/\/www.finsdesiecles-artdeco.com\/es\/wp-json\/wp\/v2\/product\/3436","targetHints":{"allow":["GET"]}}],"collection":[{"href":"https:\/\/www.finsdesiecles-artdeco.com\/es\/wp-json\/wp\/v2\/product"}],"about":[{"href":"https:\/\/www.finsdesiecles-artdeco.com\/es\/wp-json\/wp\/v2\/types\/product"}],"wp:featuredmedia":[{"embeddable":true,"href":"https:\/\/www.finsdesiecles-artdeco.com\/es\/wp-json\/wp\/v2\/media\/9691"}],"wp:attachment":[{"href":"https:\/\/www.finsdesiecles-artdeco.com\/es\/wp-json\/wp\/v2\/media?parent=3436"}],"wp:term":[{"taxonomy":"product_brand","embeddable":true,"href":"https:\/\/www.finsdesiecles-artdeco.com\/es\/wp-json\/wp\/v2\/product_brand?post=3436"},{"taxonomy":"product_cat","embeddable":true,"href":"https:\/\/www.finsdesiecles-artdeco.com\/es\/wp-json\/wp\/v2\/product_cat?post=3436"},{"taxonomy":"product_tag","embeddable":true,"href":"https:\/\/www.finsdesiecles-artdeco.com\/es\/wp-json\/wp\/v2\/product_tag?post=3436"}],"curies":[{"name":"wp","href":"https:\/\/api.w.org\/{rel}","templated":true}]}}

Mesa de té de Jacob y Josef Kohn

<p>Mesa de té de Jacob y Josef Kohn</p>
<hr />
<p><b>Dimensiones</b></p>
<ul>
<li><b>cm:</b> 85 x 54 x 78</li>
<li><b>inches:</b> 33.46 x 21.26 x 30.71</li>
</ul>

<p>Mesa de té o de juego, haya tintada y barnizada a muñeca, casquillos de aluminio pulido, sobre recubierto de algodón color crudo cubierto por un vidrio.</p>
<p>Editor: Jacob y Josef Kohn</p>
<p>Austria, Viena c. 1900</p>
<p><b>Dimensiones</b></p>
<ul>
<li><b>cm:</b> 85 x 54 x 78</li>
<li><b>inches:</b> 33.46 x 21.26 x 30.71</li>
</ul>
