{"id":3587,"date":"2016-05-21T17:35:43","date_gmt":"2016-05-21T17:35:43","guid":{"rendered":"https:\/\/www.finsdesiecles-artdeco.com\/?product=sillones"},"modified":"2022-10-29T09:41:23","modified_gmt":"2022-10-29T09:41:23","slug":"sillon-art-deco-cubista-belgica-1930","status":"publish","type":"product","link":"https:\/\/www.finsdesiecles-artdeco.com\/es\/product\/sillon-art-deco-cubista-belgica-1930\/","title":{"rendered":"Sill\u00f3n Art Dec\u00f3 cubista &#8211; B\u00e9lgica 1930"},"content":{"rendered":"<p>Sill\u00f3n <em>art dec\u00f3<\/em> cubista &#8211; B\u00e9lgica 1930<\/p>\n<hr \/>\n<p><b>Dimensiones<\/b><\/p>\n<ul>\n<li><b>cm:<\/b> 68 x 74 x 89 Asiento 43<\/li>\n<li><b>inches:<\/b> 26.77 x 29.13 x 35.04 Asiento 16.93<\/li>\n<\/ul>\n","protected":false},"excerpt":{"rendered":"<p>Espectacular sill\u00f3n <em>art dec\u00f3<\/em> cubista, haya lacada en rojo chino, tapicer\u00eda nueva de lana cruda.<\/p>\n<p>B\u00e9lgica c. 1930<\/p>\n<p><b>Dimensiones<\/b><\/p>\n<ul>\n<li><b>cm:<\/b> 68 x 74 x 89 Asiento 43<\/li>\n<li><b>inches:<\/b> 26.77 x 29.13 x 35.04 Asiento 16.93<\/li>\n<\/ul>\n","protected":false},"featured_media":9411,"template":"","meta":{"_editorskit_title_hidden":false,"_editorskit_reading_time":0,"_editorskit_is_block_options_detached":false,"_editorskit_block_options_position":"{}","inline_featured_image":false},"product_brand":[],"product_cat":[252,253],"product_tag":[],"class_list":{"0":"post-3587","1":"product","2":"type-product","3":"status-publish","4":"has-post-thumbnail","6":"product_cat-asientos1643813446","7":"product_cat-sillones2","9":"first","10":"instock","11":"purchasable","12":"product-type-simple"},"_links":{"self":[{"href":"https:\/\/www.finsdesiecles-artdeco.com\/es\/wp-json\/wp\/v2\/product\/3587","targetHints":{"allow":["GET"]}}],"collection":[{"href":"https:\/\/www.finsdesiecles-artdeco.com\/es\/wp-json\/wp\/v2\/product"}],"about":[{"href":"https:\/\/www.finsdesiecles-artdeco.com\/es\/wp-json\/wp\/v2\/types\/product"}],"wp:featuredmedia":[{"embeddable":true,"href":"https:\/\/www.finsdesiecles-artdeco.com\/es\/wp-json\/wp\/v2\/media\/9411"}],"wp:attachment":[{"href":"https:\/\/www.finsdesiecles-artdeco.com\/es\/wp-json\/wp\/v2\/media?parent=3587"}],"wp:term":[{"taxonomy":"product_brand","embeddable":true,"href":"https:\/\/www.finsdesiecles-artdeco.com\/es\/wp-json\/wp\/v2\/product_brand?post=3587"},{"taxonomy":"product_cat","embeddable":true,"href":"https:\/\/www.finsdesiecles-artdeco.com\/es\/wp-json\/wp\/v2\/product_cat?post=3587"},{"taxonomy":"product_tag","embeddable":true,"href":"https:\/\/www.finsdesiecles-artdeco.com\/es\/wp-json\/wp\/v2\/product_tag?post=3587"}],"curies":[{"name":"wp","href":"https:\/\/api.w.org\/{rel}","templated":true}]}}

Sillón Art Decó cubista &#8211; Bélgica 1930

<p>Sillón <em>art decó</em> cubista &#8211; Bélgica 1930</p>
<hr />
<p><b>Dimensiones</b></p>
<ul>
<li><b>cm:</b> 68 x 74 x 89 Asiento 43</li>
<li><b>inches:</b> 26.77 x 29.13 x 35.04 Asiento 16.93</li>
</ul>

<p>Espectacular sillón <em>art decó</em> cubista, haya lacada en rojo chino, tapicería nueva de lana cruda.</p>
<p>Bélgica c. 1930</p>
<p><b>Dimensiones</b></p>
<ul>
<li><b>cm:</b> 68 x 74 x 89 Asiento 43</li>
<li><b>inches:</b> 26.77 x 29.13 x 35.04 Asiento 16.93</li>
</ul>
