{"id":35971,"date":"2025-06-19T11:31:27","date_gmt":"2025-06-19T12:12:09","guid":{"rendered":"https:\/\/www.finsdesiecles-artdeco.com\/?post_type=product&#038;p=35971"},"modified":"2025-06-19T12:12:09","modified_gmt":"2025-06-19T12:12:09","slug":"gran-libreria-de-pierre-cruege-francia-1950","status":"publish","type":"product","link":"https:\/\/www.finsdesiecles-artdeco.com\/es\/product\/gran-libreria-de-pierre-cruege-francia-1950\/","title":{"rendered":"Gran librer\u00eda de Pierre Cru\u00e8ge &#8211; Francia 1950"},"content":{"rendered":"<p>Gran librer\u00eda de Pierre Cru\u00e8ge &#8211; Francia 1950<\/p>\n<p><strong>Dimensiones\u00a0<\/strong><\/p>\n<p><strong>cm<\/strong>\u00a091 x 25\/50 x 205<\/p>\n<p><strong>inches<\/strong>\u00a035.83 x 9.84\/19.68 x 80.71<\/p>\n","protected":false},"excerpt":{"rendered":"<p>Gran librer\u00eda de roble macizo y chapado de roble decapado y lijado.<\/p>\n<p>Dise\u00f1o de Pierre Cru\u00e8ge (1913-2003) para ediciones Formes.<\/p>\n<p>Francia 1950<\/p>\n<p>&nbsp;<\/p>\n<p><strong>Dimensiones\u00a0<\/strong><\/p>\n<p><strong>cm<\/strong>\u00a091 x 25\/50 x 205<\/p>\n<p><strong>inches<\/strong>\u00a035.83 x 9.84\/19.68 x 80.71<\/p>\n","protected":false},"featured_media":35953,"template":"","meta":{"_editorskit_title_hidden":false,"_editorskit_reading_time":0,"_editorskit_is_block_options_detached":false,"_editorskit_block_options_position":"{}","inline_featured_image":false},"product_brand":[],"product_cat":[412,301],"product_tag":[],"class_list":{"0":"post-35971","1":"product","2":"type-product","3":"status-publish","4":"has-post-thumbnail","6":"product_cat-almacenaje","7":"product_cat-librerias-almacenaje","9":"first","10":"instock","11":"shipping-taxable","12":"purchasable","13":"product-type-simple"},"_links":{"self":[{"href":"https:\/\/www.finsdesiecles-artdeco.com\/es\/wp-json\/wp\/v2\/product\/35971","targetHints":{"allow":["GET"]}}],"collection":[{"href":"https:\/\/www.finsdesiecles-artdeco.com\/es\/wp-json\/wp\/v2\/product"}],"about":[{"href":"https:\/\/www.finsdesiecles-artdeco.com\/es\/wp-json\/wp\/v2\/types\/product"}],"wp:featuredmedia":[{"embeddable":true,"href":"https:\/\/www.finsdesiecles-artdeco.com\/es\/wp-json\/wp\/v2\/media\/35953"}],"wp:attachment":[{"href":"https:\/\/www.finsdesiecles-artdeco.com\/es\/wp-json\/wp\/v2\/media?parent=35971"}],"wp:term":[{"taxonomy":"product_brand","embeddable":true,"href":"https:\/\/www.finsdesiecles-artdeco.com\/es\/wp-json\/wp\/v2\/product_brand?post=35971"},{"taxonomy":"product_cat","embeddable":true,"href":"https:\/\/www.finsdesiecles-artdeco.com\/es\/wp-json\/wp\/v2\/product_cat?post=35971"},{"taxonomy":"product_tag","embeddable":true,"href":"https:\/\/www.finsdesiecles-artdeco.com\/es\/wp-json\/wp\/v2\/product_tag?post=35971"}],"curies":[{"name":"wp","href":"https:\/\/api.w.org\/{rel}","templated":true}]}}

Gran librería de Pierre Cruège &#8211; Francia 1950

<p>Gran librería de Pierre Cruège &#8211; Francia 1950</p>
<p><strong>Dimensiones </strong></p>
<p><strong>cm</strong> 91 x 25/50 x 205</p>
<p><strong>inches</strong> 35.83 x 9.84/19.68 x 80.71</p>

<p>Gran librería de roble macizo y chapado de roble decapado y lijado.</p>
<p>Diseño de Pierre Cruège (1913-2003) para ediciones Formes.</p>
<p>Francia 1950</p>
<p>&nbsp;</p>
<p><strong>Dimensiones </strong></p>
<p><strong>cm</strong> 91 x 25/50 x 205</p>
<p><strong>inches</strong> 35.83 x 9.84/19.68 x 80.71</p>
