{"id":36694,"date":"2025-08-02T10:51:15","date_gmt":"2025-08-02T11:10:42","guid":{"rendered":"https:\/\/www.finsdesiecles-artdeco.com\/?post_type=product&#038;p=36694"},"modified":"2025-08-02T11:10:42","modified_gmt":"2025-08-02T11:10:42","slug":"mueble-bar-de-paolo-buffa-italia-1940","status":"publish","type":"product","link":"https:\/\/www.finsdesiecles-artdeco.com\/es\/product\/mueble-bar-de-paolo-buffa-italia-1940\/","title":{"rendered":"Mueble bar de Paolo Buffa &#8211; Italia 1940"},"content":{"rendered":"<p>Mueble bar de Paolo Buffa &#8211; Italia 1940<\/p>\n<p><strong>Dimensiones<\/strong><\/p>\n<p><strong>cm<\/strong>\u00a0137 x 45 x 135<\/p>\n<p><strong>inches<\/strong>\u00a053.94 x 17.72 x 53.15<\/p>\n","protected":false},"excerpt":{"rendered":"<p>Espectacular mueble bar de caoba maciza, marqueter\u00eda de rombos de caoba y marqueter\u00eda de lat\u00f3n. Decoraciones y pies de lat\u00f3n pulido, interior de limoncillo con marqueter\u00eda de caoba, espejo decorado con rombos, peque\u00f1a bandeja de servir en limoncillo macizo, luz integrada. Barnizado a mu\u00f1eca.<\/p>\n<p>Obra de Paolo Buffa.<\/p>\n<p>Italia, hacia 1940.<\/p>\n<p>&nbsp;<\/p>\n<p><strong>Dimensiones<\/strong><\/p>\n<p><strong>cm<\/strong>\u00a0137 x 45 x 135<\/p>\n<p><strong>inches<\/strong>\u00a053.94 x 17.72 x 53.15<\/p>\n","protected":false},"featured_media":36697,"template":"","meta":{"_editorskit_title_hidden":false,"_editorskit_reading_time":0,"_editorskit_is_block_options_detached":false,"_editorskit_block_options_position":"{}","inline_featured_image":false},"product_brand":[],"product_cat":[277,319],"product_tag":[],"class_list":{"0":"post-36694","1":"product","2":"type-product","3":"status-publish","4":"has-post-thumbnail","6":"product_cat-auxiliares1643813499","7":"product_cat-muebles-bar","9":"first","10":"instock","11":"shipping-taxable","12":"purchasable","13":"product-type-simple"},"_links":{"self":[{"href":"https:\/\/www.finsdesiecles-artdeco.com\/es\/wp-json\/wp\/v2\/product\/36694","targetHints":{"allow":["GET"]}}],"collection":[{"href":"https:\/\/www.finsdesiecles-artdeco.com\/es\/wp-json\/wp\/v2\/product"}],"about":[{"href":"https:\/\/www.finsdesiecles-artdeco.com\/es\/wp-json\/wp\/v2\/types\/product"}],"wp:featuredmedia":[{"embeddable":true,"href":"https:\/\/www.finsdesiecles-artdeco.com\/es\/wp-json\/wp\/v2\/media\/36697"}],"wp:attachment":[{"href":"https:\/\/www.finsdesiecles-artdeco.com\/es\/wp-json\/wp\/v2\/media?parent=36694"}],"wp:term":[{"taxonomy":"product_brand","embeddable":true,"href":"https:\/\/www.finsdesiecles-artdeco.com\/es\/wp-json\/wp\/v2\/product_brand?post=36694"},{"taxonomy":"product_cat","embeddable":true,"href":"https:\/\/www.finsdesiecles-artdeco.com\/es\/wp-json\/wp\/v2\/product_cat?post=36694"},{"taxonomy":"product_tag","embeddable":true,"href":"https:\/\/www.finsdesiecles-artdeco.com\/es\/wp-json\/wp\/v2\/product_tag?post=36694"}],"curies":[{"name":"wp","href":"https:\/\/api.w.org\/{rel}","templated":true}]}}

<p>Espectacular mueble bar de caoba maciza, marquetería de rombos de caoba y marquetería de latón. Decoraciones y pies de latón pulido, interior de limoncillo con marquetería de caoba, espejo decorado con rombos, pequeña bandeja de servir en limoncillo macizo, luz integrada. Barnizado a muñeca.</p>
<p>Obra de Paolo Buffa.</p>
<p>Italia, hacia 1940.</p>
<p>&nbsp;</p>
<p><strong>Dimensiones</strong></p>
<p><strong>cm</strong> 137 x 45 x 135</p>
<p><strong>inches</strong> 53.94 x 17.72 x 53.15</p>
