{"id":37509,"date":"2025-09-18T11:34:07","date_gmt":"2025-09-18T11:43:14","guid":{"rendered":"https:\/\/www.finsdesiecles-artdeco.com\/?post_type=product&#038;p=37509"},"modified":"2025-09-18T11:43:14","modified_gmt":"2025-09-18T11:43:14","slug":"lampara-de-laton-pulido-francia-1950","status":"publish","type":"product","link":"https:\/\/www.finsdesiecles-artdeco.com\/es\/product\/lampara-de-laton-pulido-francia-1950\/","title":{"rendered":"L\u00e1mpara de lat\u00f3n pulido &#8211; Francia 1950"},"content":{"rendered":"<p>L\u00e1mpara de lat\u00f3n pulido &#8211; Francia 1950<\/p>\n<p><strong>Dimensiones<\/strong><\/p>\n<p><strong>cm<\/strong>\u00a0Diam 54 x 171,5<\/p>\n<p><strong>inches<\/strong>\u00a0Diam 21.26 x 67.52<\/p>\n","protected":false},"excerpt":{"rendered":"<p>L\u00e1mpara de pie de lat\u00f3n pulido y laca en verde celad\u00f3n, interruptor y casquillo de baquelita, pantalla renovada en verde y dorado.<\/p>\n<p>Francia, hacia 1950.<\/p>\n<p>&nbsp;<\/p>\n<p><strong>Dimensiones<\/strong><\/p>\n<p><strong>cm<\/strong>\u00a0Diam 54 x 171,5<\/p>\n<p><strong>inches<\/strong>\u00a0Diam 21.26 x 67.52<\/p>\n","protected":false},"featured_media":37486,"template":"","meta":{"_editorskit_title_hidden":false,"_editorskit_reading_time":0,"_editorskit_is_block_options_detached":false,"_editorskit_block_options_position":"{}","inline_featured_image":false},"product_brand":[],"product_cat":[331,265],"product_tag":[],"class_list":{"0":"post-37509","1":"product","2":"type-product","3":"status-publish","4":"has-post-thumbnail","6":"product_cat-lamparas-de-pie","7":"product_cat-iluminacion","9":"first","10":"instock","11":"shipping-taxable","12":"purchasable","13":"product-type-simple"},"_links":{"self":[{"href":"https:\/\/www.finsdesiecles-artdeco.com\/es\/wp-json\/wp\/v2\/product\/37509","targetHints":{"allow":["GET"]}}],"collection":[{"href":"https:\/\/www.finsdesiecles-artdeco.com\/es\/wp-json\/wp\/v2\/product"}],"about":[{"href":"https:\/\/www.finsdesiecles-artdeco.com\/es\/wp-json\/wp\/v2\/types\/product"}],"wp:featuredmedia":[{"embeddable":true,"href":"https:\/\/www.finsdesiecles-artdeco.com\/es\/wp-json\/wp\/v2\/media\/37486"}],"wp:attachment":[{"href":"https:\/\/www.finsdesiecles-artdeco.com\/es\/wp-json\/wp\/v2\/media?parent=37509"}],"wp:term":[{"taxonomy":"product_brand","embeddable":true,"href":"https:\/\/www.finsdesiecles-artdeco.com\/es\/wp-json\/wp\/v2\/product_brand?post=37509"},{"taxonomy":"product_cat","embeddable":true,"href":"https:\/\/www.finsdesiecles-artdeco.com\/es\/wp-json\/wp\/v2\/product_cat?post=37509"},{"taxonomy":"product_tag","embeddable":true,"href":"https:\/\/www.finsdesiecles-artdeco.com\/es\/wp-json\/wp\/v2\/product_tag?post=37509"}],"curies":[{"name":"wp","href":"https:\/\/api.w.org\/{rel}","templated":true}]}}

Lámpara de latón pulido &#8211; Francia 1950

<p>Lámpara de latón pulido &#8211; Francia 1950</p>
<p><strong>Dimensiones</strong></p>
<p><strong>cm</strong> Diam 54 x 171,5</p>
<p><strong>inches</strong> Diam 21.26 x 67.52</p>

<p>Lámpara de pie de latón pulido y laca en verde celadón, interruptor y casquillo de baquelita, pantalla renovada en verde y dorado.</p>
<p>Francia, hacia 1950.</p>
<p>&nbsp;</p>
<p><strong>Dimensiones</strong></p>
<p><strong>cm</strong> Diam 54 x 171,5</p>
<p><strong>inches</strong> Diam 21.26 x 67.52</p>
