{"id":37883,"date":"2025-10-01T15:23:31","date_gmt":"2025-10-01T15:49:06","guid":{"rendered":"https:\/\/www.finsdesiecles-artdeco.com\/?post_type=product&#038;p=37883"},"modified":"2025-10-01T15:51:07","modified_gmt":"2025-10-01T15:51:07","slug":"pequena-lampara-de-techo-de-gaetano-sciolari-italia-1960","status":"publish","type":"product","link":"https:\/\/www.finsdesiecles-artdeco.com\/es\/product\/pequena-lampara-de-techo-de-gaetano-sciolari-italia-1960\/","title":{"rendered":"Peque\u00f1a l\u00e1mpara de techo de Gaetano Sciolari &#8211; Italia 1960"},"content":{"rendered":"<p>L\u00e1mpara de techo de Gaetano Sciolari &#8211; Italia 1960<\/p>\n<p><b>Dimensiones<\/b><\/p>\n<p><b>cm:<\/b>\u00a0Diam 33 x 97<\/p>\n<p><b>inches:<\/b>\u00a0Diam 12.99 x 38.19<\/p>\n","protected":false},"excerpt":{"rendered":"<p>L\u00e1mpara de techo en tres niveles con tubos de metal cromado y bolas de cristal, seis puntos de luz.<\/p>\n<p>Dise\u00f1o: Gaetano Sciolari.<\/p>\n<p>Italia, hacia 1960.<\/p>\n<p>&nbsp;<\/p>\n<p><b>Dimensiones<\/b><\/p>\n<p><b>cm:<\/b>\u00a0Diam 33 x 97<\/p>\n<p><b>inches:<\/b>\u00a0Diam 12.99 x 38.19<\/p>\n","protected":false},"featured_media":37869,"template":"","meta":{"_editorskit_title_hidden":false,"_editorskit_reading_time":0,"_editorskit_is_block_options_detached":false,"_editorskit_block_options_position":"{}","inline_featured_image":false},"product_brand":[],"product_cat":[328,265],"product_tag":[],"class_list":{"0":"post-37883","1":"product","2":"type-product","3":"status-publish","4":"has-post-thumbnail","6":"product_cat-lamparas-de-techo","7":"product_cat-iluminacion","9":"first","10":"instock","11":"shipping-taxable","12":"purchasable","13":"product-type-simple"},"_links":{"self":[{"href":"https:\/\/www.finsdesiecles-artdeco.com\/es\/wp-json\/wp\/v2\/product\/37883","targetHints":{"allow":["GET"]}}],"collection":[{"href":"https:\/\/www.finsdesiecles-artdeco.com\/es\/wp-json\/wp\/v2\/product"}],"about":[{"href":"https:\/\/www.finsdesiecles-artdeco.com\/es\/wp-json\/wp\/v2\/types\/product"}],"wp:featuredmedia":[{"embeddable":true,"href":"https:\/\/www.finsdesiecles-artdeco.com\/es\/wp-json\/wp\/v2\/media\/37869"}],"wp:attachment":[{"href":"https:\/\/www.finsdesiecles-artdeco.com\/es\/wp-json\/wp\/v2\/media?parent=37883"}],"wp:term":[{"taxonomy":"product_brand","embeddable":true,"href":"https:\/\/www.finsdesiecles-artdeco.com\/es\/wp-json\/wp\/v2\/product_brand?post=37883"},{"taxonomy":"product_cat","embeddable":true,"href":"https:\/\/www.finsdesiecles-artdeco.com\/es\/wp-json\/wp\/v2\/product_cat?post=37883"},{"taxonomy":"product_tag","embeddable":true,"href":"https:\/\/www.finsdesiecles-artdeco.com\/es\/wp-json\/wp\/v2\/product_tag?post=37883"}],"curies":[{"name":"wp","href":"https:\/\/api.w.org\/{rel}","templated":true}]}}

Pequeña lámpara de techo de Gaetano Sciolari &#8211; Italia 1960

<p>Lámpara de techo de Gaetano Sciolari &#8211; Italia 1960</p>
<p><b>Dimensiones</b></p>
<p><b>cm:</b> Diam 33 x 97</p>
<p><b>inches:</b> Diam 12.99 x 38.19</p>

<p>Lámpara de techo en tres niveles con tubos de metal cromado y bolas de cristal, seis puntos de luz.</p>
<p>Diseño: Gaetano Sciolari.</p>
<p>Italia, hacia 1960.</p>
<p>&nbsp;</p>
<p><b>Dimensiones</b></p>
<p><b>cm:</b> Diam 33 x 97</p>
<p><b>inches:</b> Diam 12.99 x 38.19</p>
