{"id":38112,"date":"2025-10-14T14:01:50","date_gmt":"2025-10-14T14:38:20","guid":{"rendered":"https:\/\/www.finsdesiecles-artdeco.com\/?post_type=product&#038;p=38112"},"modified":"2025-10-14T14:38:20","modified_gmt":"2025-10-14T14:38:20","slug":"gran-perchero-italia-1950","status":"publish","type":"product","link":"https:\/\/www.finsdesiecles-artdeco.com\/es\/product\/gran-perchero-italia-1950\/","title":{"rendered":"Gran perchero &#8211; Italia 1950"},"content":{"rendered":"<p>Gran perchero &#8211; Italia 1950<\/p>\n<p><strong>Dimensiones<\/strong><\/p>\n<p><strong>cm<\/strong>\u00a0149 x 25 x 178,5<\/p>\n<p><strong>inches<\/strong>\u00a058.66 x 9.84 x 70.28<\/p>\n","protected":false},"excerpt":{"rendered":"<p>Gran perchero de caoba te\u00f1ida y encerada, colgadores y detalles en lat\u00f3n, relleno y tapicer\u00eda renovados con tejido de rizo amarillo dorado. Repisa de cristal en la parte superior.<\/p>\n<p>Italia, hacia 1950.<\/p>\n<p>&nbsp;<\/p>\n<p>Gran perchero &#8211; Italia 1950<\/p>\n<p><strong>Dimensiones<\/strong><\/p>\n<p><strong>cm<\/strong>\u00a0149 x 25 x 178,5<\/p>\n<p><strong>inches<\/strong>\u00a058.66 x 9.84 x 70.28<\/p>\n","protected":false},"featured_media":38092,"template":"","meta":{"_editorskit_title_hidden":false,"_editorskit_reading_time":0,"_editorskit_is_block_options_detached":false,"_editorskit_block_options_position":"{}","inline_featured_image":false},"product_brand":[],"product_cat":[685],"product_tag":[],"class_list":{"0":"post-38112","1":"product","2":"type-product","3":"status-publish","4":"has-post-thumbnail","6":"product_cat-variados","8":"first","9":"instock","10":"shipping-taxable","11":"purchasable","12":"product-type-simple"},"_links":{"self":[{"href":"https:\/\/www.finsdesiecles-artdeco.com\/es\/wp-json\/wp\/v2\/product\/38112","targetHints":{"allow":["GET"]}}],"collection":[{"href":"https:\/\/www.finsdesiecles-artdeco.com\/es\/wp-json\/wp\/v2\/product"}],"about":[{"href":"https:\/\/www.finsdesiecles-artdeco.com\/es\/wp-json\/wp\/v2\/types\/product"}],"wp:featuredmedia":[{"embeddable":true,"href":"https:\/\/www.finsdesiecles-artdeco.com\/es\/wp-json\/wp\/v2\/media\/38092"}],"wp:attachment":[{"href":"https:\/\/www.finsdesiecles-artdeco.com\/es\/wp-json\/wp\/v2\/media?parent=38112"}],"wp:term":[{"taxonomy":"product_brand","embeddable":true,"href":"https:\/\/www.finsdesiecles-artdeco.com\/es\/wp-json\/wp\/v2\/product_brand?post=38112"},{"taxonomy":"product_cat","embeddable":true,"href":"https:\/\/www.finsdesiecles-artdeco.com\/es\/wp-json\/wp\/v2\/product_cat?post=38112"},{"taxonomy":"product_tag","embeddable":true,"href":"https:\/\/www.finsdesiecles-artdeco.com\/es\/wp-json\/wp\/v2\/product_tag?post=38112"}],"curies":[{"name":"wp","href":"https:\/\/api.w.org\/{rel}","templated":true}]}}

<p>Gran perchero de caoba teñida y encerada, colgadores y detalles en latón, relleno y tapicería renovados con tejido de rizo amarillo dorado. Repisa de cristal en la parte superior.</p>
<p>Italia, hacia 1950.</p>
<p>&nbsp;</p>
<p>Gran perchero &#8211; Italia 1950</p>
<p><strong>Dimensiones</strong></p>
<p><strong>cm</strong> 149 x 25 x 178,5</p>
<p><strong>inches</strong> 58.66 x 9.84 x 70.28</p>
