{"id":3828,"date":"2017-02-08T17:32:11","date_gmt":"2017-02-08T17:32:11","guid":{"rendered":"https:\/\/www.finsdesiecles-artdeco.com\/?product=espejos"},"modified":"2022-11-03T11:29:34","modified_gmt":"2022-11-03T11:29:34","slug":"gran-espejo-grabado-art-deco","status":"publish","type":"product","link":"https:\/\/www.finsdesiecles-artdeco.com\/es\/product\/gran-espejo-grabado-art-deco\/","title":{"rendered":"Gran espejo grabado Art Dec\u00f3"},"content":{"rendered":"<p>Gran espejo grabado <em>art dec\u00f3<\/em><\/p>\n<hr \/>\n<p><b>Dimensiones<\/b><\/p>\n<ul>\n<li><b>cm:<\/b> 130 x 2 x 180<\/li>\n<li><b>inches:<\/b> 51.18 x 0.79 x 70.87<\/li>\n<\/ul>\n","protected":false},"excerpt":{"rendered":"<p>Espectacular gran espejo <em>art dec\u00f3<\/em> con decoraci\u00f3n de ventana, cortinas y pompones, grabados al \u00e1cido, marco de lat\u00f3n cromado.<\/p>\n<p>Italia c. 1930<\/p>\n<p><b>Dimensiones<\/b><\/p>\n<ul>\n<li><b>cm:<\/b> 130 x 2 x 180<\/li>\n<li><b>inches:<\/b> 51.18 x 0.79 x 70.87<\/li>\n<\/ul>\n","protected":false},"featured_media":9251,"template":"","meta":{"_editorskit_title_hidden":false,"_editorskit_reading_time":0,"_editorskit_is_block_options_detached":false,"_editorskit_block_options_position":"{}","inline_featured_image":false},"product_brand":[],"product_cat":[455,343],"product_tag":[],"class_list":{"0":"post-3828","1":"product","2":"type-product","3":"status-publish","4":"has-post-thumbnail","6":"product_cat-espejos-de-pared","7":"product_cat-espejos1643813618","9":"first","10":"instock","11":"purchasable","12":"product-type-simple"},"_links":{"self":[{"href":"https:\/\/www.finsdesiecles-artdeco.com\/es\/wp-json\/wp\/v2\/product\/3828","targetHints":{"allow":["GET"]}}],"collection":[{"href":"https:\/\/www.finsdesiecles-artdeco.com\/es\/wp-json\/wp\/v2\/product"}],"about":[{"href":"https:\/\/www.finsdesiecles-artdeco.com\/es\/wp-json\/wp\/v2\/types\/product"}],"wp:featuredmedia":[{"embeddable":true,"href":"https:\/\/www.finsdesiecles-artdeco.com\/es\/wp-json\/wp\/v2\/media\/9251"}],"wp:attachment":[{"href":"https:\/\/www.finsdesiecles-artdeco.com\/es\/wp-json\/wp\/v2\/media?parent=3828"}],"wp:term":[{"taxonomy":"product_brand","embeddable":true,"href":"https:\/\/www.finsdesiecles-artdeco.com\/es\/wp-json\/wp\/v2\/product_brand?post=3828"},{"taxonomy":"product_cat","embeddable":true,"href":"https:\/\/www.finsdesiecles-artdeco.com\/es\/wp-json\/wp\/v2\/product_cat?post=3828"},{"taxonomy":"product_tag","embeddable":true,"href":"https:\/\/www.finsdesiecles-artdeco.com\/es\/wp-json\/wp\/v2\/product_tag?post=3828"}],"curies":[{"name":"wp","href":"https:\/\/api.w.org\/{rel}","templated":true}]}}

Gran espejo grabado Art Decó

<p>Gran espejo grabado <em>art decó</em></p>
<hr />
<p><b>Dimensiones</b></p>
<ul>
<li><b>cm:</b> 130 x 2 x 180</li>
<li><b>inches:</b> 51.18 x 0.79 x 70.87</li>
</ul>

<p>Espectacular gran espejo <em>art decó</em> con decoración de ventana, cortinas y pompones, grabados al ácido, marco de latón cromado.</p>
<p>Italia c. 1930</p>
<p><b>Dimensiones</b></p>
<ul>
<li><b>cm:</b> 130 x 2 x 180</li>
<li><b>inches:</b> 51.18 x 0.79 x 70.87</li>
</ul>
