{"id":38329,"date":"2025-10-23T14:07:57","date_gmt":"2025-10-23T14:19:11","guid":{"rendered":"https:\/\/www.finsdesiecles-artdeco.com\/?post_type=product&#038;p=38329"},"modified":"2025-10-23T15:02:29","modified_gmt":"2025-10-23T15:02:29","slug":"lampara-de-despacho-quick-1500-de-alfred-muller-suiza-1930","status":"publish","type":"product","link":"https:\/\/www.finsdesiecles-artdeco.com\/es\/product\/lampara-de-despacho-quick-1500-de-alfred-muller-suiza-1930\/","title":{"rendered":"L\u00e1mpara de despacho Quick 1500 de Alfred M\u00fcller &#8211; Suiza 1930"},"content":{"rendered":"<p>L\u00e1mpara de despacho Quick 1500 de Alfred M\u00fcller &#8211; Suiza 1930<\/p>\n<p><strong>Dimensiones<\/strong><\/p>\n<p><strong>cm<\/strong>\u00a062\/36 x 32,5 x 58\/45<\/p>\n<p><strong>inches<\/strong>\u00a024.41\/14.17 x 12.80 x 22.83\/17.72<\/p>\n","protected":false},"excerpt":{"rendered":"<p>L\u00e1mpara de despach Art Dec\u00f3 doblemente orientable y regulable en altura, de metal lacado en negro y metal cromado.<\/p>\n<p>Modelo Quick 1500 de Alfred M\u00fcller &#8211; AMBA<\/p>\n<p>Suiza, 1930.<\/p>\n<p>&nbsp;<\/p>\n<p><strong>Dimensiones<\/strong><\/p>\n<p><strong>cm<\/strong>\u00a062\/36 x 32,5 x 58\/45<\/p>\n<p><strong>inches<\/strong>\u00a024.41\/14.17 x 12.80 x 22.83\/17.72<\/p>\n","protected":false},"featured_media":38303,"template":"","meta":{"_editorskit_title_hidden":false,"_editorskit_reading_time":0,"_editorskit_is_block_options_detached":false,"_editorskit_block_options_position":"{}","inline_featured_image":false},"product_brand":[],"product_cat":[334,265],"product_tag":[],"class_list":{"0":"post-38329","1":"product","2":"type-product","3":"status-publish","4":"has-post-thumbnail","6":"product_cat-lamparas-de-mesa","7":"product_cat-iluminacion","9":"first","10":"instock","11":"shipping-taxable","12":"purchasable","13":"product-type-simple"},"_links":{"self":[{"href":"https:\/\/www.finsdesiecles-artdeco.com\/es\/wp-json\/wp\/v2\/product\/38329","targetHints":{"allow":["GET"]}}],"collection":[{"href":"https:\/\/www.finsdesiecles-artdeco.com\/es\/wp-json\/wp\/v2\/product"}],"about":[{"href":"https:\/\/www.finsdesiecles-artdeco.com\/es\/wp-json\/wp\/v2\/types\/product"}],"wp:featuredmedia":[{"embeddable":true,"href":"https:\/\/www.finsdesiecles-artdeco.com\/es\/wp-json\/wp\/v2\/media\/38303"}],"wp:attachment":[{"href":"https:\/\/www.finsdesiecles-artdeco.com\/es\/wp-json\/wp\/v2\/media?parent=38329"}],"wp:term":[{"taxonomy":"product_brand","embeddable":true,"href":"https:\/\/www.finsdesiecles-artdeco.com\/es\/wp-json\/wp\/v2\/product_brand?post=38329"},{"taxonomy":"product_cat","embeddable":true,"href":"https:\/\/www.finsdesiecles-artdeco.com\/es\/wp-json\/wp\/v2\/product_cat?post=38329"},{"taxonomy":"product_tag","embeddable":true,"href":"https:\/\/www.finsdesiecles-artdeco.com\/es\/wp-json\/wp\/v2\/product_tag?post=38329"}],"curies":[{"name":"wp","href":"https:\/\/api.w.org\/{rel}","templated":true}]}}

Lámpara de despacho Quick 1500 de Alfred Müller &#8211; Suiza 1930

<p>Lámpara de despacho Quick 1500 de Alfred Müller &#8211; Suiza 1930</p>
<p><strong>Dimensiones</strong></p>
<p><strong>cm</strong> 62/36 x 32,5 x 58/45</p>
<p><strong>inches</strong> 24.41/14.17 x 12.80 x 22.83/17.72</p>

<p>Lámpara de despach Art Decó doblemente orientable y regulable en altura, de metal lacado en negro y metal cromado.</p>
<p>Modelo Quick 1500 de Alfred Müller &#8211; AMBA</p>
<p>Suiza, 1930.</p>
<p>&nbsp;</p>
<p><strong>Dimensiones</strong></p>
<p><strong>cm</strong> 62/36 x 32,5 x 58/45</p>
<p><strong>inches</strong> 24.41/14.17 x 12.80 x 22.83/17.72</p>
