{"id":39035,"date":"2025-12-02T13:03:25","date_gmt":"2025-12-02T13:24:27","guid":{"rendered":"https:\/\/www.finsdesiecles-artdeco.com\/?post_type=product&#038;p=39035"},"modified":"2025-12-02T13:24:27","modified_gmt":"2025-12-02T13:24:27","slug":"jarron-anfora-muy-grande-de-guerin-belgica-1940","status":"publish","type":"product","link":"https:\/\/www.finsdesiecles-artdeco.com\/es\/product\/jarron-anfora-muy-grande-de-guerin-belgica-1940\/","title":{"rendered":"Jarr\u00f3n \u00ab\u00c1nfora\u00bb muy grande de Gu\u00e9rin &#8211; B\u00e9lgica 1940"},"content":{"rendered":"<p>Jarr\u00f3n \u00ab\u00c1nfora\u00bb muy grande de Gu\u00e9rin &#8211; B\u00e9lgica 1940<\/p>\n<p><strong>Dimensiones<\/strong><\/p>\n<p><strong>cm<\/strong>\u00a0Diam 25 x 67,5<\/p>\n<p><strong>inches<\/strong>\u00a0Diam 9.84 x 26.57<\/p>\n","protected":false},"excerpt":{"rendered":"<p>Jarr\u00f3n \u00ab\u00c1nfora\u00bb muy grande de gres a la sal en tonos marfil, perla, azul p\u00e1lido y verde caqui. Presenta un defecto de cocci\u00f3n.<\/p>\n<p>Firmado por Gu\u00e9rin, Chatelet.<\/p>\n<p>B\u00e9lgica, hacia 1940.<\/p>\n<p>&nbsp;<\/p>\n<p><strong>Dimensiones<\/strong><\/p>\n<p><strong>cm<\/strong>\u00a0Diam 25 x 67,5<\/p>\n<p><strong>inches<\/strong>\u00a0Diam 9.84 x 26.57<\/p>\n","protected":false},"featured_media":39018,"template":"","meta":{"_editorskit_title_hidden":false,"_editorskit_reading_time":0,"_editorskit_is_block_options_detached":false,"_editorskit_block_options_position":"{}","inline_featured_image":false},"product_brand":[],"product_cat":[463,268],"product_tag":[],"class_list":{"0":"post-39035","1":"product","2":"type-product","3":"status-publish","4":"has-post-thumbnail","6":"product_cat-ceramicas","7":"product_cat-objetos-y-adornos","9":"first","10":"instock","11":"shipping-taxable","12":"purchasable","13":"product-type-simple"},"_links":{"self":[{"href":"https:\/\/www.finsdesiecles-artdeco.com\/es\/wp-json\/wp\/v2\/product\/39035","targetHints":{"allow":["GET"]}}],"collection":[{"href":"https:\/\/www.finsdesiecles-artdeco.com\/es\/wp-json\/wp\/v2\/product"}],"about":[{"href":"https:\/\/www.finsdesiecles-artdeco.com\/es\/wp-json\/wp\/v2\/types\/product"}],"wp:featuredmedia":[{"embeddable":true,"href":"https:\/\/www.finsdesiecles-artdeco.com\/es\/wp-json\/wp\/v2\/media\/39018"}],"wp:attachment":[{"href":"https:\/\/www.finsdesiecles-artdeco.com\/es\/wp-json\/wp\/v2\/media?parent=39035"}],"wp:term":[{"taxonomy":"product_brand","embeddable":true,"href":"https:\/\/www.finsdesiecles-artdeco.com\/es\/wp-json\/wp\/v2\/product_brand?post=39035"},{"taxonomy":"product_cat","embeddable":true,"href":"https:\/\/www.finsdesiecles-artdeco.com\/es\/wp-json\/wp\/v2\/product_cat?post=39035"},{"taxonomy":"product_tag","embeddable":true,"href":"https:\/\/www.finsdesiecles-artdeco.com\/es\/wp-json\/wp\/v2\/product_tag?post=39035"}],"curies":[{"name":"wp","href":"https:\/\/api.w.org\/{rel}","templated":true}]}}

Jarrón «Ánfora» muy grande de Guérin &#8211; Bélgica 1940

<p>Jarrón «Ánfora» muy grande de Guérin &#8211; Bélgica 1940</p>
<p><strong>Dimensiones</strong></p>
<p><strong>cm</strong> Diam 25 x 67,5</p>
<p><strong>inches</strong> Diam 9.84 x 26.57</p>

<p>Jarrón «Ánfora» muy grande de gres a la sal en tonos marfil, perla, azul pálido y verde caqui. Presenta un defecto de cocción.</p>
<p>Firmado por Guérin, Chatelet.</p>
<p>Bélgica, hacia 1940.</p>
<p>&nbsp;</p>
<p><strong>Dimensiones</strong></p>
<p><strong>cm</strong> Diam 25 x 67,5</p>
<p><strong>inches</strong> Diam 9.84 x 26.57</p>
