{"id":3970,"date":"2017-07-11T17:46:43","date_gmt":"2017-07-11T17:46:43","guid":{"rendered":"https:\/\/www.finsdesiecles-artdeco.com\/?product=sillones"},"modified":"2022-08-09T11:47:58","modified_gmt":"2022-08-09T11:47:58","slug":"pareja-de-sillones-de-los-anos-70","status":"publish","type":"product","link":"https:\/\/www.finsdesiecles-artdeco.com\/es\/product\/pareja-de-sillones-de-los-anos-70\/","title":{"rendered":"Pareja de sillones de Dieter Rams"},"content":{"rendered":"<p>Pareja de sillones de Dieter Rams<\/p>\n<hr \/>\n<p><b>Dimensiones<\/b><\/p>\n<ul>\n<li><b>cm:<\/b> 79 x 72 x 76 Asiento 42<\/li>\n<li><b>inches:<\/b> 31.1 x 28.35 x 29.92 Asiento 16.54<\/li>\n<\/ul>\n","protected":false},"excerpt":{"rendered":"<p>Pareja de sillones de madera lacada en blanco, cojines en tela bucl\u00e9 azul noche con sistema de broches a presi\u00f3n. Herrajes de lat\u00f3n niquelado.<\/p>\n<p>Dise\u00f1o: Dieter Rams<\/p>\n<p>Alemania c. 1970<\/p>\n<p><b>Dimensiones<\/b><\/p>\n<ul>\n<li><b>cm:<\/b> 79 x 72 x 76 Asiento 42<\/li>\n<li><b>inches:<\/b> 31.1 x 28.35 x 29.92 Asiento 16.54<\/li>\n<\/ul>\n","protected":false},"featured_media":9401,"template":"","meta":{"_editorskit_title_hidden":false,"_editorskit_reading_time":0,"_editorskit_is_block_options_detached":false,"_editorskit_block_options_position":"{}","inline_featured_image":false},"product_brand":[],"product_cat":[252,253],"product_tag":[],"class_list":{"0":"post-3970","1":"product","2":"type-product","3":"status-publish","4":"has-post-thumbnail","6":"product_cat-asientos1643813446","7":"product_cat-sillones2","9":"first","10":"instock","11":"purchasable","12":"product-type-simple"},"_links":{"self":[{"href":"https:\/\/www.finsdesiecles-artdeco.com\/es\/wp-json\/wp\/v2\/product\/3970","targetHints":{"allow":["GET"]}}],"collection":[{"href":"https:\/\/www.finsdesiecles-artdeco.com\/es\/wp-json\/wp\/v2\/product"}],"about":[{"href":"https:\/\/www.finsdesiecles-artdeco.com\/es\/wp-json\/wp\/v2\/types\/product"}],"wp:featuredmedia":[{"embeddable":true,"href":"https:\/\/www.finsdesiecles-artdeco.com\/es\/wp-json\/wp\/v2\/media\/9401"}],"wp:attachment":[{"href":"https:\/\/www.finsdesiecles-artdeco.com\/es\/wp-json\/wp\/v2\/media?parent=3970"}],"wp:term":[{"taxonomy":"product_brand","embeddable":true,"href":"https:\/\/www.finsdesiecles-artdeco.com\/es\/wp-json\/wp\/v2\/product_brand?post=3970"},{"taxonomy":"product_cat","embeddable":true,"href":"https:\/\/www.finsdesiecles-artdeco.com\/es\/wp-json\/wp\/v2\/product_cat?post=3970"},{"taxonomy":"product_tag","embeddable":true,"href":"https:\/\/www.finsdesiecles-artdeco.com\/es\/wp-json\/wp\/v2\/product_tag?post=3970"}],"curies":[{"name":"wp","href":"https:\/\/api.w.org\/{rel}","templated":true}]}}

<p>Pareja de sillones de madera lacada en blanco, cojines en tela buclé azul noche con sistema de broches a presión. Herrajes de latón niquelado.</p>
<p>Diseño: Dieter Rams</p>
<p>Alemania c. 1970</p>
<p><b>Dimensiones</b></p>
<ul>
<li><b>cm:</b> 79 x 72 x 76 Asiento 42</li>
<li><b>inches:</b> 31.1 x 28.35 x 29.92 Asiento 16.54</li>
</ul>
