{"id":39755,"date":"2026-01-15T12:58:02","date_gmt":"2026-01-15T13:10:12","guid":{"rendered":"https:\/\/www.finsdesiecles-artdeco.com\/?post_type=product&#038;p=39755"},"modified":"2026-01-15T13:12:37","modified_gmt":"2026-01-15T13:12:37","slug":"mesa-auxiliar-art-deco-base-tulipan-francia-1930","status":"publish","type":"product","link":"https:\/\/www.finsdesiecles-artdeco.com\/es\/product\/mesa-auxiliar-art-deco-base-tulipan-francia-1930\/","title":{"rendered":"Mesa auxiliar Art Dec\u00f3 base tulip\u00e1n &#8211; Francia 1930"},"content":{"rendered":"<p>Mesa auxiliar Art Dec\u00f3 pie tulip\u00e1n &#8211; Francia 1930<\/p>\n<p><strong>Dimensiones<\/strong><\/p>\n<p><strong>cm<\/strong> Diam 65 x 56 (sobre) \/ 59 (patas)<\/p>\n<p><strong>inches<\/strong> Diam 25.59 x 22.05 (sobre) \/ 23.23 (patas)<\/p>\n","protected":false},"excerpt":{"rendered":"<p>Espl\u00e9ndida mesa auxiliar Art D\u00e9co con \u00abbase tulip\u00e1n\u00bb en madera chapada en palisandro y marqueter\u00eda de palisandro, base lacada en negro. Barnizada a mu\u00f1eca.<\/p>\n<p>Francia, 1930.<\/p>\n<p>&nbsp;<\/p>\n<p><strong>Dimensiones<\/strong><\/p>\n<p><strong>cm<\/strong> Diam 65 x 56 (sobre) \/ 59 (patas)<\/p>\n<p><strong>inches<\/strong> Diam 25.59 x 22.05 (sobre) \/ 23.23 (patas)<\/p>\n","protected":false},"featured_media":39738,"template":"","meta":{"_editorskit_title_hidden":false,"_editorskit_reading_time":0,"_editorskit_is_block_options_detached":false,"_editorskit_block_options_position":"{}","inline_featured_image":false},"product_brand":[],"product_cat":[258,259],"product_tag":[],"class_list":{"0":"post-39755","1":"product","2":"type-product","3":"status-publish","4":"has-post-thumbnail","6":"product_cat-mesas","7":"product_cat-auxiliares","9":"first","10":"instock","11":"shipping-taxable","12":"purchasable","13":"product-type-simple"},"_links":{"self":[{"href":"https:\/\/www.finsdesiecles-artdeco.com\/es\/wp-json\/wp\/v2\/product\/39755","targetHints":{"allow":["GET"]}}],"collection":[{"href":"https:\/\/www.finsdesiecles-artdeco.com\/es\/wp-json\/wp\/v2\/product"}],"about":[{"href":"https:\/\/www.finsdesiecles-artdeco.com\/es\/wp-json\/wp\/v2\/types\/product"}],"wp:featuredmedia":[{"embeddable":true,"href":"https:\/\/www.finsdesiecles-artdeco.com\/es\/wp-json\/wp\/v2\/media\/39738"}],"wp:attachment":[{"href":"https:\/\/www.finsdesiecles-artdeco.com\/es\/wp-json\/wp\/v2\/media?parent=39755"}],"wp:term":[{"taxonomy":"product_brand","embeddable":true,"href":"https:\/\/www.finsdesiecles-artdeco.com\/es\/wp-json\/wp\/v2\/product_brand?post=39755"},{"taxonomy":"product_cat","embeddable":true,"href":"https:\/\/www.finsdesiecles-artdeco.com\/es\/wp-json\/wp\/v2\/product_cat?post=39755"},{"taxonomy":"product_tag","embeddable":true,"href":"https:\/\/www.finsdesiecles-artdeco.com\/es\/wp-json\/wp\/v2\/product_tag?post=39755"}],"curies":[{"name":"wp","href":"https:\/\/api.w.org\/{rel}","templated":true}]}}

Mesa auxiliar Art Decó base tulipán &#8211; Francia 1930

<p>Mesa auxiliar Art Decó pie tulipán &#8211; Francia 1930</p>
<p><strong>Dimensiones</strong></p>
<p><strong>cm</strong> Diam 65 x 56 (sobre) / 59 (patas)</p>
<p><strong>inches</strong> Diam 25.59 x 22.05 (sobre) / 23.23 (patas)</p>

<p>Espléndida mesa auxiliar Art Déco con «base tulipán» en madera chapada en palisandro y marquetería de palisandro, base lacada en negro. Barnizada a muñeca.</p>
<p>Francia, 1930.</p>
<p>&nbsp;</p>
<p><strong>Dimensiones</strong></p>
<p><strong>cm</strong> Diam 65 x 56 (sobre) / 59 (patas)</p>
<p><strong>inches</strong> Diam 25.59 x 22.05 (sobre) / 23.23 (patas)</p>
