{"id":4019,"date":"2017-08-28T17:44:16","date_gmt":"2017-08-28T17:44:16","guid":{"rendered":"https:\/\/www.finsdesiecles-artdeco.com\/?product=lamparas-de-pie"},"modified":"2022-10-29T14:38:44","modified_gmt":"2022-10-29T14:38:44","slug":"lampara-de-pie-de-los-anos-50-2","status":"publish","type":"product","link":"https:\/\/www.finsdesiecles-artdeco.com\/es\/product\/lampara-de-pie-de-los-anos-50-2\/","title":{"rendered":"L\u00e1mpara de pie de los a\u00f1os 50"},"content":{"rendered":"<p>L\u00e1mpara de pie de los a\u00f1os 50<\/p>\n<hr \/>\n<p><b>Dimensiones<\/b><\/p>\n<ul>\n<li><b>cm:<\/b> Diam 50 x 182<\/li>\n<li><b>inches:<\/b> Diam 19.69 x 71.65<\/li>\n<\/ul>\n","protected":false},"excerpt":{"rendered":"<p>L\u00e1mpara de pie, fuste de lat\u00f3n pulido con 6 luces cubiertas por una pantalla de metal lacado en verde celad\u00f3n y blanco por dentro. Cableado nuevo.<\/p>\n<p>Marca: Stiffel (etiqueta en la base)<\/p>\n<p>U.S.A. c. 1950<\/p>\n<p><b>Dimensiones<\/b><\/p>\n<ul>\n<li><b>cm:<\/b> Diam 50 x 182<\/li>\n<li><b>inches:<\/b> Diam 19.69 x 71.65<\/li>\n<\/ul>\n","protected":false},"featured_media":9069,"template":"","meta":{"_editorskit_title_hidden":false,"_editorskit_reading_time":0,"_editorskit_is_block_options_detached":false,"_editorskit_block_options_position":"{}","inline_featured_image":false},"product_brand":[],"product_cat":[265,331],"product_tag":[],"class_list":{"0":"post-4019","1":"product","2":"type-product","3":"status-publish","4":"has-post-thumbnail","6":"product_cat-iluminacion","7":"product_cat-lamparas-de-pie","9":"first","10":"instock","11":"purchasable","12":"product-type-simple"},"_links":{"self":[{"href":"https:\/\/www.finsdesiecles-artdeco.com\/es\/wp-json\/wp\/v2\/product\/4019","targetHints":{"allow":["GET"]}}],"collection":[{"href":"https:\/\/www.finsdesiecles-artdeco.com\/es\/wp-json\/wp\/v2\/product"}],"about":[{"href":"https:\/\/www.finsdesiecles-artdeco.com\/es\/wp-json\/wp\/v2\/types\/product"}],"wp:featuredmedia":[{"embeddable":true,"href":"https:\/\/www.finsdesiecles-artdeco.com\/es\/wp-json\/wp\/v2\/media\/9069"}],"wp:attachment":[{"href":"https:\/\/www.finsdesiecles-artdeco.com\/es\/wp-json\/wp\/v2\/media?parent=4019"}],"wp:term":[{"taxonomy":"product_brand","embeddable":true,"href":"https:\/\/www.finsdesiecles-artdeco.com\/es\/wp-json\/wp\/v2\/product_brand?post=4019"},{"taxonomy":"product_cat","embeddable":true,"href":"https:\/\/www.finsdesiecles-artdeco.com\/es\/wp-json\/wp\/v2\/product_cat?post=4019"},{"taxonomy":"product_tag","embeddable":true,"href":"https:\/\/www.finsdesiecles-artdeco.com\/es\/wp-json\/wp\/v2\/product_tag?post=4019"}],"curies":[{"name":"wp","href":"https:\/\/api.w.org\/{rel}","templated":true}]}}

Lámpara de pie de los años 50

<p>Lámpara de pie de los años 50</p>
<hr />
<p><b>Dimensiones</b></p>
<ul>
<li><b>cm:</b> Diam 50 x 182</li>
<li><b>inches:</b> Diam 19.69 x 71.65</li>
</ul>

<p>Lámpara de pie, fuste de latón pulido con 6 luces cubiertas por una pantalla de metal lacado en verde celadón y blanco por dentro. Cableado nuevo.</p>
<p>Marca: Stiffel (etiqueta en la base)</p>
<p>U.S.A. c. 1950</p>
<p><b>Dimensiones</b></p>
<ul>
<li><b>cm:</b> Diam 50 x 182</li>
<li><b>inches:</b> Diam 19.69 x 71.65</li>
</ul>
