{"id":40448,"date":"2026-03-02T16:00:29","date_gmt":"2026-03-02T16:17:33","guid":{"rendered":"https:\/\/www.finsdesiecles-artdeco.com\/?post_type=product&#038;p=40448"},"modified":"2026-03-02T16:17:33","modified_gmt":"2026-03-02T16:17:33","slug":"paraguero-y-macetero-art-deco-de-demeyere-belgica-1930","status":"publish","type":"product","link":"https:\/\/www.finsdesiecles-artdeco.com\/es\/product\/paraguero-y-macetero-art-deco-de-demeyere-belgica-1930\/","title":{"rendered":"Parag\u00fcero y macetero Art Dec\u00f3 de Demeyere &#8211; B\u00e9lgica 1930"},"content":{"rendered":"<p>Parag\u00fcero y macetero Art Dec\u00f3 de Demeyere &#8211; B\u00e9lgica 1930<\/p>\n<p><strong>Dimensiones<\/strong><\/p>\n<p><strong>cm<\/strong> Diam base 37,5 \/Diam parag\u00fcero 32,5\/Diam macetero 31 x 113 (total)\/51,5 (parag\u00fcero)<\/p>\n<p><strong>inches\u00a0<\/strong> Diam base 14.76 \/Diam parag\u00fcero 12.79\/Diam macetero 12.20 x 44.49 (total)\/20.27 (parag\u00fcero)<\/p>\n","protected":false},"excerpt":{"rendered":"<p>Gran parag\u00fcero y macetero Art Dec\u00f3 de metal cromado y baquelita de gran calidad.<\/p>\n<p>Dise\u00f1o de Demeyere.<\/p>\n<p>B\u00e9lgica, 1930.<\/p>\n<p>&nbsp;<\/p>\n<p><strong>Dimensiones<\/strong><\/p>\n<p><strong>cm<\/strong> Diam base 37,5 \/Diam parag\u00fcero 32,5\/Diam macetero 31 x 113 (total)\/51,5 (parag\u00fcero)<\/p>\n<p><strong>inches\u00a0<\/strong> Diam base 14.76 \/Diam parag\u00fcero 12.79\/Diam macetero 12.20 x 44.49 (total)\/20.27 (parag\u00fcero)<\/p>\n","protected":false},"featured_media":40425,"template":"","meta":{"_editorskit_title_hidden":false,"_editorskit_reading_time":0,"_editorskit_is_block_options_detached":false,"_editorskit_block_options_position":"{}","inline_featured_image":false},"product_brand":[],"product_cat":[685],"product_tag":[],"class_list":{"0":"post-40448","1":"product","2":"type-product","3":"status-publish","4":"has-post-thumbnail","6":"product_cat-variados","8":"first","9":"instock","10":"shipping-taxable","11":"purchasable","12":"product-type-simple"},"_links":{"self":[{"href":"https:\/\/www.finsdesiecles-artdeco.com\/es\/wp-json\/wp\/v2\/product\/40448","targetHints":{"allow":["GET"]}}],"collection":[{"href":"https:\/\/www.finsdesiecles-artdeco.com\/es\/wp-json\/wp\/v2\/product"}],"about":[{"href":"https:\/\/www.finsdesiecles-artdeco.com\/es\/wp-json\/wp\/v2\/types\/product"}],"wp:featuredmedia":[{"embeddable":true,"href":"https:\/\/www.finsdesiecles-artdeco.com\/es\/wp-json\/wp\/v2\/media\/40425"}],"wp:attachment":[{"href":"https:\/\/www.finsdesiecles-artdeco.com\/es\/wp-json\/wp\/v2\/media?parent=40448"}],"wp:term":[{"taxonomy":"product_brand","embeddable":true,"href":"https:\/\/www.finsdesiecles-artdeco.com\/es\/wp-json\/wp\/v2\/product_brand?post=40448"},{"taxonomy":"product_cat","embeddable":true,"href":"https:\/\/www.finsdesiecles-artdeco.com\/es\/wp-json\/wp\/v2\/product_cat?post=40448"},{"taxonomy":"product_tag","embeddable":true,"href":"https:\/\/www.finsdesiecles-artdeco.com\/es\/wp-json\/wp\/v2\/product_tag?post=40448"}],"curies":[{"name":"wp","href":"https:\/\/api.w.org\/{rel}","templated":true}]}}

Paragüero y macetero Art Decó de Demeyere &#8211; Bélgica 1930

<p>Paragüero y macetero Art Decó de Demeyere &#8211; Bélgica 1930</p>
<p><strong>Dimensiones</strong></p>
<p><strong>cm</strong> Diam base 37,5 /Diam paragüero 32,5/Diam macetero 31 x 113 (total)/51,5 (paragüero)</p>
<p><strong>inches </strong> Diam base 14.76 /Diam paragüero 12.79/Diam macetero 12.20 x 44.49 (total)/20.27 (paragüero)</p>

<p>Gran paragüero y macetero Art Decó de metal cromado y baquelita de gran calidad.</p>
<p>Diseño de Demeyere.</p>
<p>Bélgica, 1930.</p>
<p>&nbsp;</p>
<p><strong>Dimensiones</strong></p>
<p><strong>cm</strong> Diam base 37,5 /Diam paragüero 32,5/Diam macetero 31 x 113 (total)/51,5 (paragüero)</p>
<p><strong>inches </strong> Diam base 14.76 /Diam paragüero 12.79/Diam macetero 12.20 x 44.49 (total)/20.27 (paragüero)</p>
