{"id":40477,"date":"2026-03-03T17:19:06","date_gmt":"2026-03-03T17:27:45","guid":{"rendered":"https:\/\/www.finsdesiecles-artdeco.com\/?post_type=product&#038;p=40477"},"modified":"2026-03-03T17:27:45","modified_gmt":"2026-03-03T17:27:45","slug":"pequena-banqueta-espana-1940","status":"publish","type":"product","link":"https:\/\/www.finsdesiecles-artdeco.com\/es\/product\/pequena-banqueta-espana-1940\/","title":{"rendered":"Peque\u00f1a banqueta &#8211; Espa\u00f1a 1940"},"content":{"rendered":"<p>Peque\u00f1a banqueta &#8211; Espa\u00f1a 1940<\/p>\n<p><strong>Dimensiones<\/strong><\/p>\n<p><strong>cm<\/strong>\u00a054 x 36 x 41<\/p>\n<p><strong>inches<\/strong>\u00a021.26 x 14.17 x 16.14<\/p>\n","protected":false},"excerpt":{"rendered":"<p>Peque\u00f1a banqueta con chapado de nogal barnizado a mu\u00f1eca, asiento hecho a nuevo con terciopelo gris perla.<\/p>\n<p>Espa\u00f1a, hacia 1940.<\/p>\n<p>&nbsp;<\/p>\n<p><strong>Dimensiones<\/strong><\/p>\n<p><strong>cm<\/strong>\u00a054 x 36 x 41<\/p>\n<p><strong>inches<\/strong>\u00a021.26 x 14.17 x 16.14<\/p>\n","protected":false},"featured_media":40493,"template":"","meta":{"_editorskit_title_hidden":false,"_editorskit_reading_time":0,"_editorskit_is_block_options_detached":false,"_editorskit_block_options_position":"{}","inline_featured_image":false},"product_brand":[],"product_cat":[252,286],"product_tag":[],"class_list":{"0":"post-40477","1":"product","2":"type-product","3":"status-publish","4":"has-post-thumbnail","6":"product_cat-asientos1643813446","7":"product_cat-banquetas1643813515","9":"first","10":"instock","11":"shipping-taxable","12":"purchasable","13":"product-type-simple"},"_links":{"self":[{"href":"https:\/\/www.finsdesiecles-artdeco.com\/es\/wp-json\/wp\/v2\/product\/40477","targetHints":{"allow":["GET"]}}],"collection":[{"href":"https:\/\/www.finsdesiecles-artdeco.com\/es\/wp-json\/wp\/v2\/product"}],"about":[{"href":"https:\/\/www.finsdesiecles-artdeco.com\/es\/wp-json\/wp\/v2\/types\/product"}],"wp:featuredmedia":[{"embeddable":true,"href":"https:\/\/www.finsdesiecles-artdeco.com\/es\/wp-json\/wp\/v2\/media\/40493"}],"wp:attachment":[{"href":"https:\/\/www.finsdesiecles-artdeco.com\/es\/wp-json\/wp\/v2\/media?parent=40477"}],"wp:term":[{"taxonomy":"product_brand","embeddable":true,"href":"https:\/\/www.finsdesiecles-artdeco.com\/es\/wp-json\/wp\/v2\/product_brand?post=40477"},{"taxonomy":"product_cat","embeddable":true,"href":"https:\/\/www.finsdesiecles-artdeco.com\/es\/wp-json\/wp\/v2\/product_cat?post=40477"},{"taxonomy":"product_tag","embeddable":true,"href":"https:\/\/www.finsdesiecles-artdeco.com\/es\/wp-json\/wp\/v2\/product_tag?post=40477"}],"curies":[{"name":"wp","href":"https:\/\/api.w.org\/{rel}","templated":true}]}}

Pequeña banqueta &#8211; España 1940

<p>Pequeña banqueta &#8211; España 1940</p>
<p><strong>Dimensiones</strong></p>
<p><strong>cm</strong> 54 x 36 x 41</p>
<p><strong>inches</strong> 21.26 x 14.17 x 16.14</p>

<p>Pequeña banqueta con chapado de nogal barnizado a muñeca, asiento hecho a nuevo con terciopelo gris perla.</p>
<p>España, hacia 1940.</p>
<p>&nbsp;</p>
<p><strong>Dimensiones</strong></p>
<p><strong>cm</strong> 54 x 36 x 41</p>
<p><strong>inches</strong> 21.26 x 14.17 x 16.14</p>
