{"id":40610,"date":"2026-03-11T15:42:29","date_gmt":"2026-03-11T15:58:17","guid":{"rendered":"https:\/\/www.finsdesiecles-artdeco.com\/?post_type=product&#038;p=40610"},"modified":"2026-03-11T15:58:17","modified_gmt":"2026-03-11T15:58:17","slug":"gran-mueble-archivador-art-deco-barcelona-1930","status":"publish","type":"product","link":"https:\/\/www.finsdesiecles-artdeco.com\/es\/product\/gran-mueble-archivador-art-deco-barcelona-1930\/","title":{"rendered":"Gran mueble archivador Art D\u00e9co &#8211; Barcelona 1930"},"content":{"rendered":"<p>Gran mueble archivador Art D\u00e9co &#8211; Barcelona 1930<\/p>\n<p><strong>Dimensiones<\/strong><\/p>\n<p><strong>cm<\/strong>\u00a0247,5 x 45 x 206,5<\/p>\n<p><strong>inches<\/strong>\u00a097.44 x 17.72 x 81.30<\/p>\n","protected":false},"excerpt":{"rendered":"<p>Espectacular gran mueble archivador Art D\u00e9co totalmente desmontable, base y capitel en caoba maciza, laterales y puertas correderas enchapados de nogal, interior compuesto por 66 cajones peque\u00f1os y 12 cajones grandes en limoncillo macizo. Herrajes en lat\u00f3n pulido. Barnizado a mu\u00f1eca.<\/p>\n<p>Espa\u00f1a, Barcelona, hacia 1930.<\/p>\n<p>&nbsp;<\/p>\n<p><strong>Dimensiones<\/strong><\/p>\n<p><strong>cm<\/strong>\u00a0247,5 x 45 x 206,5<\/p>\n<p><strong>inches<\/strong>\u00a097.44 x 17.72 x 81.30<\/p>\n","protected":false},"featured_media":40574,"template":"","meta":{"_editorskit_title_hidden":false,"_editorskit_reading_time":0,"_editorskit_is_block_options_detached":false,"_editorskit_block_options_position":"{}","inline_featured_image":false},"product_brand":[],"product_cat":[412,694],"product_tag":[],"class_list":{"0":"post-40610","1":"product","2":"type-product","3":"status-publish","4":"has-post-thumbnail","6":"product_cat-almacenaje","7":"product_cat-gabinetes","9":"first","10":"instock","11":"shipping-taxable","12":"purchasable","13":"product-type-simple"},"_links":{"self":[{"href":"https:\/\/www.finsdesiecles-artdeco.com\/es\/wp-json\/wp\/v2\/product\/40610","targetHints":{"allow":["GET"]}}],"collection":[{"href":"https:\/\/www.finsdesiecles-artdeco.com\/es\/wp-json\/wp\/v2\/product"}],"about":[{"href":"https:\/\/www.finsdesiecles-artdeco.com\/es\/wp-json\/wp\/v2\/types\/product"}],"wp:featuredmedia":[{"embeddable":true,"href":"https:\/\/www.finsdesiecles-artdeco.com\/es\/wp-json\/wp\/v2\/media\/40574"}],"wp:attachment":[{"href":"https:\/\/www.finsdesiecles-artdeco.com\/es\/wp-json\/wp\/v2\/media?parent=40610"}],"wp:term":[{"taxonomy":"product_brand","embeddable":true,"href":"https:\/\/www.finsdesiecles-artdeco.com\/es\/wp-json\/wp\/v2\/product_brand?post=40610"},{"taxonomy":"product_cat","embeddable":true,"href":"https:\/\/www.finsdesiecles-artdeco.com\/es\/wp-json\/wp\/v2\/product_cat?post=40610"},{"taxonomy":"product_tag","embeddable":true,"href":"https:\/\/www.finsdesiecles-artdeco.com\/es\/wp-json\/wp\/v2\/product_tag?post=40610"}],"curies":[{"name":"wp","href":"https:\/\/api.w.org\/{rel}","templated":true}]}}

Gran mueble archivador Art Déco &#8211; Barcelona 1930

<p>Gran mueble archivador Art Déco &#8211; Barcelona 1930</p>
<p><strong>Dimensiones</strong></p>
<p><strong>cm</strong> 247,5 x 45 x 206,5</p>
<p><strong>inches</strong> 97.44 x 17.72 x 81.30</p>

<p>Espectacular gran mueble archivador Art Déco totalmente desmontable, base y capitel en caoba maciza, laterales y puertas correderas enchapados de nogal, interior compuesto por 66 cajones pequeños y 12 cajones grandes en limoncillo macizo. Herrajes en latón pulido. Barnizado a muñeca.</p>
<p>España, Barcelona, hacia 1930.</p>
<p>&nbsp;</p>
<p><strong>Dimensiones</strong></p>
<p><strong>cm</strong> 247,5 x 45 x 206,5</p>
<p><strong>inches</strong> 97.44 x 17.72 x 81.30</p>
