{"id":6244,"date":"2020-05-10T19:19:29","date_gmt":"2020-05-10T19:19:29","guid":{"rendered":"https:\/\/www.finsdesiecles-artdeco.com\/?product=jarrones"},"modified":"2023-03-11T10:52:26","modified_gmt":"2023-03-11T10:52:26","slug":"gran-jarron-de-guerin","status":"publish","type":"product","link":"https:\/\/www.finsdesiecles-artdeco.com\/es\/product\/gran-jarron-de-guerin\/","title":{"rendered":"Jarr\u00f3n de Gu\u00e9rin &#8211; B\u00e9lgica 1935-1940"},"content":{"rendered":"<p><strong>Roger Gu\u00e9rin<\/strong> (B\u00e9lgica 1896 &#8211; 1954)<\/p>\n<p>Roger Gu\u00e9rin es un nombre importante en la cer\u00e1mica belga <em>art d\u00e9co.<\/em> La mayor parte de su obra se compone de jarrones y esculturas. Su material preferido era el gres con un vidriado de sal a fuego alto. Se inici\u00f3 en el modernismo y luego evolucion\u00f3 hacia el <em>art d\u00e9co<\/em>. Obtuvo reconocimiento internacional tras su presencia en la Exposici\u00f3n Internacional de Artes Decorativas Industriales y Modernas de Par\u00eds en 1925. Realiz\u00f3 numerosas colaboraciones art\u00edsticas con escultores y herreros. Varias de sus obras fueron adquiridas por el rey Alberto o se encuentran en museos belgas, holandeses, italianos y estadounidenses.<\/p>\n<p>&nbsp;<\/p>\n<p>&nbsp;<\/p>\n","protected":false},"excerpt":{"rendered":"<p>Gran jarr\u00f3n de gres de peque\u00f1o cuello con t\u00e9cnica de sal esmalte.<\/p>\n<p>Marcado y firmado: Gu\u00e9rin 1771j<\/p>\n<p>B\u00e9lgica,\u00a0Bouffioulx 1935-40<\/p>\n","protected":false},"featured_media":9181,"template":"","meta":{"_editorskit_title_hidden":false,"_editorskit_reading_time":0,"_editorskit_is_block_options_detached":false,"_editorskit_block_options_position":"{}","inline_featured_image":false},"product_brand":[],"product_cat":[268,463],"product_tag":[],"class_list":{"0":"post-6244","1":"product","2":"type-product","3":"status-publish","4":"has-post-thumbnail","6":"product_cat-objetos-y-adornos","7":"product_cat-ceramicas","9":"first","10":"instock","11":"purchasable","12":"product-type-simple"},"_links":{"self":[{"href":"https:\/\/www.finsdesiecles-artdeco.com\/es\/wp-json\/wp\/v2\/product\/6244","targetHints":{"allow":["GET"]}}],"collection":[{"href":"https:\/\/www.finsdesiecles-artdeco.com\/es\/wp-json\/wp\/v2\/product"}],"about":[{"href":"https:\/\/www.finsdesiecles-artdeco.com\/es\/wp-json\/wp\/v2\/types\/product"}],"wp:featuredmedia":[{"embeddable":true,"href":"https:\/\/www.finsdesiecles-artdeco.com\/es\/wp-json\/wp\/v2\/media\/9181"}],"wp:attachment":[{"href":"https:\/\/www.finsdesiecles-artdeco.com\/es\/wp-json\/wp\/v2\/media?parent=6244"}],"wp:term":[{"taxonomy":"product_brand","embeddable":true,"href":"https:\/\/www.finsdesiecles-artdeco.com\/es\/wp-json\/wp\/v2\/product_brand?post=6244"},{"taxonomy":"product_cat","embeddable":true,"href":"https:\/\/www.finsdesiecles-artdeco.com\/es\/wp-json\/wp\/v2\/product_cat?post=6244"},{"taxonomy":"product_tag","embeddable":true,"href":"https:\/\/www.finsdesiecles-artdeco.com\/es\/wp-json\/wp\/v2\/product_tag?post=6244"}],"curies":[{"name":"wp","href":"https:\/\/api.w.org\/{rel}","templated":true}]}}

Jarrón de Guérin &#8211; Bélgica 1935-1940

<p><strong>Roger Guérin</strong> (Bélgica 1896 &#8211; 1954)</p>
<p>Roger Guérin es un nombre importante en la cerámica belga <em>art déco.</em> La mayor parte de su obra se compone de jarrones y esculturas. Su material preferido era el gres con un vidriado de sal a fuego alto. Se inició en el modernismo y luego evolucionó hacia el <em>art déco</em>. Obtuvo reconocimiento internacional tras su presencia en la Exposición Internacional de Artes Decorativas Industriales y Modernas de París en 1925. Realizó numerosas colaboraciones artísticas con escultores y herreros. Varias de sus obras fueron adquiridas por el rey Alberto o se encuentran en museos belgas, holandeses, italianos y estadounidenses.</p>
<p>&nbsp;</p>
<p>&nbsp;</p>

<p>Gran jarrón de gres de pequeño cuello con técnica de sal esmalte.</p>
<p>Marcado y firmado: Guérin 1771j</p>
<p>Bélgica, Bouffioulx 1935-40</p>
