{"id":6534,"date":"2020-09-08T13:59:22","date_gmt":"2020-09-08T13:59:22","guid":{"rendered":"https:\/\/www.finsdesiecles-artdeco.com\/?product=jarrones"},"modified":"2022-09-21T10:50:23","modified_gmt":"2022-09-21T10:50:23","slug":"gran-jarron-de-ceramica-alemania-occidental-1960","status":"publish","type":"product","link":"https:\/\/www.finsdesiecles-artdeco.com\/es\/product\/gran-jarron-de-ceramica-alemania-occidental-1960\/","title":{"rendered":"Gran jarr\u00f3n de cer\u00e1mica &#8211; Alemania Occidental 1960"},"content":{"rendered":"<p>Gran jarr\u00f3n de cer\u00e1mica &#8211; Alemania Occidental 1960<\/p>\n<hr \/>\n<p><b>Dimensiones<\/b><\/p>\n<ul>\n<li><b>cm:<\/b> Diam 36 x 54<\/li>\n<li><b>inches:<\/b> Diam 14.17 x 21.26<\/li>\n<\/ul>\n","protected":false},"excerpt":{"rendered":"<p>Gran jarr\u00f3n de cer\u00e1mica con dibujos geom\u00e9tricos y esmalte \u00absnakeskin\u00bb.<\/p>\n<p>Alemania Occidental c. 1960<\/p>\n<p><b>Dimensiones<\/b><\/p>\n<ul>\n<li><b>cm:<\/b> Diam 36 x 54<\/li>\n<li><b>inches:<\/b> Diam 14.17 x 21.26<\/li>\n<\/ul>\n","protected":false},"featured_media":9165,"template":"","meta":{"_editorskit_title_hidden":false,"_editorskit_reading_time":0,"_editorskit_is_block_options_detached":false,"_editorskit_block_options_position":"{}","inline_featured_image":false},"product_brand":[],"product_cat":[268,463],"product_tag":[],"class_list":{"0":"post-6534","1":"product","2":"type-product","3":"status-publish","4":"has-post-thumbnail","6":"product_cat-objetos-y-adornos","7":"product_cat-ceramicas","9":"first","10":"instock","11":"purchasable","12":"product-type-simple"},"_links":{"self":[{"href":"https:\/\/www.finsdesiecles-artdeco.com\/es\/wp-json\/wp\/v2\/product\/6534","targetHints":{"allow":["GET"]}}],"collection":[{"href":"https:\/\/www.finsdesiecles-artdeco.com\/es\/wp-json\/wp\/v2\/product"}],"about":[{"href":"https:\/\/www.finsdesiecles-artdeco.com\/es\/wp-json\/wp\/v2\/types\/product"}],"wp:featuredmedia":[{"embeddable":true,"href":"https:\/\/www.finsdesiecles-artdeco.com\/es\/wp-json\/wp\/v2\/media\/9165"}],"wp:attachment":[{"href":"https:\/\/www.finsdesiecles-artdeco.com\/es\/wp-json\/wp\/v2\/media?parent=6534"}],"wp:term":[{"taxonomy":"product_brand","embeddable":true,"href":"https:\/\/www.finsdesiecles-artdeco.com\/es\/wp-json\/wp\/v2\/product_brand?post=6534"},{"taxonomy":"product_cat","embeddable":true,"href":"https:\/\/www.finsdesiecles-artdeco.com\/es\/wp-json\/wp\/v2\/product_cat?post=6534"},{"taxonomy":"product_tag","embeddable":true,"href":"https:\/\/www.finsdesiecles-artdeco.com\/es\/wp-json\/wp\/v2\/product_tag?post=6534"}],"curies":[{"name":"wp","href":"https:\/\/api.w.org\/{rel}","templated":true}]}}

Gran jarrón de cerámica &#8211; Alemania Occidental 1960

<p>Gran jarrón de cerámica &#8211; Alemania Occidental 1960</p>
<hr />
<p><b>Dimensiones</b></p>
<ul>
<li><b>cm:</b> Diam 36 x 54</li>
<li><b>inches:</b> Diam 14.17 x 21.26</li>
</ul>

<p>Gran jarrón de cerámica con dibujos geométricos y esmalte «snakeskin».</p>
<p>Alemania Occidental c. 1960</p>
<p><b>Dimensiones</b></p>
<ul>
<li><b>cm:</b> Diam 36 x 54</li>
<li><b>inches:</b> Diam 14.17 x 21.26</li>
</ul>
