{"id":7816,"date":"2021-10-27T15:31:48","date_gmt":"2021-10-27T15:31:48","guid":{"rendered":"https:\/\/www.finsdesiecles-artdeco.com\/?product=mesas"},"modified":"2023-06-29T09:39:08","modified_gmt":"2023-06-29T09:39:08","slug":"mesa-o-despacho-de-ico-parisi-1958","status":"publish","type":"product","link":"https:\/\/www.finsdesiecles-artdeco.com\/es\/product\/mesa-o-despacho-de-ico-parisi-1958\/","title":{"rendered":"Mesa de Ico Parisi y Ennio Fazioli &#8211; Italia 1958"},"content":{"rendered":"<p><strong>\u00a0<\/strong><strong>Ico Parisi<\/strong> (Palermo, Italia 1916- Como, Italia 1996)<\/p>\n<p>Alumno de Giuseppe Terragni, Ico Parisi fue uno de los principales dise\u00f1adores de mobiliario italiano de los a\u00f1os 50, un esp\u00edritu multifac\u00e9tico que conceb\u00eda el dise\u00f1o como parte de un todo, junto con el arte y la arquitectura. Su actividad, marcada por la experimentaci\u00f3n constante, se centr\u00f3 en la investigaci\u00f3n en los campos de la arquitectura, el arte y el dise\u00f1o. Entre 1948 y 1950, Parisi se dedic\u00f3 al estudio de los elementos del mobiliario. En el campo del dise\u00f1o, los encuentros con Munari y Fontana (1951) y Melotti marcaron profundamente su experiencia. En 1948 fund\u00f3, con su mujer Luisa Aiani, proyectista y dise\u00f1adora, el estudio La ruota en Como, cuya actividad ces\u00f3 en 1995. Entre los muebles m\u00e1s ic\u00f3nicos de la pareja, se encuentran las mesas de l\u00edneas aerodin\u00e1micas, con patas en X o en Y, muy modernos para la \u00e9poca y de moda en la decoraci\u00f3n contempor\u00e1nea. Desde los sillones en forma de huevo para Cassina hasta los muebles para Stildomus, sus piezas, que abarcan varios campos, captaron la atenci\u00f3n de la empresa estadounidense Singer and Son en Nueva York, la primera empresa, en la d\u00e9cada de 1950, en exportar muebles Parisi al extranjero. En 1954 gan\u00f3 la Medalla de Oro en la X Trienal de Mil\u00e1n con la obra <em>Padiglione soggiorno<\/em>, con Silvio Longhi y Luigi Antonietti. En 1957 present\u00f3 la obra <em>Casa per vacanze<\/em> en la exposici\u00f3n <em>Colori e forme della casa d&#8217;oggi<\/em>, fruto de una colaboraci\u00f3n con Manlio Rho, Francesco Somaini y Gian Paolo Allevi.<\/p>\n","protected":false},"excerpt":{"rendered":"<p>Mesa con patas de haya tintada y sobre de palisandro barnizado a mu\u00f1eca. Sistema bajo el sobre que permite agregar cajones.<\/p>\n<p>Modelo: Tolomeo<\/p>\n<p>Dise\u00f1o: Ico Parisi y Ennio Fazioli.<\/p>\n<p>Fabricante: MIM Roma<\/p>\n<p>Italia 1958<\/p>\n<p>&nbsp;<\/p>\n<p><strong>Dimensiones<\/strong><\/p>\n<p><b>cm:<\/b> 180 x 90 x 72<\/p>\n<p><b>inches:<\/b> 70.87 x 35.43 x 28.35<\/p>\n","protected":false},"featured_media":8853,"template":"","meta":{"_editorskit_title_hidden":false,"_editorskit_reading_time":0,"_editorskit_is_block_options_detached":false,"_editorskit_block_options_position":"{}","inline_featured_image":false},"product_brand":[],"product_cat":[258,262,289],"product_tag":[],"class_list":{"0":"post-7816","1":"product","2":"type-product","3":"status-publish","4":"has-post-thumbnail","6":"product_cat-mesas","7":"product_cat-escritorios","8":"product_cat-comedor","10":"first","11":"instock","12":"purchasable","13":"product-type-simple"},"_links":{"self":[{"href":"https:\/\/www.finsdesiecles-artdeco.com\/es\/wp-json\/wp\/v2\/product\/7816","targetHints":{"allow":["GET"]}}],"collection":[{"href":"https:\/\/www.finsdesiecles-artdeco.com\/es\/wp-json\/wp\/v2\/product"}],"about":[{"href":"https:\/\/www.finsdesiecles-artdeco.com\/es\/wp-json\/wp\/v2\/types\/product"}],"wp:featuredmedia":[{"embeddable":true,"href":"https:\/\/www.finsdesiecles-artdeco.com\/es\/wp-json\/wp\/v2\/media\/8853"}],"wp:attachment":[{"href":"https:\/\/www.finsdesiecles-artdeco.com\/es\/wp-json\/wp\/v2\/media?parent=7816"}],"wp:term":[{"taxonomy":"product_brand","embeddable":true,"href":"https:\/\/www.finsdesiecles-artdeco.com\/es\/wp-json\/wp\/v2\/product_brand?post=7816"},{"taxonomy":"product_cat","embeddable":true,"href":"https:\/\/www.finsdesiecles-artdeco.com\/es\/wp-json\/wp\/v2\/product_cat?post=7816"},{"taxonomy":"product_tag","embeddable":true,"href":"https:\/\/www.finsdesiecles-artdeco.com\/es\/wp-json\/wp\/v2\/product_tag?post=7816"}],"curies":[{"name":"wp","href":"https:\/\/api.w.org\/{rel}","templated":true}]}}

<p><strong> </strong><strong>Ico Parisi</strong> (Palermo, Italia 1916- Como, Italia 1996)</p>
<p>Alumno de Giuseppe Terragni, Ico Parisi fue uno de los principales diseñadores de mobiliario italiano de los años 50, un espíritu multifacético que concebía el diseño como parte de un todo, junto con el arte y la arquitectura. Su actividad, marcada por la experimentación constante, se centró en la investigación en los campos de la arquitectura, el arte y el diseño. Entre 1948 y 1950, Parisi se dedicó al estudio de los elementos del mobiliario. En el campo del diseño, los encuentros con Munari y Fontana (1951) y Melotti marcaron profundamente su experiencia. En 1948 fundó, con su mujer Luisa Aiani, proyectista y diseñadora, el estudio La ruota en Como, cuya actividad cesó en 1995. Entre los muebles más icónicos de la pareja, se encuentran las mesas de líneas aerodinámicas, con patas en X o en Y, muy modernos para la época y de moda en la decoración contemporánea. Desde los sillones en forma de huevo para Cassina hasta los muebles para Stildomus, sus piezas, que abarcan varios campos, captaron la atención de la empresa estadounidense Singer and Son en Nueva York, la primera empresa, en la década de 1950, en exportar muebles Parisi al extranjero. En 1954 ganó la Medalla de Oro en la X Trienal de Milán con la obra <em>Padiglione soggiorno</em>, con Silvio Longhi y Luigi Antonietti. En 1957 presentó la obra <em>Casa per vacanze</em> en la exposición <em>Colori e forme della casa d&#8217;oggi</em>, fruto de una colaboración con Manlio Rho, Francesco Somaini y Gian Paolo Allevi.</p>

<p>Mesa con patas de haya tintada y sobre de palisandro barnizado a muñeca. Sistema bajo el sobre que permite agregar cajones.</p>
<p>Modelo: Tolomeo</p>
<p>Diseño: Ico Parisi y Ennio Fazioli.</p>
<p>Fabricante: MIM Roma</p>
<p>Italia 1958</p>
<p>&nbsp;</p>
<p><strong>Dimensiones</strong></p>
<p><b>cm:</b> 180 x 90 x 72</p>
<p><b>inches:</b> 70.87 x 35.43 x 28.35</p>
