{"id":12802,"date":"2022-08-01T09:46:51","date_gmt":"2022-08-01T09:46:51","guid":{"rendered":"https:\/\/www.finsdesiecles-artdeco.com\/product\/console-vanity\/"},"modified":"2022-08-01T10:00:00","modified_gmt":"2022-08-01T10:00:00","slug":"console-coiffeuse","status":"publish","type":"product","link":"https:\/\/www.finsdesiecles-artdeco.com\/fr\/product\/console-coiffeuse\/","title":{"rendered":"Console coiffeuse &#8211; Italie 1950"},"content":{"rendered":"<p>Console coiffeuse &#8211; Italie, 1950<\/p>\n<p>&nbsp;<\/p>\n<p><strong>Dimensions<\/strong><\/p>\n<p><strong>cm<\/strong>\u00a090 x 38 x 182<br \/>\n<strong>inches<\/strong>\u00a035.43 x 14.96 x 71.65<\/p>\n","protected":false},"excerpt":{"rendered":"<p>Console coiffeuse d&rsquo;entr\u00e9e, structure en bois massif laqu\u00e9 noir, caisson du tiroir en palissandre, barres et d\u00e9tails en laiton poli, panneau arri\u00e8re gain\u00e9 du ska\u00ef d&rsquo;origine, glace originale. Vernis au tampon.<\/p>\n<p>Attribu\u00e9 \u00e0 Ico Parisi.<\/p>\n<p>Marqu\u00e9 \u00a0\u00bb WAIP\u00a0\u00bb au dos.<\/p>\n<p>Italie vers 1950<\/p>\n<p>&nbsp;<\/p>\n<p><strong>cm<\/strong>\u00a090 x 38 x 182<br \/>\n<strong>inches<\/strong>\u00a035.43 x 14.96 x 71.65<\/p>\n","protected":false},"featured_media":11312,"template":"","meta":{"_editorskit_title_hidden":false,"_editorskit_reading_time":0,"_editorskit_is_block_options_detached":false,"_editorskit_block_options_position":"{}","inline_featured_image":false},"product_brand":[],"product_cat":[456,448,276],"product_tag":[499],"class_list":{"0":"post-12802","1":"product","2":"type-product","3":"status-publish","4":"has-post-thumbnail","6":"product_cat-console-miroir","7":"product_cat-coiffeuses","8":"product_cat-auxiliaires","9":"product_tag-console-vanity-fr","11":"first","12":"instock","13":"shipping-taxable","14":"purchasable","15":"product-type-simple"},"_links":{"self":[{"href":"https:\/\/www.finsdesiecles-artdeco.com\/fr\/wp-json\/wp\/v2\/product\/12802","targetHints":{"allow":["GET"]}}],"collection":[{"href":"https:\/\/www.finsdesiecles-artdeco.com\/fr\/wp-json\/wp\/v2\/product"}],"about":[{"href":"https:\/\/www.finsdesiecles-artdeco.com\/fr\/wp-json\/wp\/v2\/types\/product"}],"wp:featuredmedia":[{"embeddable":true,"href":"https:\/\/www.finsdesiecles-artdeco.com\/fr\/wp-json\/wp\/v2\/media\/11312"}],"wp:attachment":[{"href":"https:\/\/www.finsdesiecles-artdeco.com\/fr\/wp-json\/wp\/v2\/media?parent=12802"}],"wp:term":[{"taxonomy":"product_brand","embeddable":true,"href":"https:\/\/www.finsdesiecles-artdeco.com\/fr\/wp-json\/wp\/v2\/product_brand?post=12802"},{"taxonomy":"product_cat","embeddable":true,"href":"https:\/\/www.finsdesiecles-artdeco.com\/fr\/wp-json\/wp\/v2\/product_cat?post=12802"},{"taxonomy":"product_tag","embeddable":true,"href":"https:\/\/www.finsdesiecles-artdeco.com\/fr\/wp-json\/wp\/v2\/product_tag?post=12802"}],"curies":[{"name":"wp","href":"https:\/\/api.w.org\/{rel}","templated":true}]}}

<p>Console coiffeuse d&rsquo;entrée, structure en bois massif laqué noir, caisson du tiroir en palissandre, barres et détails en laiton poli, panneau arrière gainé du skaï d&rsquo;origine, glace originale. Vernis au tampon.</p>
<p>Attribué à Ico Parisi.</p>
<p>Marqué  » WAIP » au dos.</p>
<p>Italie vers 1950</p>
<p>&nbsp;</p>
<p><strong>cm</strong> 90 x 38 x 182<br />
<strong>inches</strong> 35.43 x 14.96 x 71.65</p>
