{"id":12851,"date":"2022-08-02T09:40:27","date_gmt":"2022-08-02T09:40:27","guid":{"rendered":"https:\/\/www.finsdesiecles-artdeco.com\/product\/desk-lamp-3\/"},"modified":"2022-08-02T09:44:17","modified_gmt":"2022-08-02T09:44:17","slug":"lampe-de-bureau-3","status":"publish","type":"product","link":"https:\/\/www.finsdesiecles-artdeco.com\/fr\/product\/lampe-de-bureau-3\/","title":{"rendered":"Lampe de bureau &#8211; Italie 1940"},"content":{"rendered":"<p>Lampe de bureau &#8211; Italie, 1940<\/p>\n<p>&nbsp;<\/p>\n<p><strong>Dimensions<\/strong><\/p>\n<p><strong>cm<\/strong>\u00a0Diam 38 x 45<br \/>\n<strong>inches<\/strong>\u00a0Diam 14.96 x 17.72<\/p>\n","protected":false},"excerpt":{"rendered":"<p>Lampe de bureau en m\u00e9tal\u00a0nickel\u00e9, pied et abat-jour en aluminium laqu\u00e9 de peinture martel\u00e9e vert sombre.<\/p>\n<p>Italie vers 1940<\/p>\n<p>&nbsp;<\/p>\n<p><strong>cm<\/strong>\u00a0Diam 38 x 45<br \/>\n<strong>inches<\/strong>\u00a0Diam 14.96 x 17.72<\/p>\n","protected":false},"featured_media":11615,"template":"","meta":{"_editorskit_title_hidden":false,"_editorskit_reading_time":0,"_editorskit_is_block_options_detached":false,"_editorskit_block_options_position":"{}","inline_featured_image":false},"product_brand":[],"product_cat":[264,333],"product_tag":[530],"class_list":{"0":"post-12851","1":"product","2":"type-product","3":"status-publish","4":"has-post-thumbnail","6":"product_cat-luminaires","7":"product_cat-lampes-de-table","8":"product_tag-desk-lamp-fr","10":"first","11":"instock","12":"shipping-taxable","13":"purchasable","14":"product-type-simple"},"_links":{"self":[{"href":"https:\/\/www.finsdesiecles-artdeco.com\/fr\/wp-json\/wp\/v2\/product\/12851","targetHints":{"allow":["GET"]}}],"collection":[{"href":"https:\/\/www.finsdesiecles-artdeco.com\/fr\/wp-json\/wp\/v2\/product"}],"about":[{"href":"https:\/\/www.finsdesiecles-artdeco.com\/fr\/wp-json\/wp\/v2\/types\/product"}],"wp:featuredmedia":[{"embeddable":true,"href":"https:\/\/www.finsdesiecles-artdeco.com\/fr\/wp-json\/wp\/v2\/media\/11615"}],"wp:attachment":[{"href":"https:\/\/www.finsdesiecles-artdeco.com\/fr\/wp-json\/wp\/v2\/media?parent=12851"}],"wp:term":[{"taxonomy":"product_brand","embeddable":true,"href":"https:\/\/www.finsdesiecles-artdeco.com\/fr\/wp-json\/wp\/v2\/product_brand?post=12851"},{"taxonomy":"product_cat","embeddable":true,"href":"https:\/\/www.finsdesiecles-artdeco.com\/fr\/wp-json\/wp\/v2\/product_cat?post=12851"},{"taxonomy":"product_tag","embeddable":true,"href":"https:\/\/www.finsdesiecles-artdeco.com\/fr\/wp-json\/wp\/v2\/product_tag?post=12851"}],"curies":[{"name":"wp","href":"https:\/\/api.w.org\/{rel}","templated":true}]}}

<p>Lampe de bureau en métal nickelé, pied et abat-jour en aluminium laqué de peinture martelée vert sombre.</p>
<p>Italie vers 1940</p>
<p>&nbsp;</p>
<p><strong>cm</strong> Diam 38 x 45<br />
<strong>inches</strong> Diam 14.96 x 17.72</p>
