{"id":13024,"date":"2022-08-04T11:19:48","date_gmt":"2022-08-04T11:19:48","guid":{"rendered":"https:\/\/www.finsdesiecles-artdeco.com\/product\/dry-bar-2\/"},"modified":"2022-08-04T12:03:44","modified_gmt":"2022-08-04T12:03:44","slug":"meuble-bar-3","status":"publish","type":"product","link":"https:\/\/www.finsdesiecles-artdeco.com\/fr\/product\/meuble-bar-3\/","title":{"rendered":"Grand meuble bar &#8211; Belgique 1940"},"content":{"rendered":"<p>Grand meuble bar &#8211; Belgique, 1940<\/p>\n<p>&nbsp;<\/p>\n<p><strong>Dimensions<\/strong><\/p>\n<p><strong>cm<\/strong>\u00a0143 x 44 x 142<br \/>\n<strong>inches<\/strong>\u00a056.3 x 17.32 x 55.91<\/p>\n","protected":false},"excerpt":{"rendered":"<p>Grand meuble bar en ch\u00eane massif teint\u00e9 et verni \u00e0 la gomme-laque reposant sur deux larges pieds-colonnes. Les quatre portes ouvrent sur un int\u00e9rieur en ch\u00eane clair: partie sup\u00e9rieure compos\u00e9e d&rsquo;\u00e9tag\u00e8res et d&rsquo;un bac en zinc, juste en dessous coulisse un plateau en miroir pour servir les boissons, la partie basse accueille deux niveaux d&rsquo;\u00e9tag\u00e8res. Sous le plateau sup\u00e9rieur, sculptures en forme de vagues. Poign\u00e9es et quincaillerie en bronze nickel\u00e9 satin\u00e9.<\/p>\n<p>Belgique vers 1940.<\/p>\n<p>Grande enfilade assortie disponible.<\/p>\n<p>&nbsp;<\/p>\n<p><strong>cm<\/strong>\u00a0143 x 44 x 142<br \/>\n<strong>inches<\/strong>\u00a056.3 x 17.32 x 55.91<\/p>\n","protected":false},"featured_media":11975,"template":"","meta":{"_editorskit_title_hidden":false,"_editorskit_reading_time":0,"_editorskit_is_block_options_detached":false,"_editorskit_block_options_position":"{}","inline_featured_image":false},"product_brand":[],"product_cat":[276,318],"product_tag":[489],"class_list":{"0":"post-13024","1":"product","2":"type-product","3":"status-publish","4":"has-post-thumbnail","6":"product_cat-auxiliaires","7":"product_cat-meubles-bar","8":"product_tag-dry-bar-fr","10":"first","11":"instock","12":"shipping-taxable","13":"purchasable","14":"product-type-simple"},"_links":{"self":[{"href":"https:\/\/www.finsdesiecles-artdeco.com\/fr\/wp-json\/wp\/v2\/product\/13024","targetHints":{"allow":["GET"]}}],"collection":[{"href":"https:\/\/www.finsdesiecles-artdeco.com\/fr\/wp-json\/wp\/v2\/product"}],"about":[{"href":"https:\/\/www.finsdesiecles-artdeco.com\/fr\/wp-json\/wp\/v2\/types\/product"}],"wp:featuredmedia":[{"embeddable":true,"href":"https:\/\/www.finsdesiecles-artdeco.com\/fr\/wp-json\/wp\/v2\/media\/11975"}],"wp:attachment":[{"href":"https:\/\/www.finsdesiecles-artdeco.com\/fr\/wp-json\/wp\/v2\/media?parent=13024"}],"wp:term":[{"taxonomy":"product_brand","embeddable":true,"href":"https:\/\/www.finsdesiecles-artdeco.com\/fr\/wp-json\/wp\/v2\/product_brand?post=13024"},{"taxonomy":"product_cat","embeddable":true,"href":"https:\/\/www.finsdesiecles-artdeco.com\/fr\/wp-json\/wp\/v2\/product_cat?post=13024"},{"taxonomy":"product_tag","embeddable":true,"href":"https:\/\/www.finsdesiecles-artdeco.com\/fr\/wp-json\/wp\/v2\/product_tag?post=13024"}],"curies":[{"name":"wp","href":"https:\/\/api.w.org\/{rel}","templated":true}]}}

<p>Grand meuble bar en chêne massif teinté et verni à la gomme-laque reposant sur deux larges pieds-colonnes. Les quatre portes ouvrent sur un intérieur en chêne clair: partie supérieure composée d&rsquo;étagères et d&rsquo;un bac en zinc, juste en dessous coulisse un plateau en miroir pour servir les boissons, la partie basse accueille deux niveaux d&rsquo;étagères. Sous le plateau supérieur, sculptures en forme de vagues. Poignées et quincaillerie en bronze nickelé satiné.</p>
<p>Belgique vers 1940.</p>
<p>Grande enfilade assortie disponible.</p>
<p>&nbsp;</p>
<p><strong>cm</strong> 143 x 44 x 142<br />
<strong>inches</strong> 56.3 x 17.32 x 55.91</p>
