{"id":14029,"date":"2022-09-03T11:16:10","date_gmt":"2022-09-03T11:16:10","guid":{"rendered":"https:\/\/www.finsdesiecles-artdeco.com\/product\/large-piece-of-furniture\/"},"modified":"2022-09-03T11:22:04","modified_gmt":"2022-09-03T11:22:04","slug":"grand-meuble-multi-usages","status":"publish","type":"product","link":"https:\/\/www.finsdesiecles-artdeco.com\/fr\/product\/grand-meuble-multi-usages\/","title":{"rendered":"Grand meuble multi-usages &#8211; Italie 1950"},"content":{"rendered":"<p>Grand meuble multi-usages \u00a0&#8211; Italie, 1950<\/p>\n<p>&nbsp;<\/p>\n<p><strong>Dimensions<\/strong><\/p>\n<p>cm 257 x 42 x 175<\/p>\n<p>inches 101.18 x 16.53 x 68.89<\/p>\n","protected":false},"excerpt":{"rendered":"<p>Grand meuble multi-usages d\u00e9montable en bois massif plaqu\u00e9 de palissandre, marqueterie de palissandre en \u00ab chevrons \u00bb, trois portes en \u00ab grissinis \u00bb d\u2019acajou massif, bar miroit\u00e9 \u00e9clairant.<\/p>\n<p>Int\u00e9rieurs en sycomore et filets d\u2019\u00e9b\u00e8ne ; sabots, supports du marbre, poign\u00e9es et clefs en laiton massif poli. Tissu chenill\u00e9 vert.<\/p>\n<p>Vernis au tampon.<\/p>\n<p>Pi\u00e8ce unique de grande qualit\u00e9.<\/p>\n<p>Italie vers 1950.<\/p>\n<p>&nbsp;<\/p>\n<p><strong>Dimensions<\/strong><\/p>\n<p>cm 257 x 42 x 175<\/p>\n<p>inches 101.18 x 16.53 x 68.89<\/p>\n","protected":false},"featured_media":13981,"template":"","meta":{"_editorskit_title_hidden":false,"_editorskit_reading_time":0,"_editorskit_is_block_options_detached":false,"_editorskit_block_options_position":"{}","inline_featured_image":false},"product_brand":[],"product_cat":[276,415,273,318],"product_tag":[],"class_list":{"0":"post-14029","1":"product","2":"type-product","3":"status-publish","4":"has-post-thumbnail","6":"product_cat-auxiliaires","7":"product_cat-meubles-de-rangement","8":"product_cat-enfilades","9":"product_cat-meubles-bar","11":"first","12":"instock","13":"shipping-taxable","14":"purchasable","15":"product-type-simple"},"_links":{"self":[{"href":"https:\/\/www.finsdesiecles-artdeco.com\/fr\/wp-json\/wp\/v2\/product\/14029","targetHints":{"allow":["GET"]}}],"collection":[{"href":"https:\/\/www.finsdesiecles-artdeco.com\/fr\/wp-json\/wp\/v2\/product"}],"about":[{"href":"https:\/\/www.finsdesiecles-artdeco.com\/fr\/wp-json\/wp\/v2\/types\/product"}],"wp:featuredmedia":[{"embeddable":true,"href":"https:\/\/www.finsdesiecles-artdeco.com\/fr\/wp-json\/wp\/v2\/media\/13981"}],"wp:attachment":[{"href":"https:\/\/www.finsdesiecles-artdeco.com\/fr\/wp-json\/wp\/v2\/media?parent=14029"}],"wp:term":[{"taxonomy":"product_brand","embeddable":true,"href":"https:\/\/www.finsdesiecles-artdeco.com\/fr\/wp-json\/wp\/v2\/product_brand?post=14029"},{"taxonomy":"product_cat","embeddable":true,"href":"https:\/\/www.finsdesiecles-artdeco.com\/fr\/wp-json\/wp\/v2\/product_cat?post=14029"},{"taxonomy":"product_tag","embeddable":true,"href":"https:\/\/www.finsdesiecles-artdeco.com\/fr\/wp-json\/wp\/v2\/product_tag?post=14029"}],"curies":[{"name":"wp","href":"https:\/\/api.w.org\/{rel}","templated":true}]}}

<p>Grand meuble multi-usages démontable en bois massif plaqué de palissandre, marqueterie de palissandre en « chevrons », trois portes en « grissinis » d’acajou massif, bar miroité éclairant.</p>
<p>Intérieurs en sycomore et filets d’ébène ; sabots, supports du marbre, poignées et clefs en laiton massif poli. Tissu chenillé vert.</p>
<p>Vernis au tampon.</p>
<p>Pièce unique de grande qualité.</p>
<p>Italie vers 1950.</p>
<p>&nbsp;</p>
<p><strong>Dimensions</strong></p>
<p>cm 257 x 42 x 175</p>
<p>inches 101.18 x 16.53 x 68.89</p>
