{"id":14492,"date":"2022-09-27T10:20:40","date_gmt":"2022-09-27T10:20:40","guid":{"rendered":"https:\/\/www.finsdesiecles-artdeco.com\/product\/sideboard-5\/"},"modified":"2022-09-27T10:24:05","modified_gmt":"2022-09-27T10:24:05","slug":"enfilade-6","status":"publish","type":"product","link":"https:\/\/www.finsdesiecles-artdeco.com\/fr\/product\/enfilade-6\/","title":{"rendered":"Petit buffet- France 1940"},"content":{"rendered":"<p>Petit buffet\u00a0&#8211; France, 1940<\/p>\n<p>&nbsp;<\/p>\n<p><strong>Dimensions<\/strong><\/p>\n<p><strong>cm<\/strong> 119 x 39 x 86<\/p>\n<p><strong>inches<\/strong> 46.85 x 15.35 x 33.85<\/p>\n","protected":false},"excerpt":{"rendered":"<p>Petit buffet \u00e0 deux portes en ch\u00eane et placage de ch\u00eane recouvert totalement de glaces agr\u00e9ment\u00e9es de diff\u00e9rents biseaux. Socle en \u00e9rable massif verni. Poign\u00e9es en ivoire.<\/p>\n<p>France vers 1940<\/p>\n<p>&nbsp;<\/p>\n<p><strong>Dimensions<\/strong><\/p>\n<p><strong>cm<\/strong> 119 x 39 x 86<\/p>\n<p><strong>inches<\/strong> 46.85 x 15.35 x 33.85<\/p>\n","protected":false},"featured_media":14468,"template":"","meta":{"_editorskit_title_hidden":false,"_editorskit_reading_time":0,"_editorskit_is_block_options_detached":false,"_editorskit_block_options_position":"{}","inline_featured_image":false},"product_brand":[],"product_cat":[415,273],"product_tag":[],"class_list":{"0":"post-14492","1":"product","2":"type-product","3":"status-publish","4":"has-post-thumbnail","6":"product_cat-meubles-de-rangement","7":"product_cat-enfilades","9":"first","10":"instock","11":"shipping-taxable","12":"purchasable","13":"product-type-simple"},"_links":{"self":[{"href":"https:\/\/www.finsdesiecles-artdeco.com\/fr\/wp-json\/wp\/v2\/product\/14492","targetHints":{"allow":["GET"]}}],"collection":[{"href":"https:\/\/www.finsdesiecles-artdeco.com\/fr\/wp-json\/wp\/v2\/product"}],"about":[{"href":"https:\/\/www.finsdesiecles-artdeco.com\/fr\/wp-json\/wp\/v2\/types\/product"}],"wp:featuredmedia":[{"embeddable":true,"href":"https:\/\/www.finsdesiecles-artdeco.com\/fr\/wp-json\/wp\/v2\/media\/14468"}],"wp:attachment":[{"href":"https:\/\/www.finsdesiecles-artdeco.com\/fr\/wp-json\/wp\/v2\/media?parent=14492"}],"wp:term":[{"taxonomy":"product_brand","embeddable":true,"href":"https:\/\/www.finsdesiecles-artdeco.com\/fr\/wp-json\/wp\/v2\/product_brand?post=14492"},{"taxonomy":"product_cat","embeddable":true,"href":"https:\/\/www.finsdesiecles-artdeco.com\/fr\/wp-json\/wp\/v2\/product_cat?post=14492"},{"taxonomy":"product_tag","embeddable":true,"href":"https:\/\/www.finsdesiecles-artdeco.com\/fr\/wp-json\/wp\/v2\/product_tag?post=14492"}],"curies":[{"name":"wp","href":"https:\/\/api.w.org\/{rel}","templated":true}]}}

<p>Petit buffet à deux portes en chêne et placage de chêne recouvert totalement de glaces agrémentées de différents biseaux. Socle en érable massif verni. Poignées en ivoire.</p>
<p>France vers 1940</p>
<p>&nbsp;</p>
<p><strong>Dimensions</strong></p>
<p><strong>cm</strong> 119 x 39 x 86</p>
<p><strong>inches</strong> 46.85 x 15.35 x 33.85</p>
