{"id":16480,"date":"2022-11-25T11:35:08","date_gmt":"2022-11-25T11:35:08","guid":{"rendered":"https:\/\/www.finsdesiecles-artdeco.com\/product\/corn-husk-leaf-rug-spain-1970-2\/"},"modified":"2022-11-25T11:40:07","modified_gmt":"2022-11-25T11:40:07","slug":"tapis-2","status":"publish","type":"product","link":"https:\/\/www.finsdesiecles-artdeco.com\/fr\/product\/tapis-2\/","title":{"rendered":"Tapis en feuilles de ma\u00efs \u2013 Espagne 1970"},"content":{"rendered":"<p>Tapis en feuilles de ma\u00efs \u2013 Espagne 1970<\/p>\n<p>&nbsp;<\/p>\n<p><strong>Dimensions<\/strong><\/p>\n<p><strong>cm<\/strong> 168 x 110<\/p>\n<p><strong>inches<\/strong> 66.14 x 43.31<\/p>\n","protected":false},"excerpt":{"rendered":"<p>Tapis fait \u00e0 la main en feuilles de ma\u00efs naturel, \u00e9tat neuf d\u2019\u00e9poque, jamais utilis\u00e9.<\/p>\n<p>Espagne vers 1970<\/p>\n<p>&nbsp;<\/p>\n<p><strong>Dimensions<\/strong><\/p>\n<p><strong>cm<\/strong> 168 x 110<\/p>\n<p><strong>inches<\/strong> 66.14 x 43.31<\/p>\n","protected":false},"featured_media":16467,"template":"","meta":{"_editorskit_title_hidden":false,"_editorskit_reading_time":0,"_editorskit_is_block_options_detached":false,"_editorskit_block_options_position":"{}","inline_featured_image":false},"product_brand":[],"product_cat":[267,348],"product_tag":[],"class_list":{"0":"post-16480","1":"product","2":"type-product","3":"status-publish","4":"has-post-thumbnail","6":"product_cat-objets-et-accessoires","7":"product_cat-tapis","9":"first","10":"instock","11":"shipping-taxable","12":"purchasable","13":"product-type-simple"},"_links":{"self":[{"href":"https:\/\/www.finsdesiecles-artdeco.com\/fr\/wp-json\/wp\/v2\/product\/16480","targetHints":{"allow":["GET"]}}],"collection":[{"href":"https:\/\/www.finsdesiecles-artdeco.com\/fr\/wp-json\/wp\/v2\/product"}],"about":[{"href":"https:\/\/www.finsdesiecles-artdeco.com\/fr\/wp-json\/wp\/v2\/types\/product"}],"wp:featuredmedia":[{"embeddable":true,"href":"https:\/\/www.finsdesiecles-artdeco.com\/fr\/wp-json\/wp\/v2\/media\/16467"}],"wp:attachment":[{"href":"https:\/\/www.finsdesiecles-artdeco.com\/fr\/wp-json\/wp\/v2\/media?parent=16480"}],"wp:term":[{"taxonomy":"product_brand","embeddable":true,"href":"https:\/\/www.finsdesiecles-artdeco.com\/fr\/wp-json\/wp\/v2\/product_brand?post=16480"},{"taxonomy":"product_cat","embeddable":true,"href":"https:\/\/www.finsdesiecles-artdeco.com\/fr\/wp-json\/wp\/v2\/product_cat?post=16480"},{"taxonomy":"product_tag","embeddable":true,"href":"https:\/\/www.finsdesiecles-artdeco.com\/fr\/wp-json\/wp\/v2\/product_tag?post=16480"}],"curies":[{"name":"wp","href":"https:\/\/api.w.org\/{rel}","templated":true}]}}

Tapis en feuilles de maïs – Espagne 1970

<p>Tapis en feuilles de maïs – Espagne 1970</p>
<p>&nbsp;</p>
<p><strong>Dimensions</strong></p>
<p><strong>cm</strong> 168 x 110</p>
<p><strong>inches</strong> 66.14 x 43.31</p>

<p>Tapis fait à la main en feuilles de maïs naturel, état neuf d’époque, jamais utilisé.</p>
<p>Espagne vers 1970</p>
<p>&nbsp;</p>
<p><strong>Dimensions</strong></p>
<p><strong>cm</strong> 168 x 110</p>
<p><strong>inches</strong> 66.14 x 43.31</p>
