{"id":16499,"date":"2022-11-25T11:59:41","date_gmt":"2022-11-25T11:59:41","guid":{"rendered":"https:\/\/www.finsdesiecles-artdeco.com\/product\/rug\/"},"modified":"2022-11-25T12:27:34","modified_gmt":"2022-11-25T12:27:34","slug":"tapis-3","status":"publish","type":"product","link":"https:\/\/www.finsdesiecles-artdeco.com\/fr\/product\/tapis-3\/","title":{"rendered":"Tapis en feuilles de ma\u00efs \u2013 Espagne 1970"},"content":{"rendered":"<p>Tapis en feuilles de ma\u00efs \u2013 Espagne 1970<\/p>\n<p>&nbsp;<\/p>\n<p><strong>Dimensions<\/strong><\/p>\n<p><strong>cm\u00a0<\/strong>193 x 136<\/p>\n<p><strong>inches\u00a0<\/strong>75.98 x 53.54<\/p>\n<p>&nbsp;<\/p>\n","protected":false},"excerpt":{"rendered":"<p>Tapis fait \u00e0 la main en feuilles de ma\u00efs naturel et teint\u00e9, \u00e9tat neuf d&rsquo;\u00e9poque, jamais utilis\u00e9.<\/p>\n<p>Espagne vers 1970<\/p>\n<p>&nbsp;<\/p>\n<p><strong>Dimensions<\/strong><\/p>\n<p><strong>cm\u00a0<\/strong>193 x 136<\/p>\n<p><strong>inches\u00a0<\/strong>75.98 x 53.54<\/p>\n<p>&nbsp;<\/p>\n","protected":false},"featured_media":16487,"template":"","meta":{"_editorskit_title_hidden":false,"_editorskit_reading_time":0,"_editorskit_is_block_options_detached":false,"_editorskit_block_options_position":"{}","inline_featured_image":false},"product_brand":[],"product_cat":[267,348],"product_tag":[],"class_list":{"0":"post-16499","1":"product","2":"type-product","3":"status-publish","4":"has-post-thumbnail","6":"product_cat-objets-et-accessoires","7":"product_cat-tapis","9":"first","10":"instock","11":"shipping-taxable","12":"purchasable","13":"product-type-simple"},"_links":{"self":[{"href":"https:\/\/www.finsdesiecles-artdeco.com\/fr\/wp-json\/wp\/v2\/product\/16499","targetHints":{"allow":["GET"]}}],"collection":[{"href":"https:\/\/www.finsdesiecles-artdeco.com\/fr\/wp-json\/wp\/v2\/product"}],"about":[{"href":"https:\/\/www.finsdesiecles-artdeco.com\/fr\/wp-json\/wp\/v2\/types\/product"}],"wp:featuredmedia":[{"embeddable":true,"href":"https:\/\/www.finsdesiecles-artdeco.com\/fr\/wp-json\/wp\/v2\/media\/16487"}],"wp:attachment":[{"href":"https:\/\/www.finsdesiecles-artdeco.com\/fr\/wp-json\/wp\/v2\/media?parent=16499"}],"wp:term":[{"taxonomy":"product_brand","embeddable":true,"href":"https:\/\/www.finsdesiecles-artdeco.com\/fr\/wp-json\/wp\/v2\/product_brand?post=16499"},{"taxonomy":"product_cat","embeddable":true,"href":"https:\/\/www.finsdesiecles-artdeco.com\/fr\/wp-json\/wp\/v2\/product_cat?post=16499"},{"taxonomy":"product_tag","embeddable":true,"href":"https:\/\/www.finsdesiecles-artdeco.com\/fr\/wp-json\/wp\/v2\/product_tag?post=16499"}],"curies":[{"name":"wp","href":"https:\/\/api.w.org\/{rel}","templated":true}]}}

Tapis en feuilles de maïs – Espagne 1970

<p>Tapis en feuilles de maïs – Espagne 1970</p>
<p>&nbsp;</p>
<p><strong>Dimensions</strong></p>
<p><strong>cm </strong>193 x 136</p>
<p><strong>inches </strong>75.98 x 53.54</p>
<p>&nbsp;</p>

<p>Tapis fait à la main en feuilles de maïs naturel et teinté, état neuf d&rsquo;époque, jamais utilisé.</p>
<p>Espagne vers 1970</p>
<p>&nbsp;</p>
<p><strong>Dimensions</strong></p>
<p><strong>cm </strong>193 x 136</p>
<p><strong>inches </strong>75.98 x 53.54</p>
<p>&nbsp;</p>
