{"id":17541,"date":"2022-12-31T11:03:50","date_gmt":"2022-12-31T11:03:50","guid":{"rendered":"https:\/\/www.finsdesiecles-artdeco.com\/product\/large-oval-table-barcelona-1934\/"},"modified":"2022-12-31T11:09:41","modified_gmt":"2022-12-31T11:09:41","slug":"large-oval-table-barcelona-1934","status":"publish","type":"product","link":"https:\/\/www.finsdesiecles-artdeco.com\/fr\/product\/large-oval-table-barcelona-1934\/","title":{"rendered":"Grande table ovale &#8211; Barcelone 1934"},"content":{"rendered":"<p>Grande table ovale &#8211; Barcelone 1934<\/p>\n<p>&nbsp;<\/p>\n<p><strong>Dimensions<\/strong><\/p>\n<p><strong>cm<\/strong> 170 x 120 x 73<\/p>\n<p><strong>inches<\/strong> 66.9 x 47.2 x 28.7<\/p>\n","protected":false},"excerpt":{"rendered":"<p>Spectaculaire grande table de centre ovale en noyer massif et placage de noyer teint\u00e9 et verni au tampon. Commande sp\u00e9ciale pour un appartement \u00e0 Barcelone vers 1934.<\/p>\n<p>&nbsp;<\/p>\n<p><strong>Dimensions<\/strong><\/p>\n<p><strong>cm<\/strong> 170 x 120 x 73<\/p>\n<p><strong>inches<\/strong> 66.9 x 47.2 x 28.7<\/p>\n","protected":false},"featured_media":17516,"template":"","meta":{"_editorskit_title_hidden":false,"_editorskit_reading_time":0,"_editorskit_is_block_options_detached":false,"_editorskit_block_options_position":"{}","inline_featured_image":false},"product_brand":[],"product_cat":[256,288],"product_tag":[],"class_list":{"0":"post-17541","1":"product","2":"type-product","3":"status-publish","4":"has-post-thumbnail","6":"product_cat-tables","7":"product_cat-tables-de-salle-a-manger","9":"first","10":"outofstock","11":"shipping-taxable","12":"product-type-simple"},"_links":{"self":[{"href":"https:\/\/www.finsdesiecles-artdeco.com\/fr\/wp-json\/wp\/v2\/product\/17541","targetHints":{"allow":["GET"]}}],"collection":[{"href":"https:\/\/www.finsdesiecles-artdeco.com\/fr\/wp-json\/wp\/v2\/product"}],"about":[{"href":"https:\/\/www.finsdesiecles-artdeco.com\/fr\/wp-json\/wp\/v2\/types\/product"}],"wp:featuredmedia":[{"embeddable":true,"href":"https:\/\/www.finsdesiecles-artdeco.com\/fr\/wp-json\/wp\/v2\/media\/17516"}],"wp:attachment":[{"href":"https:\/\/www.finsdesiecles-artdeco.com\/fr\/wp-json\/wp\/v2\/media?parent=17541"}],"wp:term":[{"taxonomy":"product_brand","embeddable":true,"href":"https:\/\/www.finsdesiecles-artdeco.com\/fr\/wp-json\/wp\/v2\/product_brand?post=17541"},{"taxonomy":"product_cat","embeddable":true,"href":"https:\/\/www.finsdesiecles-artdeco.com\/fr\/wp-json\/wp\/v2\/product_cat?post=17541"},{"taxonomy":"product_tag","embeddable":true,"href":"https:\/\/www.finsdesiecles-artdeco.com\/fr\/wp-json\/wp\/v2\/product_tag?post=17541"}],"curies":[{"name":"wp","href":"https:\/\/api.w.org\/{rel}","templated":true}]}}

<p>Spectaculaire grande table de centre ovale en noyer massif et placage de noyer teinté et verni au tampon. Commande spéciale pour un appartement à Barcelone vers 1934.</p>
<p>&nbsp;</p>
<p><strong>Dimensions</strong></p>
<p><strong>cm</strong> 170 x 120 x 73</p>
<p><strong>inches</strong> 66.9 x 47.2 x 28.7</p>
