{"id":18605,"date":"2023-01-27T12:28:23","date_gmt":"2023-01-27T12:28:23","guid":{"rendered":"https:\/\/www.finsdesiecles-artdeco.com\/product\/lamp\/"},"modified":"2023-01-27T12:43:41","modified_gmt":"2023-01-27T12:43:41","slug":"lampadaire-2","status":"publish","type":"product","link":"https:\/\/www.finsdesiecles-artdeco.com\/fr\/product\/lampadaire-2\/","title":{"rendered":"Lampadaire &#8211; Belgique 1925"},"content":{"rendered":"<p>Lampadaire &#8211; Belgique 1925<\/p>\n<p>&nbsp;<\/p>\n<p><strong>Dimensions<\/strong><\/p>\n<p><strong>cm<\/strong> Diam base 37 &#8211; cape 43 x hauteur 185<\/p>\n<p><strong>inches<\/strong> Diam base 14.56 &#8211; cape 16.92 x hauteur 72.83<\/p>\n","protected":false},"excerpt":{"rendered":"<p>Lampadaire en bois massif tourn\u00e9 et sculpt\u00e9 \u00e0 motifs g\u00e9om\u00e9triques laqu\u00e9 ivoire et d\u00e9tails dor\u00e9s. Partie sup\u00e9rieure et cape m\u00e9tallique dor\u00e9s \u00e0 la feuille. Lumi\u00e8re indirecte.<br \/>\nBelgique vers 1925.<\/p>\n<p><strong>Dimensions<\/strong><\/p>\n<p><strong>cm<\/strong> Diam base 37 &#8211; cape 43 x hauteur 185<\/p>\n<p><strong>inches<\/strong> Diam base 14.56 &#8211; cape 16.92 x hauteur 72.83<\/p>\n","protected":false},"featured_media":18578,"template":"","meta":{"_editorskit_title_hidden":false,"_editorskit_reading_time":0,"_editorskit_is_block_options_detached":false,"_editorskit_block_options_position":"{}","inline_featured_image":false},"product_brand":[],"product_cat":[264,330],"product_tag":[],"class_list":{"0":"post-18605","1":"product","2":"type-product","3":"status-publish","4":"has-post-thumbnail","6":"product_cat-luminaires","7":"product_cat-lampadaires","9":"first","10":"instock","11":"shipping-taxable","12":"purchasable","13":"product-type-simple"},"_links":{"self":[{"href":"https:\/\/www.finsdesiecles-artdeco.com\/fr\/wp-json\/wp\/v2\/product\/18605","targetHints":{"allow":["GET"]}}],"collection":[{"href":"https:\/\/www.finsdesiecles-artdeco.com\/fr\/wp-json\/wp\/v2\/product"}],"about":[{"href":"https:\/\/www.finsdesiecles-artdeco.com\/fr\/wp-json\/wp\/v2\/types\/product"}],"wp:featuredmedia":[{"embeddable":true,"href":"https:\/\/www.finsdesiecles-artdeco.com\/fr\/wp-json\/wp\/v2\/media\/18578"}],"wp:attachment":[{"href":"https:\/\/www.finsdesiecles-artdeco.com\/fr\/wp-json\/wp\/v2\/media?parent=18605"}],"wp:term":[{"taxonomy":"product_brand","embeddable":true,"href":"https:\/\/www.finsdesiecles-artdeco.com\/fr\/wp-json\/wp\/v2\/product_brand?post=18605"},{"taxonomy":"product_cat","embeddable":true,"href":"https:\/\/www.finsdesiecles-artdeco.com\/fr\/wp-json\/wp\/v2\/product_cat?post=18605"},{"taxonomy":"product_tag","embeddable":true,"href":"https:\/\/www.finsdesiecles-artdeco.com\/fr\/wp-json\/wp\/v2\/product_tag?post=18605"}],"curies":[{"name":"wp","href":"https:\/\/api.w.org\/{rel}","templated":true}]}}

<p>Lampadaire en bois massif tourné et sculpté à motifs géométriques laqué ivoire et détails dorés. Partie supérieure et cape métallique dorés à la feuille. Lumière indirecte.<br />
Belgique vers 1925.</p>
<p><strong>Dimensions</strong></p>
<p><strong>cm</strong> Diam base 37 &#8211; cape 43 x hauteur 185</p>
<p><strong>inches</strong> Diam base 14.56 &#8211; cape 16.92 x hauteur 72.83</p>
