{"id":18945,"date":"2023-02-02T11:58:28","date_gmt":"2023-02-02T11:58:28","guid":{"rendered":"https:\/\/www.finsdesiecles-artdeco.com\/product\/sculpture-2\/"},"modified":"2023-02-03T10:47:36","modified_gmt":"2023-02-03T10:47:36","slug":"sculpture-2","status":"publish","type":"product","link":"https:\/\/www.finsdesiecles-artdeco.com\/fr\/product\/sculpture-2\/","title":{"rendered":"Sculpture Art D\u00e9co &#8211; Espagne 1932"},"content":{"rendered":"<p>Sculpture Art D\u00e9co &#8211; Espagne 1932<\/p>\n<p>&nbsp;<\/p>\n<p><strong>Dimensions<\/strong><\/p>\n<p><strong>cm<\/strong> 20 x 15 x 57<\/p>\n<p><strong>inches<\/strong> 7.87 x 5.9 x 22.44<\/p>\n<p>&nbsp;<\/p>\n<p>&nbsp;<\/p>\n","protected":false},"excerpt":{"rendered":"<p>Sculpture en terre cuite Art D\u00e9co repr\u00e9sentant une jeune fille d\u00e9nud\u00e9e posant.<\/p>\n<p>Sign\u00e9 et dat\u00e9: Joan Cardell\u00e0, 1932.<\/p>\n<p>Espagne.<\/p>\n<p>&nbsp;<\/p>\n<p>Joan Cardella Crusells\u00a0 (Valence, Espagne, 1900 &#8211; 1985).<\/p>\n<p><strong>Dimensions<\/strong><\/p>\n<p><strong>cm<\/strong> 20 x 15 x 57<\/p>\n<p><strong>inches<\/strong> 7.87 x 5.9 x 22.44<\/p>\n<p>&nbsp;<\/p>\n","protected":false},"featured_media":18906,"template":"","meta":{"_editorskit_title_hidden":false,"_editorskit_reading_time":0,"_editorskit_is_block_options_detached":false,"_editorskit_block_options_position":"{}","inline_featured_image":false},"product_brand":[],"product_cat":[267,462],"product_tag":[],"class_list":{"0":"post-18945","1":"product","2":"type-product","3":"status-publish","4":"has-post-thumbnail","6":"product_cat-objets-et-accessoires","7":"product_cat-ceramiques","9":"first","10":"instock","11":"shipping-taxable","12":"purchasable","13":"product-type-simple"},"_links":{"self":[{"href":"https:\/\/www.finsdesiecles-artdeco.com\/fr\/wp-json\/wp\/v2\/product\/18945","targetHints":{"allow":["GET"]}}],"collection":[{"href":"https:\/\/www.finsdesiecles-artdeco.com\/fr\/wp-json\/wp\/v2\/product"}],"about":[{"href":"https:\/\/www.finsdesiecles-artdeco.com\/fr\/wp-json\/wp\/v2\/types\/product"}],"wp:featuredmedia":[{"embeddable":true,"href":"https:\/\/www.finsdesiecles-artdeco.com\/fr\/wp-json\/wp\/v2\/media\/18906"}],"wp:attachment":[{"href":"https:\/\/www.finsdesiecles-artdeco.com\/fr\/wp-json\/wp\/v2\/media?parent=18945"}],"wp:term":[{"taxonomy":"product_brand","embeddable":true,"href":"https:\/\/www.finsdesiecles-artdeco.com\/fr\/wp-json\/wp\/v2\/product_brand?post=18945"},{"taxonomy":"product_cat","embeddable":true,"href":"https:\/\/www.finsdesiecles-artdeco.com\/fr\/wp-json\/wp\/v2\/product_cat?post=18945"},{"taxonomy":"product_tag","embeddable":true,"href":"https:\/\/www.finsdesiecles-artdeco.com\/fr\/wp-json\/wp\/v2\/product_tag?post=18945"}],"curies":[{"name":"wp","href":"https:\/\/api.w.org\/{rel}","templated":true}]}}

Sculpture Art Déco &#8211; Espagne 1932

<p>Sculpture Art Déco &#8211; Espagne 1932</p>
<p>&nbsp;</p>
<p><strong>Dimensions</strong></p>
<p><strong>cm</strong> 20 x 15 x 57</p>
<p><strong>inches</strong> 7.87 x 5.9 x 22.44</p>
<p>&nbsp;</p>
<p>&nbsp;</p>

<p>Sculpture en terre cuite Art Déco représentant une jeune fille dénudée posant.</p>
<p>Signé et daté: Joan Cardellà, 1932.</p>
<p>Espagne.</p>
<p>&nbsp;</p>
<p>Joan Cardella Crusells  (Valence, Espagne, 1900 &#8211; 1985).</p>
<p><strong>Dimensions</strong></p>
<p><strong>cm</strong> 20 x 15 x 57</p>
<p><strong>inches</strong> 7.87 x 5.9 x 22.44</p>
<p>&nbsp;</p>
