{"id":19367,"date":"2023-02-09T11:25:03","date_gmt":"2023-02-09T11:25:03","guid":{"rendered":"https:\/\/www.finsdesiecles-artdeco.com\/product\/three-piece-lounge\/"},"modified":"2023-02-10T17:10:06","modified_gmt":"2023-02-10T17:10:06","slug":"petit-salon","status":"publish","type":"product","link":"https:\/\/www.finsdesiecles-artdeco.com\/fr\/product\/petit-salon\/","title":{"rendered":"Petit salon trois pi\u00e8ces &#8211; Italie 1950"},"content":{"rendered":"<p><strong>Pier Luigi Colli<\/strong> (Turin, Italie, 1895-1968)<\/p>\n<p>Artiste et designer italien. Il \u00e9tudie \u00e0 l&rsquo;\u00c9cole des Arts D\u00e9coratifs de Paris et revient en Italie dans les ann\u00e9es 1920 pour diriger l&rsquo;entreprise de meubles de sa famille \u00e0 Turin, fond\u00e9e en 1850 et c\u00e9l\u00e8bre pour ses beaux tapis, tissus et luminaires. Ses conceptions ont jou\u00e9 un r\u00f4le important dans le d\u00e9veloppement du mouvement Art Nouveau du d\u00e9but du XXe si\u00e8cle. La plupart des pi\u00e8ces de Pier Luigi repr\u00e9sentent le style Art d\u00e9co parisien. Il a souvent utilis\u00e9 des mat\u00e9riaux combin\u00e9s comme le fer, le laiton, le verre et le bois. La soci\u00e9t\u00e9 Colli a \u00e9galement travaill\u00e9 avec des architectes et des designers comme Gio Ponti et Carlo Mollino. Ils ont travaill\u00e9 sur des projets d&rsquo;ameublement comme le grand hall de l&rsquo;Universit\u00e9 de Turin et la succursale de Turin de la Banque d&rsquo;Italie. \u00c0 la mort de Pier Luigi en 1968, sa fille Claudia lui succ\u00e8de jusqu&rsquo;\u00e0 la fermeture de l&rsquo;entreprise dans les ann\u00e9es 1980, rendant les meubles tr\u00e8s recherch\u00e9s.<\/p>\n","protected":false},"excerpt":{"rendered":"<p>Petit salon trois pi\u00e8ces en fer forg\u00e9 dor\u00e9 \u00e0 la feuille, tapisserie refaite \u00e0 neuf en satin noir.<br \/>\nDesign: Pier Luigi Colli.<\/p>\n<p>Italie vers 1950.<\/p>\n<p>&nbsp;<\/p>\n<p><strong>Dimensions<\/strong><\/p>\n<p><strong>cm Fauteuil<\/strong>\u00a0107 x 45 x 100 assise 45\u00a0 \u00a0<strong> Chaise <\/strong>47 x 44 x 100 assise 45<\/p>\n<p><strong>inches Fauteuil<\/strong>\u00a042.12x 17.71 x 39.37 assise 17.71\u00a0 \u00a0<strong> Chaise<\/strong> 18.5 x 17.32 x 39.37 assise 17.71<\/p>\n<p>&nbsp;<\/p>\n","protected":false},"featured_media":19329,"template":"","meta":{"_editorskit_title_hidden":false,"_editorskit_reading_time":0,"_editorskit_is_block_options_detached":false,"_editorskit_block_options_position":"{}","inline_featured_image":false},"product_brand":[],"product_cat":[250,251],"product_tag":[],"class_list":{"0":"post-19367","1":"product","2":"type-product","3":"status-publish","4":"has-post-thumbnail","6":"product_cat-sieges","7":"product_cat-fauteuils","9":"first","10":"instock","11":"shipping-taxable","12":"purchasable","13":"product-type-simple"},"_links":{"self":[{"href":"https:\/\/www.finsdesiecles-artdeco.com\/fr\/wp-json\/wp\/v2\/product\/19367","targetHints":{"allow":["GET"]}}],"collection":[{"href":"https:\/\/www.finsdesiecles-artdeco.com\/fr\/wp-json\/wp\/v2\/product"}],"about":[{"href":"https:\/\/www.finsdesiecles-artdeco.com\/fr\/wp-json\/wp\/v2\/types\/product"}],"wp:featuredmedia":[{"embeddable":true,"href":"https:\/\/www.finsdesiecles-artdeco.com\/fr\/wp-json\/wp\/v2\/media\/19329"}],"wp:attachment":[{"href":"https:\/\/www.finsdesiecles-artdeco.com\/fr\/wp-json\/wp\/v2\/media?parent=19367"}],"wp:term":[{"taxonomy":"product_brand","embeddable":true,"href":"https:\/\/www.finsdesiecles-artdeco.com\/fr\/wp-json\/wp\/v2\/product_brand?post=19367"},{"taxonomy":"product_cat","embeddable":true,"href":"https:\/\/www.finsdesiecles-artdeco.com\/fr\/wp-json\/wp\/v2\/product_cat?post=19367"},{"taxonomy":"product_tag","embeddable":true,"href":"https:\/\/www.finsdesiecles-artdeco.com\/fr\/wp-json\/wp\/v2\/product_tag?post=19367"}],"curies":[{"name":"wp","href":"https:\/\/api.w.org\/{rel}","templated":true}]}}

Petit salon trois pièces &#8211; Italie 1950

<p><strong>Pier Luigi Colli</strong> (Turin, Italie, 1895-1968)</p>
<p>Artiste et designer italien. Il étudie à l&rsquo;École des Arts Décoratifs de Paris et revient en Italie dans les années 1920 pour diriger l&rsquo;entreprise de meubles de sa famille à Turin, fondée en 1850 et célèbre pour ses beaux tapis, tissus et luminaires. Ses conceptions ont joué un rôle important dans le développement du mouvement Art Nouveau du début du XXe siècle. La plupart des pièces de Pier Luigi représentent le style Art déco parisien. Il a souvent utilisé des matériaux combinés comme le fer, le laiton, le verre et le bois. La société Colli a également travaillé avec des architectes et des designers comme Gio Ponti et Carlo Mollino. Ils ont travaillé sur des projets d&rsquo;ameublement comme le grand hall de l&rsquo;Université de Turin et la succursale de Turin de la Banque d&rsquo;Italie. À la mort de Pier Luigi en 1968, sa fille Claudia lui succède jusqu&rsquo;à la fermeture de l&rsquo;entreprise dans les années 1980, rendant les meubles très recherchés.</p>

<p>Petit salon trois pièces en fer forgé doré à la feuille, tapisserie refaite à neuf en satin noir.<br />
Design: Pier Luigi Colli.</p>
<p>Italie vers 1950.</p>
<p>&nbsp;</p>
<p><strong>Dimensions</strong></p>
<p><strong>cm Fauteuil</strong> 107 x 45 x 100 assise 45   <strong> Chaise </strong>47 x 44 x 100 assise 45</p>
<p><strong>inches Fauteuil</strong> 42.12x 17.71 x 39.37 assise 17.71   <strong> Chaise</strong> 18.5 x 17.32 x 39.37 assise 17.71</p>
<p>&nbsp;</p>
