{"id":1983,"date":"2011-01-01T00:00:00","date_gmt":"2011-01-01T00:00:00","guid":{"rendered":"https:\/\/www.finsdesiecles-artdeco.com\/?product=fauteuils"},"modified":"2022-08-15T10:31:11","modified_gmt":"2022-08-15T10:31:11","slug":"fauteuil-art-deco-france-1940","status":"publish","type":"product","link":"https:\/\/www.finsdesiecles-artdeco.com\/fr\/product\/fauteuil-art-deco-france-1940\/","title":{"rendered":"Fauteuil Art D\u00e9co &#8211; France 1940"},"content":{"rendered":"<p>Fauteuil Art D\u00e9co &#8211; France, 1940<\/p>\n<hr \/>\n<p><b>Dimensions<\/b><\/p>\n<ul>\n<li><b>cm:<\/b> 67 x 70 x 101<\/li>\n<li><b>inches:<\/b> 26.38 x 27.56 x 39.76<\/li>\n<\/ul>\n","protected":false},"excerpt":{"rendered":"<p>\u00c9l\u00e9gant fauteuil Art D\u00e9co \u00e0 haut dossier, boiseries vernies lie de vin, tapisserie cuir mastic.<\/p>\n<p>France c. 1940.<\/p>\n<p><b>Dimensions<\/b><\/p>\n<ul>\n<li><b>cm:<\/b> 67 x 70 x 101<\/li>\n<li><b>inches:<\/b> 26.38 x 27.56 x 39.76<\/li>\n<\/ul>\n","protected":false},"featured_media":1977,"template":"","meta":{"_editorskit_title_hidden":false,"_editorskit_reading_time":0,"_editorskit_is_block_options_detached":false,"_editorskit_block_options_position":"{}","inline_featured_image":false},"product_brand":[],"product_cat":[250,251],"product_tag":[],"class_list":{"0":"post-1983","1":"product","2":"type-product","3":"status-publish","4":"has-post-thumbnail","6":"product_cat-sieges","7":"product_cat-fauteuils","9":"first","10":"instock","11":"purchasable","12":"product-type-simple"},"_links":{"self":[{"href":"https:\/\/www.finsdesiecles-artdeco.com\/fr\/wp-json\/wp\/v2\/product\/1983","targetHints":{"allow":["GET"]}}],"collection":[{"href":"https:\/\/www.finsdesiecles-artdeco.com\/fr\/wp-json\/wp\/v2\/product"}],"about":[{"href":"https:\/\/www.finsdesiecles-artdeco.com\/fr\/wp-json\/wp\/v2\/types\/product"}],"wp:featuredmedia":[{"embeddable":true,"href":"https:\/\/www.finsdesiecles-artdeco.com\/fr\/wp-json\/wp\/v2\/media\/1977"}],"wp:attachment":[{"href":"https:\/\/www.finsdesiecles-artdeco.com\/fr\/wp-json\/wp\/v2\/media?parent=1983"}],"wp:term":[{"taxonomy":"product_brand","embeddable":true,"href":"https:\/\/www.finsdesiecles-artdeco.com\/fr\/wp-json\/wp\/v2\/product_brand?post=1983"},{"taxonomy":"product_cat","embeddable":true,"href":"https:\/\/www.finsdesiecles-artdeco.com\/fr\/wp-json\/wp\/v2\/product_cat?post=1983"},{"taxonomy":"product_tag","embeddable":true,"href":"https:\/\/www.finsdesiecles-artdeco.com\/fr\/wp-json\/wp\/v2\/product_tag?post=1983"}],"curies":[{"name":"wp","href":"https:\/\/api.w.org\/{rel}","templated":true}]}}

Fauteuil Art Déco &#8211; France 1940

<p>Fauteuil Art Déco &#8211; France, 1940</p>
<hr />
<p><b>Dimensions</b></p>
<ul>
<li><b>cm:</b> 67 x 70 x 101</li>
<li><b>inches:</b> 26.38 x 27.56 x 39.76</li>
</ul>

<p>Élégant fauteuil Art Déco à haut dossier, boiseries vernies lie de vin, tapisserie cuir mastic.</p>
<p>France c. 1940.</p>
<p><b>Dimensions</b></p>
<ul>
<li><b>cm:</b> 67 x 70 x 101</li>
<li><b>inches:</b> 26.38 x 27.56 x 39.76</li>
</ul>
