{"id":21112,"date":"2023-04-01T11:14:14","date_gmt":"2023-04-01T11:14:14","guid":{"rendered":"https:\/\/www.finsdesiecles-artdeco.com\/product\/chandelier-3\/"},"modified":"2023-04-01T11:17:20","modified_gmt":"2023-04-01T11:17:20","slug":"lustre-4","status":"publish","type":"product","link":"https:\/\/www.finsdesiecles-artdeco.com\/fr\/product\/lustre-4\/","title":{"rendered":"Lustre en m\u00e9tal &#8211; Espagne 1950-60"},"content":{"rendered":"<p>Lustre en m\u00e9tal &#8211; Espagne 1950-60<\/p>\n<p>&nbsp;<\/p>\n<p><strong>Dimensions<\/strong><\/p>\n<p><strong>cm<\/strong> Diam 90 x 115<\/p>\n<p><strong>inches<\/strong> Diam 35.43 x 45.27<\/p>\n","protected":false},"excerpt":{"rendered":"<p>Lustre en m\u00e9tal \u00e0 patine dor\u00e9e et d\u00e9cor v\u00e9g\u00e9tal, f\u00fbt conique, douze bras de lumi\u00e8re finissant par des coupelles recevant des cache-douilles type bougies. A r\u00e9\u00e9lectrifier.<\/p>\n<p>Espagne vers 1950-60<\/p>\n<p>&nbsp;<\/p>\n<p><strong>Dimensions<\/strong><\/p>\n<p><strong>cm<\/strong> Diam 90 x 115<\/p>\n<p><strong>inches<\/strong> Diam 35.43 x 45.27<\/p>\n<p>&nbsp;<\/p>\n","protected":false},"featured_media":21100,"template":"","meta":{"_editorskit_title_hidden":false,"_editorskit_reading_time":0,"_editorskit_is_block_options_detached":false,"_editorskit_block_options_position":"{}","inline_featured_image":false},"product_brand":[],"product_cat":[264,327],"product_tag":[],"class_list":{"0":"post-21112","1":"product","2":"type-product","3":"status-publish","4":"has-post-thumbnail","6":"product_cat-luminaires","7":"product_cat-lustres","9":"first","10":"instock","11":"shipping-taxable","12":"purchasable","13":"product-type-simple"},"_links":{"self":[{"href":"https:\/\/www.finsdesiecles-artdeco.com\/fr\/wp-json\/wp\/v2\/product\/21112","targetHints":{"allow":["GET"]}}],"collection":[{"href":"https:\/\/www.finsdesiecles-artdeco.com\/fr\/wp-json\/wp\/v2\/product"}],"about":[{"href":"https:\/\/www.finsdesiecles-artdeco.com\/fr\/wp-json\/wp\/v2\/types\/product"}],"wp:featuredmedia":[{"embeddable":true,"href":"https:\/\/www.finsdesiecles-artdeco.com\/fr\/wp-json\/wp\/v2\/media\/21100"}],"wp:attachment":[{"href":"https:\/\/www.finsdesiecles-artdeco.com\/fr\/wp-json\/wp\/v2\/media?parent=21112"}],"wp:term":[{"taxonomy":"product_brand","embeddable":true,"href":"https:\/\/www.finsdesiecles-artdeco.com\/fr\/wp-json\/wp\/v2\/product_brand?post=21112"},{"taxonomy":"product_cat","embeddable":true,"href":"https:\/\/www.finsdesiecles-artdeco.com\/fr\/wp-json\/wp\/v2\/product_cat?post=21112"},{"taxonomy":"product_tag","embeddable":true,"href":"https:\/\/www.finsdesiecles-artdeco.com\/fr\/wp-json\/wp\/v2\/product_tag?post=21112"}],"curies":[{"name":"wp","href":"https:\/\/api.w.org\/{rel}","templated":true}]}}

Lustre en métal &#8211; Espagne 1950-60

<p>Lustre en métal &#8211; Espagne 1950-60</p>
<p>&nbsp;</p>
<p><strong>Dimensions</strong></p>
<p><strong>cm</strong> Diam 90 x 115</p>
<p><strong>inches</strong> Diam 35.43 x 45.27</p>

<p>Lustre en métal à patine dorée et décor végétal, fût conique, douze bras de lumière finissant par des coupelles recevant des cache-douilles type bougies. A réélectrifier.</p>
<p>Espagne vers 1950-60</p>
<p>&nbsp;</p>
<p><strong>Dimensions</strong></p>
<p><strong>cm</strong> Diam 90 x 115</p>
<p><strong>inches</strong> Diam 35.43 x 45.27</p>
<p>&nbsp;</p>
