{"id":22500,"date":"2023-05-20T11:52:52","date_gmt":"2023-05-20T11:52:52","guid":{"rendered":"https:\/\/www.finsdesiecles-artdeco.com\/product\/bedside-tables-4\/"},"modified":"2023-05-20T11:55:04","modified_gmt":"2023-05-20T11:55:04","slug":"tables-de-nuit-3","status":"publish","type":"product","link":"https:\/\/www.finsdesiecles-artdeco.com\/fr\/product\/tables-de-nuit-3\/","title":{"rendered":"Paire de chevets &#8211; Italie 1950"},"content":{"rendered":"<p>Paire de chevets &#8211; Italie 1950<\/p>\n<p>&nbsp;<\/p>\n<p><strong>Dimensions<\/strong><\/p>\n<p><strong>cm<\/strong> 53,5 x 30 x 53,5<\/p>\n<p><strong>inches<\/strong> 21.06 x 11.81 x 21.06<\/p>\n","protected":false},"excerpt":{"rendered":"<p>Paire de chevets en \u00e9rable massif et placage d&rsquo;\u00e9rable avec tablette en verre partiellement argent\u00e9. Fa\u00e7ades des tiroirs \u00e0 motifs de \u00ab\u00a0grissini\u00a0\u00bb. Vernis au tampon.<\/p>\n<p>Italie vers 1950.<\/p>\n<p>&nbsp;<\/p>\n<p><strong>Dimensions<\/strong><\/p>\n<p><strong>cm<\/strong> 53,5 x 30 x 53,5<\/p>\n<p><strong>inches<\/strong> 21.06 x 11.81 x 21.06<\/p>\n","protected":false},"featured_media":22464,"template":"","meta":{"_editorskit_title_hidden":false,"_editorskit_reading_time":0,"_editorskit_is_block_options_detached":false,"_editorskit_block_options_position":"{}","inline_featured_image":false},"product_brand":[],"product_cat":[415,256,270,312],"product_tag":[],"class_list":{"0":"post-22500","1":"product","2":"type-product","3":"status-publish","4":"has-post-thumbnail","6":"product_cat-meubles-de-rangement","7":"product_cat-tables","8":"product_cat-chambres-a-coucher","9":"product_cat-tables-de-nuit","11":"first","12":"outofstock","13":"shipping-taxable","14":"product-type-simple"},"_links":{"self":[{"href":"https:\/\/www.finsdesiecles-artdeco.com\/fr\/wp-json\/wp\/v2\/product\/22500","targetHints":{"allow":["GET"]}}],"collection":[{"href":"https:\/\/www.finsdesiecles-artdeco.com\/fr\/wp-json\/wp\/v2\/product"}],"about":[{"href":"https:\/\/www.finsdesiecles-artdeco.com\/fr\/wp-json\/wp\/v2\/types\/product"}],"wp:featuredmedia":[{"embeddable":true,"href":"https:\/\/www.finsdesiecles-artdeco.com\/fr\/wp-json\/wp\/v2\/media\/22464"}],"wp:attachment":[{"href":"https:\/\/www.finsdesiecles-artdeco.com\/fr\/wp-json\/wp\/v2\/media?parent=22500"}],"wp:term":[{"taxonomy":"product_brand","embeddable":true,"href":"https:\/\/www.finsdesiecles-artdeco.com\/fr\/wp-json\/wp\/v2\/product_brand?post=22500"},{"taxonomy":"product_cat","embeddable":true,"href":"https:\/\/www.finsdesiecles-artdeco.com\/fr\/wp-json\/wp\/v2\/product_cat?post=22500"},{"taxonomy":"product_tag","embeddable":true,"href":"https:\/\/www.finsdesiecles-artdeco.com\/fr\/wp-json\/wp\/v2\/product_tag?post=22500"}],"curies":[{"name":"wp","href":"https:\/\/api.w.org\/{rel}","templated":true}]}}

<p>Paire de chevets en érable massif et placage d&rsquo;érable avec tablette en verre partiellement argenté. Façades des tiroirs à motifs de « grissini ». Vernis au tampon.</p>
<p>Italie vers 1950.</p>
<p>&nbsp;</p>
<p><strong>Dimensions</strong></p>
<p><strong>cm</strong> 53,5 x 30 x 53,5</p>
<p><strong>inches</strong> 21.06 x 11.81 x 21.06</p>
