{"id":23555,"date":"2023-06-29T14:19:13","date_gmt":"2023-06-29T14:19:13","guid":{"rendered":"https:\/\/www.finsdesiecles-artdeco.com\/product\/round-table-barcelona-1960\/"},"modified":"2023-07-05T10:00:29","modified_gmt":"2023-07-05T10:00:29","slug":"table-ronde","status":"publish","type":"product","link":"https:\/\/www.finsdesiecles-artdeco.com\/fr\/product\/table-ronde\/","title":{"rendered":"Table ronde &#8211; Barcelone 1960"},"content":{"rendered":"<p>Table ronde &#8211; Barcelone 1960<\/p>\n<p>&nbsp;<\/p>\n<p><strong>Dimensions<\/strong><\/p>\n<p><strong>cm<\/strong> Diam 110 x 74<\/p>\n<p><strong>inches<\/strong> Diam 43,3 x 29,13<\/p>\n","protected":false},"excerpt":{"rendered":"<p>Table ronde \u00e0 pied central en acier nickel\u00e9 et sabots laqu\u00e9s noir, plateau en bois massif plaqu\u00e9 de noyer. Tr\u00e8s belle qualit\u00e9.<\/p>\n<p>Barcelone, vers 1960.<\/p>\n<p>&nbsp;<\/p>\n<p><strong>Dimensions<\/strong><\/p>\n<p><strong>cm<\/strong> Diam 110 x 74<\/p>\n<p><strong>inches<\/strong> Diam 43,3 x 29,13<\/p>\n","protected":false},"featured_media":23540,"template":"","meta":{"_editorskit_title_hidden":false,"_editorskit_reading_time":0,"_editorskit_is_block_options_detached":false,"_editorskit_block_options_position":"{}","inline_featured_image":false},"product_brand":[],"product_cat":[256,288],"product_tag":[],"class_list":{"0":"post-23555","1":"product","2":"type-product","3":"status-publish","4":"has-post-thumbnail","6":"product_cat-tables","7":"product_cat-tables-de-salle-a-manger","9":"first","10":"instock","11":"shipping-taxable","12":"purchasable","13":"product-type-simple"},"_links":{"self":[{"href":"https:\/\/www.finsdesiecles-artdeco.com\/fr\/wp-json\/wp\/v2\/product\/23555","targetHints":{"allow":["GET"]}}],"collection":[{"href":"https:\/\/www.finsdesiecles-artdeco.com\/fr\/wp-json\/wp\/v2\/product"}],"about":[{"href":"https:\/\/www.finsdesiecles-artdeco.com\/fr\/wp-json\/wp\/v2\/types\/product"}],"wp:featuredmedia":[{"embeddable":true,"href":"https:\/\/www.finsdesiecles-artdeco.com\/fr\/wp-json\/wp\/v2\/media\/23540"}],"wp:attachment":[{"href":"https:\/\/www.finsdesiecles-artdeco.com\/fr\/wp-json\/wp\/v2\/media?parent=23555"}],"wp:term":[{"taxonomy":"product_brand","embeddable":true,"href":"https:\/\/www.finsdesiecles-artdeco.com\/fr\/wp-json\/wp\/v2\/product_brand?post=23555"},{"taxonomy":"product_cat","embeddable":true,"href":"https:\/\/www.finsdesiecles-artdeco.com\/fr\/wp-json\/wp\/v2\/product_cat?post=23555"},{"taxonomy":"product_tag","embeddable":true,"href":"https:\/\/www.finsdesiecles-artdeco.com\/fr\/wp-json\/wp\/v2\/product_tag?post=23555"}],"curies":[{"name":"wp","href":"https:\/\/api.w.org\/{rel}","templated":true}]}}

<p>Table ronde à pied central en acier nickelé et sabots laqués noir, plateau en bois massif plaqué de noyer. Très belle qualité.</p>
<p>Barcelone, vers 1960.</p>
<p>&nbsp;</p>
<p><strong>Dimensions</strong></p>
<p><strong>cm</strong> Diam 110 x 74</p>
<p><strong>inches</strong> Diam 43,3 x 29,13</p>
