{"id":23761,"date":"2023-06-30T16:43:15","date_gmt":"2023-06-30T16:43:15","guid":{"rendered":"https:\/\/www.finsdesiecles-artdeco.com\/product\/dining-table\/"},"modified":"2023-06-30T16:59:59","modified_gmt":"2023-06-30T16:59:59","slug":"table-3","status":"publish","type":"product","link":"https:\/\/www.finsdesiecles-artdeco.com\/fr\/product\/table-3\/","title":{"rendered":"Table ronde extensible &#8211; Barcelone 1970"},"content":{"rendered":"<p>Table ronde extensible &#8211; Barcelone 1970<\/p>\n<p>&nbsp;<\/p>\n<p><strong>Dimensions<\/strong><\/p>\n<p><strong>cm<\/strong> Diam 110 x 77, 5;\u00a0 avec extension 157 x 110 x 77,5<\/p>\n<p><strong>inches<\/strong> Diam 43,3 x 30,51;\u00a0 avec extension 61,81 x 43,3 x 30,51<\/p>\n","protected":false},"excerpt":{"rendered":"<p>Table ronde \u00e0 allonge papillon cach\u00e9e, pi\u00e8tement central en bois press\u00e9 plaqu\u00e9 de weng\u00e9 et bois massif courb\u00e9, ceinture de la table -renfermant le syst\u00e8me d&rsquo;allonge et l&rsquo;extension- en m\u00e9tal peint imitation bois et plaqu\u00e9e weng\u00e9 comme le plateau.<\/p>\n<p>\u00c9tiquette du fabricant: Rietti.<\/p>\n<p>Espagne, Barcelone vers 1970.<\/p>\n<p>&nbsp;<\/p>\n<p><strong>Dimensions<\/strong><\/p>\n<p><strong>cm<\/strong> Diam 110 x 77, 5;\u00a0 avec extension 157 x 110 x 77,5<\/p>\n<p><strong>inches<\/strong> Diam 43,3 x 30,51;\u00a0 avec extension 61,81 x 43,3 x 30,51<\/p>\n<p>&nbsp;<\/p>\n","protected":false},"featured_media":23737,"template":"","meta":{"_editorskit_title_hidden":false,"_editorskit_reading_time":0,"_editorskit_is_block_options_detached":false,"_editorskit_block_options_position":"{}","inline_featured_image":false},"product_brand":[],"product_cat":[256,288],"product_tag":[],"class_list":{"0":"post-23761","1":"product","2":"type-product","3":"status-publish","4":"has-post-thumbnail","6":"product_cat-tables","7":"product_cat-tables-de-salle-a-manger","9":"first","10":"instock","11":"shipping-taxable","12":"purchasable","13":"product-type-simple"},"_links":{"self":[{"href":"https:\/\/www.finsdesiecles-artdeco.com\/fr\/wp-json\/wp\/v2\/product\/23761","targetHints":{"allow":["GET"]}}],"collection":[{"href":"https:\/\/www.finsdesiecles-artdeco.com\/fr\/wp-json\/wp\/v2\/product"}],"about":[{"href":"https:\/\/www.finsdesiecles-artdeco.com\/fr\/wp-json\/wp\/v2\/types\/product"}],"wp:featuredmedia":[{"embeddable":true,"href":"https:\/\/www.finsdesiecles-artdeco.com\/fr\/wp-json\/wp\/v2\/media\/23737"}],"wp:attachment":[{"href":"https:\/\/www.finsdesiecles-artdeco.com\/fr\/wp-json\/wp\/v2\/media?parent=23761"}],"wp:term":[{"taxonomy":"product_brand","embeddable":true,"href":"https:\/\/www.finsdesiecles-artdeco.com\/fr\/wp-json\/wp\/v2\/product_brand?post=23761"},{"taxonomy":"product_cat","embeddable":true,"href":"https:\/\/www.finsdesiecles-artdeco.com\/fr\/wp-json\/wp\/v2\/product_cat?post=23761"},{"taxonomy":"product_tag","embeddable":true,"href":"https:\/\/www.finsdesiecles-artdeco.com\/fr\/wp-json\/wp\/v2\/product_tag?post=23761"}],"curies":[{"name":"wp","href":"https:\/\/api.w.org\/{rel}","templated":true}]}}

<p>Table ronde à allonge papillon cachée, piètement central en bois pressé plaqué de wengé et bois massif courbé, ceinture de la table -renfermant le système d&rsquo;allonge et l&rsquo;extension- en métal peint imitation bois et plaquée wengé comme le plateau.</p>
<p>Étiquette du fabricant: Rietti.</p>
<p>Espagne, Barcelone vers 1970.</p>
<p>&nbsp;</p>
<p><strong>Dimensions</strong></p>
<p><strong>cm</strong> Diam 110 x 77, 5;  avec extension 157 x 110 x 77,5</p>
<p><strong>inches</strong> Diam 43,3 x 30,51;  avec extension 61,81 x 43,3 x 30,51</p>
<p>&nbsp;</p>
