{"id":24469,"date":"2023-07-31T09:58:28","date_gmt":"2023-07-31T09:58:28","guid":{"rendered":"https:\/\/www.finsdesiecles-artdeco.com\/product\/wall-mirrors\/"},"modified":"2025-09-03T12:09:40","modified_gmt":"2025-09-03T12:09:40","slug":"miroirs-3","status":"publish","type":"product","link":"https:\/\/www.finsdesiecles-artdeco.com\/fr\/product\/miroirs-3\/","title":{"rendered":"S\u00e9rie de miroirs &#8211; Espagne 1960"},"content":{"rendered":"<p>S\u00e9rie de miroirs &#8211; Espagne 1960<\/p>\n<p>&nbsp;<\/p>\n<p><strong>Dimensions<\/strong><\/p>\n<p><strong>cm<\/strong> 57 x 3,5 x 73<\/p>\n<p><strong>inches<\/strong> 22.44 x 1.37 x 28.74<\/p>\n<p>&nbsp;<\/p>\n","protected":false},"excerpt":{"rendered":"<p>S\u00e9rie de miroirs \u00e0 encadrements en fer forg\u00e9 laqu\u00e9s de diff\u00e9rentes couleurs: orange, orange p\u00e2le et vert anis.<br \/>\nEspagne vers 1960.<\/p>\n<p>Prix \u200b\u200bpar unit\u00e9.<\/p>\n<p>Stock<\/p>\n<p>Vert 3 unit\u00e9s<\/p>\n<p>Orange 1 unit\u00e9<\/p>\n<p>Orange p\u00e2le 3 unit\u00e9s<\/p>\n<p>&nbsp;<\/p>\n<p>&nbsp;<\/p>\n<p><strong>Dimensions<\/strong><\/p>\n<p><strong>cm<\/strong> 57 x 3,5 x 73<\/p>\n<p><strong>inches<\/strong> 22.44 x 1.37 x 28.74<\/p>\n","protected":false},"featured_media":25043,"template":"","meta":{"_editorskit_title_hidden":false,"_editorskit_reading_time":0,"_editorskit_is_block_options_detached":false,"_editorskit_block_options_position":"{}","inline_featured_image":false},"product_brand":[],"product_cat":[454,342],"product_tag":[],"class_list":{"0":"post-24469","1":"product","2":"type-product","3":"status-publish","4":"has-post-thumbnail","6":"product_cat-miroirs-fr","7":"product_cat-miroirs","9":"first","10":"instock","11":"shipping-taxable","12":"purchasable","13":"product-type-simple"},"_links":{"self":[{"href":"https:\/\/www.finsdesiecles-artdeco.com\/fr\/wp-json\/wp\/v2\/product\/24469","targetHints":{"allow":["GET"]}}],"collection":[{"href":"https:\/\/www.finsdesiecles-artdeco.com\/fr\/wp-json\/wp\/v2\/product"}],"about":[{"href":"https:\/\/www.finsdesiecles-artdeco.com\/fr\/wp-json\/wp\/v2\/types\/product"}],"wp:featuredmedia":[{"embeddable":true,"href":"https:\/\/www.finsdesiecles-artdeco.com\/fr\/wp-json\/wp\/v2\/media\/25043"}],"wp:attachment":[{"href":"https:\/\/www.finsdesiecles-artdeco.com\/fr\/wp-json\/wp\/v2\/media?parent=24469"}],"wp:term":[{"taxonomy":"product_brand","embeddable":true,"href":"https:\/\/www.finsdesiecles-artdeco.com\/fr\/wp-json\/wp\/v2\/product_brand?post=24469"},{"taxonomy":"product_cat","embeddable":true,"href":"https:\/\/www.finsdesiecles-artdeco.com\/fr\/wp-json\/wp\/v2\/product_cat?post=24469"},{"taxonomy":"product_tag","embeddable":true,"href":"https:\/\/www.finsdesiecles-artdeco.com\/fr\/wp-json\/wp\/v2\/product_tag?post=24469"}],"curies":[{"name":"wp","href":"https:\/\/api.w.org\/{rel}","templated":true}]}}

Série de miroirs &#8211; Espagne 1960

<p>Série de miroirs &#8211; Espagne 1960</p>
<p>&nbsp;</p>
<p><strong>Dimensions</strong></p>
<p><strong>cm</strong> 57 x 3,5 x 73</p>
<p><strong>inches</strong> 22.44 x 1.37 x 28.74</p>
<p>&nbsp;</p>

<p>Série de miroirs à encadrements en fer forgé laqués de différentes couleurs: orange, orange pâle et vert anis.<br />
Espagne vers 1960.</p>
<p>Prix ​​par unité.</p>
<p>Stock</p>
<p>Vert 3 unités</p>
<p>Orange 1 unité</p>
<p>Orange pâle 3 unités</p>
<p>&nbsp;</p>
<p>&nbsp;</p>
<p><strong>Dimensions</strong></p>
<p><strong>cm</strong> 57 x 3,5 x 73</p>
<p><strong>inches</strong> 22.44 x 1.37 x 28.74</p>
